{"id":8421,"date":"2017-02-03T10:32:12","date_gmt":"2017-02-03T10:32:12","guid":{"rendered":"https:\/\/nordichouse.is\/event\/thjodaroryggisrad-ny-vidhorf-utanrikismalum\/"},"modified":"2017-02-07T10:00:17","modified_gmt":"2017-02-07T10:00:17","slug":"thjodaroryggisrad-ny-vidhorf-utanrikismalum","status":"publish","type":"event","link":"https:\/\/nordichouse.is\/en\/event\/thjodaroryggisrad-ny-vidhorf-utanrikismalum\/","title":{"rendered":"National Security \u2013  new perspectives in foreign policy"},"content":{"rendered":"<h1 style=\"text-align: center;\">National Security \u2013<\/h1>\n<h1 style=\"text-align: center;\">new perspectives in foreign policy<\/h1>\n<p>Livestrem (In Icelandic).<\/p>\n<p><iframe id=\"ls_embed_1486461298\" data-src=\"https:\/\/livestream.com\/accounts\/14889744\/events\/6982328\/player?width=640&amp;height=360&amp;enableInfoAndActivity=true&amp;defaultDrawer=&amp;autoPlay=true&amp;mute=false\" width=\"640\" height=\"360\" frameborder=\"0\" scrolling=\"no\" allowfullscreen=\"allowfullscreen\" src=\"data:image\/svg+xml;base64,PHN2ZyB3aWR0aD0iMSIgaGVpZ2h0PSIxIiB4bWxucz0iaHR0cDovL3d3dy53My5vcmcvMjAwMC9zdmciPjwvc3ZnPg==\" class=\"lazyload\" data-load-mode=\"1\"> <\/iframe><script type=\"text\/javascript\" data-embed_id=\"ls_embed_1486461298\" src=\"https:\/\/livestream.com\/assets\/plugins\/referrer_tracking.js\"><\/script><\/p>\n<h3>Bjarni Benediktsson prime minister will give a speech and answer questions in a meeting with Var\u00f0berg at The Nordic House, Thursday February 9th at 12:00.<\/h3>\n<p>Language: Icelandic.<\/p>\n<p>Unni\u00f0 er a\u00f0 \u00fev\u00ed a\u00f0 setja \u00e1 laggirnar \u00fej\u00f3\u00f0ar\u00f6ryggisr\u00e1\u00f0 undir formennsku fors\u00e6tisr\u00e1\u00f0herra \u00ed samr\u00e6mi vi\u00f0 l\u00f6g sem sam\u00feykkt voru \u00ed fyrra. R\u00e1\u00f0herrann hefur ekki r\u00e6tt opinberlega um framkv\u00e6md laganna fyrr en n\u00fa \u00e1 fundi Var\u00f0bergs. Me\u00f0 \u00e1kv\u00f6r\u00f0un Breta um \u00fars\u00f6gn \u00far Evr\u00f3pusambandinu og emb\u00e6ttist\u00f6ku Donalds Trumps Bandar\u00edkjaforseta hafa skapast n\u00fd vi\u00f0horf \u00ed utanr\u00edkism\u00e1lum sem snerta hagsmuni \u00cdslendinga eins og annarra \u00fej\u00f3\u00f0a.<\/p>\n<p><img decoding=\"async\" class=\"alignnone size-full wp-image-8418 lazyload\" data-src=\"https:\/\/nordichouse.is\/wp-content\/uploads\/2017\/02\/Var\u00f0berg-banner.png\" alt=\"\" width=\"600\" height=\"149\" src=\"data:image\/svg+xml;base64,PHN2ZyB3aWR0aD0iMSIgaGVpZ2h0PSIxIiB4bWxucz0iaHR0cDovL3d3dy53My5vcmcvMjAwMC9zdmciPjwvc3ZnPg==\" style=\"--smush-placeholder-width: 600px; --smush-placeholder-aspect-ratio: 600\/149;\" \/><\/p>\n","protected":false},"excerpt":{"rendered":"<p>National Security \u2013 new perspectives in foreign policy Livestrem (In Icelandic). Bjarni Benediktsson prime minister will give a speech and answer questions in a meeting with Var\u00f0berg at The Nordic House, Thursday February 9th at 12:00. Language: Icelandic. Unni\u00f0 er a\u00f0 \u00fev\u00ed a\u00f0 setja \u00e1 laggirnar \u00fej\u00f3\u00f0ar\u00f6ryggisr\u00e1\u00f0 undir formennsku fors\u00e6tisr\u00e1\u00f0herra \u00ed samr\u00e6mi vi\u00f0 l\u00f6g sem [&hellip;]<\/p>\n","protected":false},"featured_media":8419,"template":"","event-categories":[7,92],"class_list":["post-8421","event","type-event","status-publish","has-post-thumbnail","hentry","event-categories-lecture","event-categories-livestream-en","has-banner-image"],"acf":[],"_links":{"self":[{"href":"https:\/\/nordichouse.is\/en\/wp-json\/wp\/v2\/event\/8421","targetHints":{"allow":["GET"]}}],"collection":[{"href":"https:\/\/nordichouse.is\/en\/wp-json\/wp\/v2\/event"}],"about":[{"href":"https:\/\/nordichouse.is\/en\/wp-json\/wp\/v2\/types\/event"}],"wp:featuredmedia":[{"embeddable":true,"href":"https:\/\/nordichouse.is\/en\/wp-json\/wp\/v2\/media\/8419"}],"wp:attachment":[{"href":"https:\/\/nordichouse.is\/en\/wp-json\/wp\/v2\/media?parent=8421"}],"wp:term":[{"taxonomy":"event-categories","embeddable":true,"href":"https:\/\/nordichouse.is\/en\/wp-json\/wp\/v2\/event-categories?post=8421"}],"curies":[{"name":"wp","href":"https:\/\/api.w.org\/{rel}","templated":true}]}}

<h1 style="text-align: center;">National Security –</h1>
<h1 style="text-align: center;">new perspectives in foreign policy</h1>
<p>Livestrem (In Icelandic).</p>
<p><iframe id="ls_embed_1486461298" data-src="https://livestream.com/accounts/14889744/events/6982328/player?width=640&amp;height=360&amp;enableInfoAndActivity=true&amp;defaultDrawer=&amp;autoPlay=true&amp;mute=false" width="640" height="360" frameborder="0" scrolling="no" allowfullscreen="allowfullscreen" src="data:image/svg+xml;base64,PHN2ZyB3aWR0aD0iMSIgaGVpZ2h0PSIxIiB4bWxucz0iaHR0cDovL3d3dy53My5vcmcvMjAwMC9zdmciPjwvc3ZnPg==" class="lazyload" data-load-mode="1"> </iframe><script type="text/javascript" data-embed_id="ls_embed_1486461298" src="https://livestream.com/assets/plugins/referrer_tracking.js"></script></p>
<h3>Bjarni Benediktsson prime minister will give a speech and answer questions in a meeting with Varðberg at The Nordic House, Thursday February 9th at 12:00.</h3>
<p>Language: Icelandic.</p>
<p>Unnið er að því að setja á laggirnar þjóðaröryggisráð undir formennsku forsætisráðherra í samræmi við lög sem samþykkt voru í fyrra. Ráðherrann hefur ekki rætt opinberlega um framkvæmd laganna fyrr en nú á fundi Varðbergs. Með ákvörðun Breta um úrsögn úr Evrópusambandinu og embættistöku Donalds Trumps Bandaríkjaforseta hafa skapast ný viðhorf í utanríkismálum sem snerta hagsmuni Íslendinga eins og annarra þjóða.</p>
<p><img decoding="async" class="alignnone size-full wp-image-8418 lazyload" data-src="https://nordichouse.is/wp-content/uploads/2017/02/Varðberg-banner.png" alt="" width="600" height="149" src="data:image/svg+xml;base64,PHN2ZyB3aWR0aD0iMSIgaGVpZ2h0PSIxIiB4bWxucz0iaHR0cDovL3d3dy53My5vcmcvMjAwMC9zdmciPjwvc3ZnPg==" style="--smush-placeholder-width: 600px; --smush-placeholder-aspect-ratio: 600/149;" /></p>

<p>National Security – new perspectives in foreign policy Livestrem (In Icelandic). Bjarni Benediktsson prime minister will give a speech and answer questions in a meeting with Varðberg at The Nordic House, Thursday February 9th at 12:00. Language: Icelandic. Unnið er að því að setja á laggirnar þjóðaröryggisráð undir formennsku forsætisráðherra í samræmi við lög sem [&hellip;]</p>
