{"id":64616,"date":"2026-04-29T12:10:57","date_gmt":"2026-04-29T12:10:57","guid":{"rendered":"https:\/\/nordichouse.is\/?post_type=event&#038;p=64616"},"modified":"2026-04-29T13:14:11","modified_gmt":"2026-04-29T13:14:11","slug":"polse-poesi-2026","status":"publish","type":"event","link":"https:\/\/nordichouse.is\/en\/event\/polse-poesi-2026\/","title":{"rendered":"P\u00f8lse&#038;Poesi"},"content":{"rendered":"<h4><strong>Welcome to this year&#8217;s P\u00f8lse&amp;Poesi! <\/strong><\/h4>\n<p><span data-contrast=\"auto\">This year we will have visitors from Sweden and a few poets, who participated in The Nordic House\u00b4s writing course as a warm-up number. As usual, there will be hot dogs, drinks, mingling and readings. The theme is soil\/membrane and is linked to the exhibition in Hvelfing.<strong> Everyone is welcome and the readings will be in Icelandic, Swedish and Norwegian.<\/strong><\/span><strong>\u00a0<\/strong><\/p>\n<p><span data-contrast=\"auto\"><em><br \/>\nWarm-up poets:<br \/>\n<\/em><br \/>\n<strong>S\u00f3ld\u00eds, Embla og Marta<\/strong><\/span><strong>\u00a0<\/strong><\/p>\n<p><em>Guest poets:\u00a0<\/em><\/p>\n<p><b><span data-contrast=\"none\">Anna Hallberg<\/span><\/b><span data-contrast=\"none\"> was born in 1975 and made her debut in 2001 with the poetry collection <\/span><i><span data-contrast=\"none\">Friktion. <\/span><\/i><span data-contrast=\"none\">She has won several prizes and been nominated for even more. <\/span><i><span data-contrast=\"none\">AN<\/span><\/i><span data-contrast=\"none\"> is her tenth poetry collection, and it is the third time she has been nominated for the Nordic Council Literature Prize having previously been nominated for the poetry collections <\/span><i><span data-contrast=\"none\">Colosseum Kolosseum <\/span><\/i><span data-contrast=\"none\">(2010), and <\/span><i><span data-contrast=\"none\">P\u00e5 era platser <\/span><\/i><span data-contrast=\"none\">(2004). In addition to her lyrical writing, for many years she has been an influential and respected literary critic and lyric debater among the Swedish public.\u00a0<\/span><span data-ccp-props=\"{&quot;134233117&quot;:false,&quot;134233118&quot;:false,&quot;335557856&quot;:16448250,&quot;335559738&quot;:0,&quot;335559739&quot;:75}\">\u00a0<\/span><\/p>\n<p><b><span data-contrast=\"none\">Sigurbj\u00f6rg \u00derastard\u00f3ttir <\/span><\/b><span data-contrast=\"none\">was born in 1973. Her first book, the poetry collection Bl\u00e1logaland, was published in 1999, but she has since published several more poetry collections, plays and prose works. Sigurbj\u00f6rg has received several awards for her work, including the poetry collection <\/span><i><span data-contrast=\"none\">Blysfarir<\/span><\/i><span data-contrast=\"none\">, which received the Fj\u00f6ruver\u00f0launin in 2008 and was nominated for the Nordic Council Literature Prize. The poetry book <\/span><i><span data-contrast=\"none\">Br\u00fa\u00f0ur<\/span><\/i><span data-contrast=\"none\">was also nominated for the DV Cultural Award 2010. Sigurbj\u00f6rg&#8217;s poems have been translated into numerous languages in connection with literary conferences, poetry festivals and the publication of anthologies across Europe.\u00a0<\/span><span data-ccp-props=\"{&quot;134233117&quot;:false,&quot;134233118&quot;:false,&quot;335557856&quot;:16448250,&quot;335559738&quot;:0,&quot;335559739&quot;:75}\">\u00a0<\/span><\/p>\n<p><b><span data-contrast=\"auto\">J\u00f6rgen Gassilewski <\/span><\/b><span data-contrast=\"auto\">born 1961, is a trained visual artist, but is also active as a poet, novelist, critic, translator and cultural journalist. He debuted with the poetry collection <\/span><i><span data-contrast=\"auto\">Du<\/span><\/i><span data-contrast=\"auto\"> in 1987. Gassilewski has been nominated for the August Prize and in 2021 he received the Erik Lindegren Prize. In 2011, a collected edition of Gassilewski&#8217;s poetry, <\/span><i><span data-contrast=\"auto\">Hittills samlad poesi 1983\u20132009<\/span><\/i><span data-contrast=\"auto\">, was published. He has contributed to P1&#8217;s Lyrikmagasinet and served on the editorial board of the poetry magazine OEI. He also teaches and holds writing courses.<\/span><span data-ccp-props=\"{}\">\u00a0<\/span><\/p>\n<p><b><span data-contrast=\"none\">S\u00f6lvi Halld\u00f3rsson <\/span><\/b><span data-contrast=\"none\">was born in 1999 and was raised in Akureyri. He holds a BA in Icelandic and Danish from the University of Iceland\u00a0 and a MA in Creative Writing from the same university. S\u00f6lvi published the poetry collection <\/span><i><span data-contrast=\"none\">\u00deegar vi\u00f0 vorum hellisb\u00faar<\/span><\/i><span data-contrast=\"none\">\u00a0 a couple of years ago. He has written literary reviews for the radio programme V\u00ed\u00f0sj\u00e1 and published poetry in the Pastel series and various anthologies, most recently Munnbita \u00c1starsoguf\u00e9lagins. S\u00f6lvi lives in Reykjav\u00edk and is a member of the poetry collective M\u00daKK.\u00a0<\/span><span data-ccp-props=\"{}\">\u00a0<\/span><\/p>\n<p>Read more about the<a href=\"https:\/\/nordichouse.is\/wp-content\/uploads\/2025\/07\/Accessibility-guide-_-Nordic-house.pdf\">\u00a0accessibility here.\u00a0<\/a><\/p>\n","protected":false},"excerpt":{"rendered":"<p>Welcome to this year&#8217;s P\u00f8lse&amp;Poesi! This year we will have visitors from Sweden and a few poets, who participated in The Nordic House\u00b4s writing course as a warm-up number. As usual, there will be hot dogs, drinks, mingling and readings. The theme is soil\/membrane and is linked to the exhibition in Hvelfing. Everyone is welcome [&hellip;]<\/p>\n","protected":false},"featured_media":64617,"template":"","event-categories":[60],"class_list":["post-64616","event","type-event","status-publish","has-post-thumbnail","hentry","event-categories-all-events","no-banner-image"],"acf":[],"_links":{"self":[{"href":"https:\/\/nordichouse.is\/en\/wp-json\/wp\/v2\/event\/64616","targetHints":{"allow":["GET"]}}],"collection":[{"href":"https:\/\/nordichouse.is\/en\/wp-json\/wp\/v2\/event"}],"about":[{"href":"https:\/\/nordichouse.is\/en\/wp-json\/wp\/v2\/types\/event"}],"wp:featuredmedia":[{"embeddable":true,"href":"https:\/\/nordichouse.is\/en\/wp-json\/wp\/v2\/media\/64617"}],"wp:attachment":[{"href":"https:\/\/nordichouse.is\/en\/wp-json\/wp\/v2\/media?parent=64616"}],"wp:term":[{"taxonomy":"event-categories","embeddable":true,"href":"https:\/\/nordichouse.is\/en\/wp-json\/wp\/v2\/event-categories?post=64616"}],"curies":[{"name":"wp","href":"https:\/\/api.w.org\/{rel}","templated":true}]}}

Pølse&#038;Poesi

<h4><strong>Welcome to this year&#8217;s Pølse&amp;Poesi! </strong></h4>
<p><span data-contrast="auto">This year we will have visitors from Sweden and a few poets, who participated in The Nordic House´s writing course as a warm-up number. As usual, there will be hot dogs, drinks, mingling and readings. The theme is soil/membrane and is linked to the exhibition in Hvelfing.<strong> Everyone is welcome and the readings will be in Icelandic, Swedish and Norwegian.</strong></span><strong> </strong></p>
<p><span data-contrast="auto"><em><br />
Warm-up poets:<br />
</em><br />
<strong>Sóldís, Embla og Marta</strong></span><strong> </strong></p>
<p><em>Guest poets: </em></p>
<p><b><span data-contrast="none">Anna Hallberg</span></b><span data-contrast="none"> was born in 1975 and made her debut in 2001 with the poetry collection </span><i><span data-contrast="none">Friktion. </span></i><span data-contrast="none">She has won several prizes and been nominated for even more. </span><i><span data-contrast="none">AN</span></i><span data-contrast="none"> is her tenth poetry collection, and it is the third time she has been nominated for the Nordic Council Literature Prize having previously been nominated for the poetry collections </span><i><span data-contrast="none">Colosseum Kolosseum </span></i><span data-contrast="none">(2010), and </span><i><span data-contrast="none">På era platser </span></i><span data-contrast="none">(2004). In addition to her lyrical writing, for many years she has been an influential and respected literary critic and lyric debater among the Swedish public. </span><span data-ccp-props="{&quot;134233117&quot;:false,&quot;134233118&quot;:false,&quot;335557856&quot;:16448250,&quot;335559738&quot;:0,&quot;335559739&quot;:75}"> </span></p>
<p><b><span data-contrast="none">Sigurbjörg Þrastardóttir </span></b><span data-contrast="none">was born in 1973. Her first book, the poetry collection Blálogaland, was published in 1999, but she has since published several more poetry collections, plays and prose works. Sigurbjörg has received several awards for her work, including the poetry collection </span><i><span data-contrast="none">Blysfarir</span></i><span data-contrast="none">, which received the Fjöruverðlaunin in 2008 and was nominated for the Nordic Council Literature Prize. The poetry book </span><i><span data-contrast="none">Brúður</span></i><span data-contrast="none">was also nominated for the DV Cultural Award 2010. Sigurbjörg&#8217;s poems have been translated into numerous languages in connection with literary conferences, poetry festivals and the publication of anthologies across Europe. </span><span data-ccp-props="{&quot;134233117&quot;:false,&quot;134233118&quot;:false,&quot;335557856&quot;:16448250,&quot;335559738&quot;:0,&quot;335559739&quot;:75}"> </span></p>
<p><b><span data-contrast="auto">Jörgen Gassilewski </span></b><span data-contrast="auto">born 1961, is a trained visual artist, but is also active as a poet, novelist, critic, translator and cultural journalist. He debuted with the poetry collection </span><i><span data-contrast="auto">Du</span></i><span data-contrast="auto"> in 1987. Gassilewski has been nominated for the August Prize and in 2021 he received the Erik Lindegren Prize. In 2011, a collected edition of Gassilewski&#8217;s poetry, </span><i><span data-contrast="auto">Hittills samlad poesi 1983–2009</span></i><span data-contrast="auto">, was published. He has contributed to P1&#8217;s Lyrikmagasinet and served on the editorial board of the poetry magazine OEI. He also teaches and holds writing courses.</span><span data-ccp-props="{}"> </span></p>
<p><b><span data-contrast="none">Sölvi Halldórsson </span></b><span data-contrast="none">was born in 1999 and was raised in Akureyri. He holds a BA in Icelandic and Danish from the University of Iceland  and a MA in Creative Writing from the same university. Sölvi published the poetry collection </span><i><span data-contrast="none">Þegar við vorum hellisbúar</span></i><span data-contrast="none">  a couple of years ago. He has written literary reviews for the radio programme Víðsjá and published poetry in the Pastel series and various anthologies, most recently Munnbita Ástarsogufélagins. Sölvi lives in Reykjavík and is a member of the poetry collective MÚKK. </span><span data-ccp-props="{}"> </span></p>
<p>Read more about the<a href="https://nordichouse.is/wp-content/uploads/2025/07/Accessibility-guide-_-Nordic-house.pdf"> accessibility here. </a></p>

<p>Welcome to this year&#8217;s Pølse&amp;Poesi! This year we will have visitors from Sweden and a few poets, who participated in The Nordic House´s writing course as a warm-up number. As usual, there will be hot dogs, drinks, mingling and readings. The theme is soil/membrane and is linked to the exhibition in Hvelfing. Everyone is welcome [&hellip;]</p>
