{"id":60365,"date":"2025-03-05T14:13:45","date_gmt":"2025-03-05T14:13:45","guid":{"rendered":"https:\/\/nordichouse.is\/?post_type=event&#038;p=60365"},"modified":"2025-03-05T14:24:02","modified_gmt":"2025-03-05T14:24:02","slug":"visual-arts-day","status":"publish","type":"event","link":"https:\/\/nordichouse.is\/en\/event\/visual-arts-day\/","title":{"rendered":"Visual Arts Day"},"content":{"rendered":"<p>The yearly <a href=\"https:\/\/www.kbub.dk\/billedkunstens-dag\/\">Visual Art Day or<\/a> Billedkunstens Dag will take place this year on the 12<sup>th<\/sup> of March. The day is meant to place focus on different artforms and create awareness of children\u00b4s and young people\u2019s artwork as well as ambitious art teaching happening within various schools and institutions in the Nordics. To celebrate the day the Nordic house becomes a venue for an art installation made by six- and seven-year-old students of Vesturb\u00e6jarsk\u00f3li. They have been learning about the ocean and sea life and in a creative workshop after school in Sk\u00fdjaborgir they have worked further with the theme under the guidance of artist and art teacher Solveg P\u00e1lsd\u00f3ttir. The material made for this installation is all reused \u2013 placing attention to environmentally friendly solution and the fact that craft materials often become waste that ends up in the ocean.<\/p>\n<p>The Nordic House has good access to most of the building\u2019s spaces. There is a wheelchair ramp that leads up to the house and inside the house there is an elevator that goes down to the exhibition space Hvelfing. Unfortunately, there are only stairs down to the children\u2019s library from the library itself, but for wheelchairs it is accessible from Hvelfing.\u00a0It is our agenda to improve accessibility for all in our nearest future. We warmly welcome all comments and suggestions<\/p>\n","protected":false},"excerpt":{"rendered":"<p>The yearly Visual Art Day or Billedkunstens Dag will take place this year on the 12th of March. The day is meant to place focus on different artforms and create awareness of children\u00b4s and young people\u2019s artwork as well as ambitious art teaching happening within various schools and institutions in the Nordics. To celebrate the [&hellip;]<\/p>\n","protected":false},"featured_media":60361,"template":"","event-categories":[60],"class_list":["post-60365","event","type-event","status-publish","has-post-thumbnail","hentry","event-categories-all-events","no-banner-image"],"acf":[],"_links":{"self":[{"href":"https:\/\/nordichouse.is\/en\/wp-json\/wp\/v2\/event\/60365","targetHints":{"allow":["GET"]}}],"collection":[{"href":"https:\/\/nordichouse.is\/en\/wp-json\/wp\/v2\/event"}],"about":[{"href":"https:\/\/nordichouse.is\/en\/wp-json\/wp\/v2\/types\/event"}],"wp:featuredmedia":[{"embeddable":true,"href":"https:\/\/nordichouse.is\/en\/wp-json\/wp\/v2\/media\/60361"}],"wp:attachment":[{"href":"https:\/\/nordichouse.is\/en\/wp-json\/wp\/v2\/media?parent=60365"}],"wp:term":[{"taxonomy":"event-categories","embeddable":true,"href":"https:\/\/nordichouse.is\/en\/wp-json\/wp\/v2\/event-categories?post=60365"}],"curies":[{"name":"wp","href":"https:\/\/api.w.org\/{rel}","templated":true}]}}

<p>The yearly <a href="https://www.kbub.dk/billedkunstens-dag/">Visual Art Day or</a> Billedkunstens Dag will take place this year on the 12<sup>th</sup> of March. The day is meant to place focus on different artforms and create awareness of children´s and young people’s artwork as well as ambitious art teaching happening within various schools and institutions in the Nordics. To celebrate the day the Nordic house becomes a venue for an art installation made by six- and seven-year-old students of Vesturbæjarskóli. They have been learning about the ocean and sea life and in a creative workshop after school in Skýjaborgir they have worked further with the theme under the guidance of artist and art teacher Solveg Pálsdóttir. The material made for this installation is all reused – placing attention to environmentally friendly solution and the fact that craft materials often become waste that ends up in the ocean.</p>
<p>The Nordic House has good access to most of the building’s spaces. There is a wheelchair ramp that leads up to the house and inside the house there is an elevator that goes down to the exhibition space Hvelfing. Unfortunately, there are only stairs down to the children’s library from the library itself, but for wheelchairs it is accessible from Hvelfing. It is our agenda to improve accessibility for all in our nearest future. We warmly welcome all comments and suggestions</p>
