{"id":53868,"date":"2022-10-11T11:50:41","date_gmt":"2022-10-11T11:50:41","guid":{"rendered":"https:\/\/nordichouse.is\/?post_type=event&#038;p=53868"},"modified":"2022-10-13T12:11:07","modified_gmt":"2022-10-13T12:11:07","slug":"the-father-figure-in-childrens-literature","status":"publish","type":"event","link":"https:\/\/nordichouse.is\/en\/event\/the-father-figure-in-childrens-literature\/","title":{"rendered":"The Father Figure in Children&#8217;s Literature"},"content":{"rendered":"<p><strong>*<\/strong>The event will be in English<\/p>\n<h4>Where is dad? When Gunilla Bergstr\u00f6m stories about Alfie Atkins and his single dad were published in 1972, they depicted a different father figure, who was more present and broke with the 70\u2019s gender roles. Here, dad was the primary and only caregiver in the child\u2019s life. As a part of Fathers day the 13<sup>th<\/sup> of November and the Nordic House\u2019s new exhibition in the children\u2019s library <strong>Congratulations Alfie Atkins! <\/strong>we are also celebrating Alfie\u2019s dad.<\/h4>\n<p>Through a panel discussion we will have a conversation about him and other amazing, caricatured, diverse, comical and absent portraits of fathers in children&#8217;s literature. The role of the father has especially undergone major transformations in children\u2019s literature over the last half century. The participants will discuss their perspectives on the father role, including changes, shortcomings and stereotypes both from a professional and personal point of view as fathers.<\/p>\n<p><b><strong>Moderator:<\/strong> Camilla Ringkj\u00f8bing Jensen (DA), cand.mag in Children\u2019s Literature, Media and Culture and intern at\u00a0The Nordic House.<\/b><\/p>\n<p>Panelists:<\/p>\n<p><strong>Bj\u00f6rn Gr\u00e9tar Baldursson<\/strong><strong>\/Pabbal\u00edfi<\/strong><em><strong>\u00f0<\/strong><\/em><strong>\u00a0(IS) <\/strong>is an air traffic controller in Akureyri that shares a home with two kids (who are the ages 2 and 5 years old) and his wife, Jenn\u00fd L\u00e1ra Arn\u00f3rsd\u00f3ttir. He has a social media account Pabbal\u00edfi\u00f0 which is an honest portrait\u00a0of a dad who is trying to be better for himself, for his kids and wife.<\/p>\n<p><strong> <img decoding=\"async\" class=\"alignnone wp-image-54066 lazyload\" data-src=\"https:\/\/nordichouse.is\/wp-content\/uploads\/2022\/10\/bjo\u0308rn.jpg\" alt=\"\" width=\"250\" height=\"250\" data-srcset=\"https:\/\/nordichouse.is\/wp-content\/uploads\/2022\/10\/bjo\u0308rn.jpg 450w, https:\/\/nordichouse.is\/wp-content\/uploads\/2022\/10\/bjo\u0308rn-400x400.jpg 400w\" data-sizes=\"(max-width: 250px) 100vw, 250px\" src=\"data:image\/svg+xml;base64,PHN2ZyB3aWR0aD0iMSIgaGVpZ2h0PSIxIiB4bWxucz0iaHR0cDovL3d3dy53My5vcmcvMjAwMC9zdmciPjwvc3ZnPg==\" style=\"--smush-placeholder-width: 250px; --smush-placeholder-aspect-ratio: 250\/250;\" \/><\/strong><\/p>\n<p>&nbsp;<\/p>\n<p><strong>Sverrir Norland (IS) <\/strong>is the author of critically-acclaimed essays and novels. He is also a translator, publisher, TV book critic and radio host, and one of Iceland\u2019s most recognized public intellectuals. His latest book is \u201cStr\u00ed\u00f0 og Kli\u00f0ur\u201d (War &amp; Noise), a personal essay on nature, technology, and the human imagination.<\/p>\n<p><img decoding=\"async\" class=\"alignnone wp-image-54070 lazyload\" data-src=\"https:\/\/nordichouse.is\/wp-content\/uploads\/2022\/10\/sverrir-640x427.jpg\" alt=\"\" width=\"378\" height=\"252\" data-srcset=\"https:\/\/nordichouse.is\/wp-content\/uploads\/2022\/10\/sverrir-640x427.jpg 640w, https:\/\/nordichouse.is\/wp-content\/uploads\/2022\/10\/sverrir-768x512.jpg 768w, https:\/\/nordichouse.is\/wp-content\/uploads\/2022\/10\/sverrir.jpg 825w\" data-sizes=\"(max-width: 378px) 100vw, 378px\" src=\"data:image\/svg+xml;base64,PHN2ZyB3aWR0aD0iMSIgaGVpZ2h0PSIxIiB4bWxucz0iaHR0cDovL3d3dy53My5vcmcvMjAwMC9zdmciPjwvc3ZnPg==\" style=\"--smush-placeholder-width: 378px; --smush-placeholder-aspect-ratio: 378\/252;\" \/>Photographer: David Konecny.<\/p>\n<p><strong>Watse Sybesma (NL) <\/strong>was born in 1989 in the Netherlands.\u00a0Currently, he is an Iceland-based theoretical physicist with a passion for sharing science with a broad audience. In 2018 he published a children\u2019s book on black holes in Dutch. This December the English translation will be available around the globe under the title \u201cEmmy and the Black Hole That Stole Her Sock\u201d. When he is not doing science or writing, he enjoys lying in an Icelandic thermal bath or going on adventures with his daughter.<\/p>\n<p><strong> <img decoding=\"async\" class=\"alignnone wp-image-54073 lazyload\" data-src=\"https:\/\/nordichouse.is\/wp-content\/uploads\/2022\/10\/watse-640x428.jpg\" alt=\"\" width=\"450\" height=\"301\" data-srcset=\"https:\/\/nordichouse.is\/wp-content\/uploads\/2022\/10\/watse-640x428.jpg 640w, https:\/\/nordichouse.is\/wp-content\/uploads\/2022\/10\/watse-768x514.jpg 768w, https:\/\/nordichouse.is\/wp-content\/uploads\/2022\/10\/watse.jpg 840w\" data-sizes=\"(max-width: 450px) 100vw, 450px\" src=\"data:image\/svg+xml;base64,PHN2ZyB3aWR0aD0iMSIgaGVpZ2h0PSIxIiB4bWxucz0iaHR0cDovL3d3dy53My5vcmcvMjAwMC9zdmciPjwvc3ZnPg==\" style=\"--smush-placeholder-width: 450px; --smush-placeholder-aspect-ratio: 450\/301;\" \/><\/strong><\/p>\n<p>&nbsp;<\/p>\n<p><strong style=\"font-size: 1rem;\">Markus Mar Efra\u00edm (IS)<\/strong><span style=\"font-size: 1rem;\"> is an author, educator, and a father to two wonderful boys. He has guided more than a thousand young writers around Iceland and abroad, and is on the Board of Advisors for the International Alliance of Youth Writing Centers. Children&#8217;s rights are dear to Mark\u00fas and he has worked\u00a0extensively with refugee children in recent years. He is also a member of the adjudication\u00a0committee for the\u00a0Nordic Council Children and Young People\u2019s Literature Prize.<\/span><\/p>\n<p><img decoding=\"async\" class=\"alignnone wp-image-54079 lazyload\" data-src=\"https:\/\/nordichouse.is\/wp-content\/uploads\/2022\/10\/markusefraim-427x640.jpg\" alt=\"\" width=\"203\" height=\"304\" data-srcset=\"https:\/\/nordichouse.is\/wp-content\/uploads\/2022\/10\/markusefraim-427x640.jpg 427w, https:\/\/nordichouse.is\/wp-content\/uploads\/2022\/10\/markusefraim.jpg 485w\" data-sizes=\"(max-width: 203px) 100vw, 203px\" src=\"data:image\/svg+xml;base64,PHN2ZyB3aWR0aD0iMSIgaGVpZ2h0PSIxIiB4bWxucz0iaHR0cDovL3d3dy53My5vcmcvMjAwMC9zdmciPjwvc3ZnPg==\" style=\"--smush-placeholder-width: 203px; --smush-placeholder-aspect-ratio: 203\/304;\" \/>Photographer: Sebastian Ziegler<\/p>\n<p><em>After the panel we invite you to mingle and enjoy light refreshments from S\u00d3N\u00d3.\u00a0<\/em><\/p>\n","protected":false},"excerpt":{"rendered":"<p>*The event will be in English Where is dad? When Gunilla Bergstr\u00f6m stories about Alfie Atkins and his single dad were published in 1972, they depicted a different father figure, who was more present and broke with the 70\u2019s gender roles. Here, dad was the primary and only caregiver in the child\u2019s life. As a [&hellip;]<\/p>\n","protected":false},"featured_media":54055,"template":"","event-categories":[60],"class_list":["post-53868","event","type-event","status-publish","has-post-thumbnail","hentry","event-categories-all-events","no-banner-image"],"acf":[],"_links":{"self":[{"href":"https:\/\/nordichouse.is\/en\/wp-json\/wp\/v2\/event\/53868","targetHints":{"allow":["GET"]}}],"collection":[{"href":"https:\/\/nordichouse.is\/en\/wp-json\/wp\/v2\/event"}],"about":[{"href":"https:\/\/nordichouse.is\/en\/wp-json\/wp\/v2\/types\/event"}],"wp:featuredmedia":[{"embeddable":true,"href":"https:\/\/nordichouse.is\/en\/wp-json\/wp\/v2\/media\/54055"}],"wp:attachment":[{"href":"https:\/\/nordichouse.is\/en\/wp-json\/wp\/v2\/media?parent=53868"}],"wp:term":[{"taxonomy":"event-categories","embeddable":true,"href":"https:\/\/nordichouse.is\/en\/wp-json\/wp\/v2\/event-categories?post=53868"}],"curies":[{"name":"wp","href":"https:\/\/api.w.org\/{rel}","templated":true}]}}

<p><strong>*</strong>The event will be in English</p>
<h4>Where is dad? When Gunilla Bergström stories about Alfie Atkins and his single dad were published in 1972, they depicted a different father figure, who was more present and broke with the 70’s gender roles. Here, dad was the primary and only caregiver in the child’s life. As a part of Fathers day the 13<sup>th</sup> of November and the Nordic House’s new exhibition in the children’s library <strong>Congratulations Alfie Atkins! </strong>we are also celebrating Alfie’s dad.</h4>
<p>Through a panel discussion we will have a conversation about him and other amazing, caricatured, diverse, comical and absent portraits of fathers in children&#8217;s literature. The role of the father has especially undergone major transformations in children’s literature over the last half century. The participants will discuss their perspectives on the father role, including changes, shortcomings and stereotypes both from a professional and personal point of view as fathers.</p>
<p><b><strong>Moderator:</strong> Camilla Ringkjøbing Jensen (DA), cand.mag in Children’s Literature, Media and Culture and intern at The Nordic House.</b></p>
<p>Panelists:</p>
<p><strong>Björn Grétar Baldursson</strong><strong>/Pabbalífi</strong><em><strong>ð</strong></em><strong> (IS) </strong>is an air traffic controller in Akureyri that shares a home with two kids (who are the ages 2 and 5 years old) and his wife, Jenný Lára Arnórsdóttir. He has a social media account Pabbalífið which is an honest portrait of a dad who is trying to be better for himself, for his kids and wife.</p>
<p><strong> <img decoding="async" class="alignnone wp-image-54066 lazyload" data-src="https://nordichouse.is/wp-content/uploads/2022/10/björn.jpg" alt="" width="250" height="250" data-srcset="https://nordichouse.is/wp-content/uploads/2022/10/björn.jpg 450w, https://nordichouse.is/wp-content/uploads/2022/10/björn-400x400.jpg 400w" data-sizes="(max-width: 250px) 100vw, 250px" src="data:image/svg+xml;base64,PHN2ZyB3aWR0aD0iMSIgaGVpZ2h0PSIxIiB4bWxucz0iaHR0cDovL3d3dy53My5vcmcvMjAwMC9zdmciPjwvc3ZnPg==" style="--smush-placeholder-width: 250px; --smush-placeholder-aspect-ratio: 250/250;" /></strong></p>
<p>&nbsp;</p>
<p><strong>Sverrir Norland (IS) </strong>is the author of critically-acclaimed essays and novels. He is also a translator, publisher, TV book critic and radio host, and one of Iceland’s most recognized public intellectuals. His latest book is “Stríð og Kliður” (War &amp; Noise), a personal essay on nature, technology, and the human imagination.</p>
<p><img decoding="async" class="alignnone wp-image-54070 lazyload" data-src="https://nordichouse.is/wp-content/uploads/2022/10/sverrir-640x427.jpg" alt="" width="378" height="252" data-srcset="https://nordichouse.is/wp-content/uploads/2022/10/sverrir-640x427.jpg 640w, https://nordichouse.is/wp-content/uploads/2022/10/sverrir-768x512.jpg 768w, https://nordichouse.is/wp-content/uploads/2022/10/sverrir.jpg 825w" data-sizes="(max-width: 378px) 100vw, 378px" src="data:image/svg+xml;base64,PHN2ZyB3aWR0aD0iMSIgaGVpZ2h0PSIxIiB4bWxucz0iaHR0cDovL3d3dy53My5vcmcvMjAwMC9zdmciPjwvc3ZnPg==" style="--smush-placeholder-width: 378px; --smush-placeholder-aspect-ratio: 378/252;" />Photographer: David Konecny.</p>
<p><strong>Watse Sybesma (NL) </strong>was born in 1989 in the Netherlands. Currently, he is an Iceland-based theoretical physicist with a passion for sharing science with a broad audience. In 2018 he published a children’s book on black holes in Dutch. This December the English translation will be available around the globe under the title “Emmy and the Black Hole That Stole Her Sock”. When he is not doing science or writing, he enjoys lying in an Icelandic thermal bath or going on adventures with his daughter.</p>
<p><strong> <img decoding="async" class="alignnone wp-image-54073 lazyload" data-src="https://nordichouse.is/wp-content/uploads/2022/10/watse-640x428.jpg" alt="" width="450" height="301" data-srcset="https://nordichouse.is/wp-content/uploads/2022/10/watse-640x428.jpg 640w, https://nordichouse.is/wp-content/uploads/2022/10/watse-768x514.jpg 768w, https://nordichouse.is/wp-content/uploads/2022/10/watse.jpg 840w" data-sizes="(max-width: 450px) 100vw, 450px" src="data:image/svg+xml;base64,PHN2ZyB3aWR0aD0iMSIgaGVpZ2h0PSIxIiB4bWxucz0iaHR0cDovL3d3dy53My5vcmcvMjAwMC9zdmciPjwvc3ZnPg==" style="--smush-placeholder-width: 450px; --smush-placeholder-aspect-ratio: 450/301;" /></strong></p>
<p>&nbsp;</p>
<p><strong style="font-size: 1rem;">Markus Mar Efraím (IS)</strong><span style="font-size: 1rem;"> is an author, educator, and a father to two wonderful boys. He has guided more than a thousand young writers around Iceland and abroad, and is on the Board of Advisors for the International Alliance of Youth Writing Centers. Children&#8217;s rights are dear to Markús and he has worked extensively with refugee children in recent years. He is also a member of the adjudication committee for the Nordic Council Children and Young People’s Literature Prize.</span></p>
<p><img decoding="async" class="alignnone wp-image-54079 lazyload" data-src="https://nordichouse.is/wp-content/uploads/2022/10/markusefraim-427x640.jpg" alt="" width="203" height="304" data-srcset="https://nordichouse.is/wp-content/uploads/2022/10/markusefraim-427x640.jpg 427w, https://nordichouse.is/wp-content/uploads/2022/10/markusefraim.jpg 485w" data-sizes="(max-width: 203px) 100vw, 203px" src="data:image/svg+xml;base64,PHN2ZyB3aWR0aD0iMSIgaGVpZ2h0PSIxIiB4bWxucz0iaHR0cDovL3d3dy53My5vcmcvMjAwMC9zdmciPjwvc3ZnPg==" style="--smush-placeholder-width: 203px; --smush-placeholder-aspect-ratio: 203/304;" />Photographer: Sebastian Ziegler</p>
<p><em>After the panel we invite you to mingle and enjoy light refreshments from SÓNÓ. </em></p>

<p>*The event will be in English Where is dad? When Gunilla Bergström stories about Alfie Atkins and his single dad were published in 1972, they depicted a different father figure, who was more present and broke with the 70’s gender roles. Here, dad was the primary and only caregiver in the child’s life. As a [&hellip;]</p>
