{"id":52283,"date":"2022-06-22T10:34:26","date_gmt":"2022-06-22T10:34:26","guid":{"rendered":"https:\/\/nordichouse.is\/?post_type=event&#038;p=52283"},"modified":"2022-06-22T10:39:33","modified_gmt":"2022-06-22T10:39:33","slug":"nordic-language-seminar-language-and-smart-apps","status":"publish","type":"event","link":"https:\/\/nordichouse.is\/en\/event\/nordic-language-seminar-language-and-smart-apps\/","title":{"rendered":"Nordic language seminar: Language and smart apps"},"content":{"rendered":"<div class=\"field field--name-field-description field--type-string-long field--label-hidden field__item\">\n<div class=\"field field--name-field-description field--type-string-long field--label-hidden field__item\">\n<div class=\"field field--name-field-description field--type-string-long field--label-hidden field__item\">How can technical solutions help to increase Nordic language comprehension? Can smart apps increase young people\u2019s interest in the Nordic languages? What role does English play in the trend of declining knowledge of neighbouring countries\u2019 languages among young people? An exciting Nordic language seminar will be hosted in Reykjavik on 27 June, which will also be broadcast live online.<\/div>\n<div class=\"field field--name-field-bodyfield field--type-entity-reference-revisions field--label-hidden field__items\">\n<div class=\"paragraph paragraph--type--text paragraph--view-mode--default\">\n<div class=\"clearfix text-formatted field field--name-field-body field--type-text-long field--label-hidden field__item\">\n<p>Language comprehension in the Nordic countries is an often-debated topic in Nordic co-operation, frequently in relation to comprehension of the Scandinavian languages. On Monday 27 June, the Nordic Council\u2019s Committee for Knowledge and Culture, in collaboration with the Norden Association in Iceland, invites you to a language seminar with a focus on the promotion of inter-Nordic communication.<\/p>\n<p><em><strong>The event will take place at Ver\u00f6ld \u2013 h\u00fas Vigd\u00edsar, \u201cVigd\u00eds Finnbogad\u00f3ttir Institute of Foreign Language\u201d at the University of Iceland. The event can also be followed remotely by way of an online live stream.<\/strong><\/em><\/p>\n<\/div>\n<\/div>\n<div class=\"paragraph paragraph--type--text paragraph--view-mode--default\">\n<h2 class=\"field field--name-title field--type-string field--label-hidden field__item\">Technical solutions and concrete examples<\/h2>\n<div class=\"clearfix text-formatted field field--name-field-body field--type-text-long field--label-hidden field__item\">\n<p>Mutual language comprehension facilitates mobility between the Nordic countries and strengthens the ties between the countries\u2019 inhabitants. In recent years, reports and debates have drawn attention to the challenge of reduced Nordic language comprehension. Accordingly, this seminar is divided into two parts: \u201cLanguage production in the Nordic countries\u201d and \u201cLanguage technology aids\u201d.<\/p>\n<p>Nowadays, we can use our phones to translate both speech and writing on the go, almost simultaneously. A key question is therefore whether our phones will continue to be our main daily tool in language communication in 10 years? Other issues to be discussed at the seminar include how technology can be used to increase young people\u2019s interest in the Scandinavian languages, both in teaching and other contexts. Finally, we will ask whether there\u2019s hope for real Nordic language comprehension, or will we all speak English with each other in the future?<\/p>\n<\/div>\n<\/div>\n<div class=\"paragraph paragraph--type--text paragraph--view-mode--default\"><\/div>\n<div class=\"paragraph paragraph--type--link paragraph--view-mode--default\">\n<div class=\"field field--name-link field--type-link field--label-hidden field__item\"><a class=\"icon icon_arrow\" href=\"https:\/\/www.norden.org\/en\/event\/nordic-language-seminar-reykjavik-face-face-and-online\">Take a look at the programme here<\/a><\/div>\n<\/div>\n<div class=\"paragraph paragraph--type--text paragraph--view-mode--default\">\n<h2 class=\"field field--name-title field--type-string field--label-hidden field__item\">Researchers, politicians, teachers, language experts, and NordPlus participants<\/h2>\n<div class=\"clearfix text-formatted field field--name-field-body field--type-text-long field--label-hidden field__item\">\n<p>On the stage in Ver\u00f6ld, a number of Nordic researchers, politicians, teachers, language experts, students, and NordPlus participants will present their experiences and perspectives on the challenges and opportunities for the future of Nordic language co-operation and comprehension. Participants will have the opportunity to ask questions.<\/p>\n<p>Participants:<\/p>\n<ul>\n<li>Camilla Gunell, Chair of the Nordic Council Committee for Knowledge and Culture<\/li>\n<li>Viktor Ingi Lorange, Chair of Ung norr\u00e6n, the youth association of the Norden Association in Iceland<\/li>\n<li>Au\u00f0ur Hauksd\u00f3ttir, professor in Danish at the University of Iceland<\/li>\n<li>Mikael Hiltunen, Svenska Nu<\/li>\n<li>Atli Geir Halld\u00f3rsson, former student of the folk high school in Denmark and holder of the NordPlus scholarship<\/li>\n<li>Ragnhei\u00f0ur Helga \u00de\u00f3rarinsd\u00f3ttir, the Norden Association in Iceland and former head of department at the Icelandic Ministry of Education<\/li>\n<li>Kolbr\u00fan Fri\u00f0riksd\u00f3ttir, assistant professor of Icelandic as a second language at the University of Iceland and researcher in CALL (Computer Assisted Language Learning)<\/li>\n<li>Dagbj\u00f6rt J \u00deorsteinsd\u00f3ttir, primary school teacher of 25 years. Teaches Danish at Nor\u00f0lingaskoli<\/li>\n<li>J\u00f3n Yngvi J\u00f3hansson, moderator<\/li>\n<\/ul>\n<p><strong>The seminar will be conducted in Scandinavian, Finnish, and Icelandic, with interpretation provided in the same languages.<\/strong><\/p>\n<\/div>\n<\/div>\n<\/div>\n<\/div>\n<\/div>\n<div class=\"field field--name-field-bodyfield field--type-entity-reference-revisions field--label-hidden field__items\">\n<h3 class=\"paragraph paragraph--type--link paragraph--view-mode--default\"><strong><a href=\"https:\/\/www.facebook.com\/events\/987422778638070\/?acontext=%7B%22ref%22%3A%2252%22%2C%22action_history%22%3A%22%5B%7B%5C%22surface%5C%22%3A%5C%22share_link%5C%22%2C%5C%22mechanism%5C%22%3A%5C%22share_link%5C%22%2C%5C%22extra_data%5C%22%3A%7B%5C%22invite_link_id%5C%22%3A1381897158959803%7D%7D%5D%22%7D\">WATCH LIVE STREAM<\/a><\/strong><\/h3>\n<\/div>\n<div><em><a href=\"https:\/\/nmrnr.wufoo.com\/forms\/m1ojnd4106x5tb8\/\">Sign up here.<\/a>\u00a0<\/em><\/div>\n<div><\/div>\n","protected":false},"excerpt":{"rendered":"<p>How can technical solutions help to increase Nordic language comprehension? Can smart apps increase young people\u2019s interest in the Nordic languages? What role does English play in the trend of declining knowledge of neighbouring countries\u2019 languages among young people? An exciting Nordic language seminar will be hosted in Reykjavik on 27 June, which will also [&hellip;]<\/p>\n","protected":false},"featured_media":52276,"template":"","event-categories":[],"class_list":["post-52283","event","type-event","status-publish","has-post-thumbnail","hentry","no-banner-image"],"acf":[],"_links":{"self":[{"href":"https:\/\/nordichouse.is\/en\/wp-json\/wp\/v2\/event\/52283","targetHints":{"allow":["GET"]}}],"collection":[{"href":"https:\/\/nordichouse.is\/en\/wp-json\/wp\/v2\/event"}],"about":[{"href":"https:\/\/nordichouse.is\/en\/wp-json\/wp\/v2\/types\/event"}],"wp:featuredmedia":[{"embeddable":true,"href":"https:\/\/nordichouse.is\/en\/wp-json\/wp\/v2\/media\/52276"}],"wp:attachment":[{"href":"https:\/\/nordichouse.is\/en\/wp-json\/wp\/v2\/media?parent=52283"}],"wp:term":[{"taxonomy":"event-categories","embeddable":true,"href":"https:\/\/nordichouse.is\/en\/wp-json\/wp\/v2\/event-categories?post=52283"}],"curies":[{"name":"wp","href":"https:\/\/api.w.org\/{rel}","templated":true}]}}

<div class="field field--name-field-description field--type-string-long field--label-hidden field__item">
<div class="field field--name-field-description field--type-string-long field--label-hidden field__item">
<div class="field field--name-field-description field--type-string-long field--label-hidden field__item">How can technical solutions help to increase Nordic language comprehension? Can smart apps increase young people’s interest in the Nordic languages? What role does English play in the trend of declining knowledge of neighbouring countries’ languages among young people? An exciting Nordic language seminar will be hosted in Reykjavik on 27 June, which will also be broadcast live online.</div>
<div class="field field--name-field-bodyfield field--type-entity-reference-revisions field--label-hidden field__items">
<div class="paragraph paragraph--type--text paragraph--view-mode--default">
<div class="clearfix text-formatted field field--name-field-body field--type-text-long field--label-hidden field__item">
<p>Language comprehension in the Nordic countries is an often-debated topic in Nordic co-operation, frequently in relation to comprehension of the Scandinavian languages. On Monday 27 June, the Nordic Council’s Committee for Knowledge and Culture, in collaboration with the Norden Association in Iceland, invites you to a language seminar with a focus on the promotion of inter-Nordic communication.</p>
<p><em><strong>The event will take place at Veröld – hús Vigdísar, “Vigdís Finnbogadóttir Institute of Foreign Language” at the University of Iceland. The event can also be followed remotely by way of an online live stream.</strong></em></p>
</div>
</div>
<div class="paragraph paragraph--type--text paragraph--view-mode--default">
<h2 class="field field--name-title field--type-string field--label-hidden field__item">Technical solutions and concrete examples</h2>
<div class="clearfix text-formatted field field--name-field-body field--type-text-long field--label-hidden field__item">
<p>Mutual language comprehension facilitates mobility between the Nordic countries and strengthens the ties between the countries’ inhabitants. In recent years, reports and debates have drawn attention to the challenge of reduced Nordic language comprehension. Accordingly, this seminar is divided into two parts: “Language production in the Nordic countries” and “Language technology aids”.</p>
<p>Nowadays, we can use our phones to translate both speech and writing on the go, almost simultaneously. A key question is therefore whether our phones will continue to be our main daily tool in language communication in 10 years? Other issues to be discussed at the seminar include how technology can be used to increase young people’s interest in the Scandinavian languages, both in teaching and other contexts. Finally, we will ask whether there’s hope for real Nordic language comprehension, or will we all speak English with each other in the future?</p>
</div>
</div>
<div class="paragraph paragraph--type--text paragraph--view-mode--default"></div>
<div class="paragraph paragraph--type--link paragraph--view-mode--default">
<div class="field field--name-link field--type-link field--label-hidden field__item"><a class="icon icon_arrow" href="https://www.norden.org/en/event/nordic-language-seminar-reykjavik-face-face-and-online">Take a look at the programme here</a></div>
</div>
<div class="paragraph paragraph--type--text paragraph--view-mode--default">
<h2 class="field field--name-title field--type-string field--label-hidden field__item">Researchers, politicians, teachers, language experts, and NordPlus participants</h2>
<div class="clearfix text-formatted field field--name-field-body field--type-text-long field--label-hidden field__item">
<p>On the stage in Veröld, a number of Nordic researchers, politicians, teachers, language experts, students, and NordPlus participants will present their experiences and perspectives on the challenges and opportunities for the future of Nordic language co-operation and comprehension. Participants will have the opportunity to ask questions.</p>
<p>Participants:</p>
<ul>
<li>Camilla Gunell, Chair of the Nordic Council Committee for Knowledge and Culture</li>
<li>Viktor Ingi Lorange, Chair of Ung norræn, the youth association of the Norden Association in Iceland</li>
<li>Auður Hauksdóttir, professor in Danish at the University of Iceland</li>
<li>Mikael Hiltunen, Svenska Nu</li>
<li>Atli Geir Halldórsson, former student of the folk high school in Denmark and holder of the NordPlus scholarship</li>
<li>Ragnheiður Helga Þórarinsdóttir, the Norden Association in Iceland and former head of department at the Icelandic Ministry of Education</li>
<li>Kolbrún Friðriksdóttir, assistant professor of Icelandic as a second language at the University of Iceland and researcher in CALL (Computer Assisted Language Learning)</li>
<li>Dagbjört J Þorsteinsdóttir, primary school teacher of 25 years. Teaches Danish at Norðlingaskoli</li>
<li>Jón Yngvi Jóhansson, moderator</li>
</ul>
<p><strong>The seminar will be conducted in Scandinavian, Finnish, and Icelandic, with interpretation provided in the same languages.</strong></p>
</div>
</div>
</div>
</div>
</div>
<div class="field field--name-field-bodyfield field--type-entity-reference-revisions field--label-hidden field__items">
<h3 class="paragraph paragraph--type--link paragraph--view-mode--default"><strong><a href="https://www.facebook.com/events/987422778638070/?acontext=%7B%22ref%22%3A%2252%22%2C%22action_history%22%3A%22%5B%7B%5C%22surface%5C%22%3A%5C%22share_link%5C%22%2C%5C%22mechanism%5C%22%3A%5C%22share_link%5C%22%2C%5C%22extra_data%5C%22%3A%7B%5C%22invite_link_id%5C%22%3A1381897158959803%7D%7D%5D%22%7D">WATCH LIVE STREAM</a></strong></h3>
</div>
<div><em><a href="https://nmrnr.wufoo.com/forms/m1ojnd4106x5tb8/">Sign up here.</a> </em></div>
<div></div>
