{"id":52109,"date":"2022-06-02T11:21:55","date_gmt":"2022-06-02T11:21:55","guid":{"rendered":"https:\/\/nordichouse.is\/event\/pikknikk-brek-26-juni\/"},"modified":"2022-06-02T13:52:43","modified_gmt":"2022-06-02T13:52:43","slug":"pikknikk-brek-26-juni","status":"publish","type":"event","link":"https:\/\/nordichouse.is\/en\/event\/pikknikk-brek-26-juni\/","title":{"rendered":"PIKKNIKK &#8211; BREK &#8211; 26 j\u00fan\u00ed"},"content":{"rendered":"<p aria-level=\"3\"><b><span data-contrast=\"none\">PIKKNIKK free summer concerts!<\/span><\/b><span data-ccp-props=\"{&quot;201341983&quot;:0,&quot;335559738&quot;:40,&quot;335559739&quot;:0,&quot;335559740&quot;:259}\">\u00a0<\/span><\/p>\n<p aria-level=\"4\"><span data-contrast=\"none\"><b>BREK <\/b>(IS) plays on 26th of June.<\/span><span data-ccp-props=\"{&quot;201341983&quot;:0,&quot;335559738&quot;:40,&quot;335559739&quot;:0,&quot;335559740&quot;:259}\">\u00a0<\/span><\/p>\n<p>The band BREK was formed in 2018 and consists of singer and pianist Harpa \u00deorvaldsd\u00f3ttir, guitarist J\u00f3hann Ingi Benediktsson, mandolinist Gu\u00f0mundur Atli P\u00e9tursson as well as double bassist Sigmar \u00de\u00f3r Matth\u00edasson, who joined BREK in 2020. BREK\u00b4s first album was recently awarded Folk album of the year at the Icelandic Music Awards. The music is positive and timeless folk music, characterized by professional play and beautiful song.<\/p>\n<p><b><i><span data-contrast=\"none\">As always the concerts are free and will be played outside if the weather permits.<\/span><\/i><\/b><\/p>\n<p><b><i><span data-contrast=\"none\">S\u00d3N\u00d3 offers refreshments for purchase<\/span><\/i><\/b><\/p>\n","protected":false},"excerpt":{"rendered":"<p>PIKKNIKK free summer concerts!\u00a0 BREK (IS) plays on 26th of June.\u00a0 The band BREK was formed in 2018 and consists of singer and pianist Harpa \u00deorvaldsd\u00f3ttir, guitarist J\u00f3hann Ingi Benediktsson, mandolinist Gu\u00f0mundur Atli P\u00e9tursson as well as double bassist Sigmar \u00de\u00f3r Matth\u00edasson, who joined BREK in 2020. BREK\u00b4s first album was recently awarded Folk album [&hellip;]<\/p>\n","protected":false},"featured_media":52034,"template":"","event-categories":[5],"class_list":["post-52109","event","type-event","status-publish","has-post-thumbnail","hentry","event-categories-concert","no-banner-image"],"acf":[],"_links":{"self":[{"href":"https:\/\/nordichouse.is\/en\/wp-json\/wp\/v2\/event\/52109","targetHints":{"allow":["GET"]}}],"collection":[{"href":"https:\/\/nordichouse.is\/en\/wp-json\/wp\/v2\/event"}],"about":[{"href":"https:\/\/nordichouse.is\/en\/wp-json\/wp\/v2\/types\/event"}],"wp:featuredmedia":[{"embeddable":true,"href":"https:\/\/nordichouse.is\/en\/wp-json\/wp\/v2\/media\/52034"}],"wp:attachment":[{"href":"https:\/\/nordichouse.is\/en\/wp-json\/wp\/v2\/media?parent=52109"}],"wp:term":[{"taxonomy":"event-categories","embeddable":true,"href":"https:\/\/nordichouse.is\/en\/wp-json\/wp\/v2\/event-categories?post=52109"}],"curies":[{"name":"wp","href":"https:\/\/api.w.org\/{rel}","templated":true}]}}

PIKKNIKK &#8211; BREK &#8211; 26 júní

<p aria-level="3"><b><span data-contrast="none">PIKKNIKK free summer concerts!</span></b><span data-ccp-props="{&quot;201341983&quot;:0,&quot;335559738&quot;:40,&quot;335559739&quot;:0,&quot;335559740&quot;:259}"> </span></p>
<p aria-level="4"><span data-contrast="none"><b>BREK </b>(IS) plays on 26th of June.</span><span data-ccp-props="{&quot;201341983&quot;:0,&quot;335559738&quot;:40,&quot;335559739&quot;:0,&quot;335559740&quot;:259}"> </span></p>
<p>The band BREK was formed in 2018 and consists of singer and pianist Harpa Þorvaldsdóttir, guitarist Jóhann Ingi Benediktsson, mandolinist Guðmundur Atli Pétursson as well as double bassist Sigmar Þór Matthíasson, who joined BREK in 2020. BREK´s first album was recently awarded Folk album of the year at the Icelandic Music Awards. The music is positive and timeless folk music, characterized by professional play and beautiful song.</p>
<p><b><i><span data-contrast="none">As always the concerts are free and will be played outside if the weather permits.</span></i></b></p>
<p><b><i><span data-contrast="none">SÓNÓ offers refreshments for purchase</span></i></b></p>

<p>PIKKNIKK free summer concerts!  BREK (IS) plays on 26th of June.  The band BREK was formed in 2018 and consists of singer and pianist Harpa Þorvaldsdóttir, guitarist Jóhann Ingi Benediktsson, mandolinist Guðmundur Atli Pétursson as well as double bassist Sigmar Þór Matthíasson, who joined BREK in 2020. BREK´s first album was recently awarded Folk album [&hellip;]</p>
