{"id":48935,"date":"2022-01-25T12:18:12","date_gmt":"2022-01-25T12:18:12","guid":{"rendered":"https:\/\/nordichouse.is\/?post_type=event&#038;p=48935"},"modified":"2022-01-31T10:19:57","modified_gmt":"2022-01-31T10:19:57","slug":"indigenous-film-focus-on-sami-national-day","status":"publish","type":"event","link":"https:\/\/nordichouse.is\/en\/event\/indigenous-film-focus-on-sami-national-day\/","title":{"rendered":"Indigenous Film Focus on S\u00e1mi National Day"},"content":{"rendered":"<p><a href=\"https:\/\/tix.is\/en\/nordichouse\/event\/12631\/indigenous-film-focus-on-sami-national-day-\/\" rel=\"\">Click here to sign up<\/a><\/p>\n<p>In this year\u2019s, film focus program the Nordic House has in collaboration with\u00a0International S\u00e1mi Film Institute chosen films made by\u00a0indigenous directors from S\u00e1mpi and Canada.<\/p>\n<p>The movies will be screened in The Nordic House on the S\u00e1mi National Day, Sunday the 6<sup>th<\/sup>\u00a0of February.<\/p>\n<h3><strong>16:00 &#8211; On Solid Ground: Indigenous shorts.\u00a0<\/strong><\/h3>\n<p>The short film program is curated by Anne-Lajla Utsi &amp; Sunna Nousuniemi (International S\u00e1mi Film Institute) and Jason Ryle (imagineNATIVE<\/p>\n<p>The land remains a central element to Indigenous cultures around the world. This collection of short films made by Indigenous filmmakers from S\u00e1pmi and Canada explore the complex and layers aspects of our territories: relational, spiritual, physical, or metaphysical. The land connects the past, present and future and within it lies the roots of our strength and identities.<\/p>\n<h3>Short film program:<\/h3>\n<p><strong>Gumpe<\/strong><\/p>\n<p>Directed by Ken Are Bongo (S\u00e1mi), Finland | 2018 | 5mins | Drama<\/p>\n<p><strong>S\u00e1miin leat rievttit \/ The S\u00e1mi have rights<\/strong><\/p>\n<p>Directed by Elle M\u00e1rj\u00e1 Eira (S\u00e1mi) &amp; Mai-Lis Eira (S\u00e1mi), Norway| 2019| 11mins<\/p>\n<p>Documentary<\/p>\n<p><strong>Eatnanvulo\u0161 lottit \u2013 Maan sis\u00e4ll\u00e4 linnut<\/strong><\/p>\n<p>Directed by Marja Helander (S\u00e1mi), Finland | 2019| 11mins | Experimental<\/p>\n<p><strong>Morit Elena Morit<\/strong><\/p>\n<p>Directed by Anders Sunna (S\u00e1mi) &amp; Inga Wiktoria P\u00e5ve (S\u00e1mi), Finland | 2017 | 5 mins<\/p>\n<p>Animation<\/p>\n<p><strong>Bihtto\u0161<\/strong><\/p>\n<p>Directed by Elle-M\u00e1ij\u00e1 Tailfeathers (S\u00e1mi\/Blackfoot), Canada | 2016| 14min | Drama<\/p>\n<p><strong>Lelum\u2019 (Home)<\/strong><\/p>\n<p>Directed by Asia Youngman (Cree, Iroquois, Carrier, M\u00e9tis), Canada | 2017 | 9mins<\/p>\n<p>Documentary<\/p>\n<p><strong>Onyota\u2019a:ka khale Tsi\u2019tkal\u00f9:to (Oneida and Toronto)<\/strong><\/p>\n<p>Directed by Judith Kanatahawi Schuyler (Onyota\u2019a:ka), Canada | 2018 | 5 min<\/p>\n<p>Experimental<\/p>\n<p><strong>Three Thousand<\/strong><\/p>\n<p>Directed by, Asinnajaq (Inuk), Canada | 2017 | 14 mins | Documentary<\/p>\n<p>&nbsp;<\/p>\n<h3>18:00 &#8211;\u00a0Eatnameamet- Our Silent Struggle<\/h3>\n<h4>Directed by Siv West, Finland, 2021 |74 min | Documentary.<\/h4>\n<p>Eatnameamet \u2013 Our Silent Struggle is a political documentary which reveals the Finnish government\u2019s assimilation and colonization policy towards the S\u00e1mi people. <strong>\u00a0<\/strong><\/p>\n<p>The film centers around the S\u00e1mi people\u2019s fight for survival and their uncertain future in relations to Finland\u2019s political plans and actions. The S\u00e1mi, as the only indigenous people within the European Union, have throughout history been treated with injustice. The Finnish governments treatment of The S\u00e1mi people has violated international laws, the country\u2019s own laws and civil rights.<\/p>\n<p>In Eatnameamet \u2013 Our Silent Struggle, the viewer gets a unique insight to the S\u00e1mi people\u2019s situation in Finland and how their lifestyle is being threatened, mainly by rights for land and natural resources. The documentary portrays political situations and discussions that take place out of the public eye, mixed with intimate interviews, archive materials and shots of nature.<\/p>\n<p><em>The screenings are free with sign up and the <\/em><em>event will be following covid restrictions. Masks are mandatory within the house.<\/em><\/p>\n<p>&nbsp;<\/p>\n","protected":false},"excerpt":{"rendered":"<p>Click here to sign up In this year\u2019s, film focus program the Nordic House has in collaboration with\u00a0International S\u00e1mi Film Institute chosen films made by\u00a0indigenous directors from S\u00e1mpi and Canada. The movies will be screened in The Nordic House on the S\u00e1mi National Day, Sunday the 6th\u00a0of February. 16:00 &#8211; On Solid Ground: Indigenous shorts.\u00a0 [&hellip;]<\/p>\n","protected":false},"featured_media":48966,"template":"","event-categories":[86],"class_list":["post-48935","event","type-event","status-publish","has-post-thumbnail","hentry","event-categories-films","has-banner-image"],"acf":[],"_links":{"self":[{"href":"https:\/\/nordichouse.is\/en\/wp-json\/wp\/v2\/event\/48935","targetHints":{"allow":["GET"]}}],"collection":[{"href":"https:\/\/nordichouse.is\/en\/wp-json\/wp\/v2\/event"}],"about":[{"href":"https:\/\/nordichouse.is\/en\/wp-json\/wp\/v2\/types\/event"}],"wp:featuredmedia":[{"embeddable":true,"href":"https:\/\/nordichouse.is\/en\/wp-json\/wp\/v2\/media\/48966"}],"wp:attachment":[{"href":"https:\/\/nordichouse.is\/en\/wp-json\/wp\/v2\/media?parent=48935"}],"wp:term":[{"taxonomy":"event-categories","embeddable":true,"href":"https:\/\/nordichouse.is\/en\/wp-json\/wp\/v2\/event-categories?post=48935"}],"curies":[{"name":"wp","href":"https:\/\/api.w.org\/{rel}","templated":true}]}}

Indigenous Film Focus on Sámi National Day

<p><a href="https://tix.is/en/nordichouse/event/12631/indigenous-film-focus-on-sami-national-day-/" rel="">Click here to sign up</a></p>
<p>In this year’s, film focus program the Nordic House has in collaboration with International Sámi Film Institute chosen films made by indigenous directors from Sámpi and Canada.</p>
<p>The movies will be screened in The Nordic House on the Sámi National Day, Sunday the 6<sup>th</sup> of February.</p>
<h3><strong>16:00 &#8211; On Solid Ground: Indigenous shorts. </strong></h3>
<p>The short film program is curated by Anne-Lajla Utsi &amp; Sunna Nousuniemi (International Sámi Film Institute) and Jason Ryle (imagineNATIVE</p>
<p>The land remains a central element to Indigenous cultures around the world. This collection of short films made by Indigenous filmmakers from Sápmi and Canada explore the complex and layers aspects of our territories: relational, spiritual, physical, or metaphysical. The land connects the past, present and future and within it lies the roots of our strength and identities.</p>
<h3>Short film program:</h3>
<p><strong>Gumpe</strong></p>
<p>Directed by Ken Are Bongo (Sámi), Finland | 2018 | 5mins | Drama</p>
<p><strong>Sámiin leat rievttit / The Sámi have rights</strong></p>
<p>Directed by Elle Márjá Eira (Sámi) &amp; Mai-Lis Eira (Sámi), Norway| 2019| 11mins</p>
<p>Documentary</p>
<p><strong>Eatnanvuloš lottit – Maan sisällä linnut</strong></p>
<p>Directed by Marja Helander (Sámi), Finland | 2019| 11mins | Experimental</p>
<p><strong>Morit Elena Morit</strong></p>
<p>Directed by Anders Sunna (Sámi) &amp; Inga Wiktoria Påve (Sámi), Finland | 2017 | 5 mins</p>
<p>Animation</p>
<p><strong>Bihttoš</strong></p>
<p>Directed by Elle-Máijá Tailfeathers (Sámi/Blackfoot), Canada | 2016| 14min | Drama</p>
<p><strong>Lelum’ (Home)</strong></p>
<p>Directed by Asia Youngman (Cree, Iroquois, Carrier, Métis), Canada | 2017 | 9mins</p>
<p>Documentary</p>
<p><strong>Onyota’a:ka khale Tsi’tkalù:to (Oneida and Toronto)</strong></p>
<p>Directed by Judith Kanatahawi Schuyler (Onyota’a:ka), Canada | 2018 | 5 min</p>
<p>Experimental</p>
<p><strong>Three Thousand</strong></p>
<p>Directed by, Asinnajaq (Inuk), Canada | 2017 | 14 mins | Documentary</p>
<p>&nbsp;</p>
<h3>18:00 &#8211; Eatnameamet- Our Silent Struggle</h3>
<h4>Directed by Siv West, Finland, 2021 |74 min | Documentary.</h4>
<p>Eatnameamet – Our Silent Struggle is a political documentary which reveals the Finnish government’s assimilation and colonization policy towards the Sámi people. <strong> </strong></p>
<p>The film centers around the Sámi people’s fight for survival and their uncertain future in relations to Finland’s political plans and actions. The Sámi, as the only indigenous people within the European Union, have throughout history been treated with injustice. The Finnish governments treatment of The Sámi people has violated international laws, the country’s own laws and civil rights.</p>
<p>In Eatnameamet – Our Silent Struggle, the viewer gets a unique insight to the Sámi people’s situation in Finland and how their lifestyle is being threatened, mainly by rights for land and natural resources. The documentary portrays political situations and discussions that take place out of the public eye, mixed with intimate interviews, archive materials and shots of nature.</p>
<p><em>The screenings are free with sign up and the </em><em>event will be following covid restrictions. Masks are mandatory within the house.</em></p>
<p>&nbsp;</p>

<p>Click here to sign up In this year’s, film focus program the Nordic House has in collaboration with International Sámi Film Institute chosen films made by indigenous directors from Sámpi and Canada. The movies will be screened in The Nordic House on the Sámi National Day, Sunday the 6th of February. 16:00 &#8211; On Solid Ground: Indigenous shorts.  [&hellip;]</p>
