{"id":33035,"date":"2021-08-30T14:12:44","date_gmt":"2021-08-30T14:12:44","guid":{"rendered":"https:\/\/nordichouse.is\/?post_type=event&#038;p=33035"},"modified":"2021-08-30T16:00:45","modified_gmt":"2021-08-30T16:00:45","slug":"youth-the-future-in-the-labour-market","status":"publish","type":"event","link":"https:\/\/nordichouse.is\/en\/event\/youth-the-future-in-the-labour-market\/","title":{"rendered":"Youth &#8211; The future in the labour market"},"content":{"rendered":"<p>Nordjobb, in collaboration with the Nordic Association and the Nordic House in Iceland, will host a seminar as part of Fundur f\u00f3lksins, 3 September at 13.15 \u2013 14.45 in Gr\u00f3ska, where we will discuss youth employment issues. A diverse assembly of interest groups will join the seminar to discuss youth and student employment issues and the Nordic labour market. The event will also be streamed live via Facebook.<\/p>\n<p>Participating speakers will be:<\/p>\n<ul>\n<li><strong>\u00c1smundur Einar Da\u00f0ason<\/strong>, Minister of Social affairs and Children, will open the seminar<\/li>\n<li><strong>Morten Fabricius Meyer<\/strong>, program director Nordisk Jobl\u00f8sning at FNF<\/li>\n<li><strong>Sigmar Vilhj\u00e1lmsson<\/strong>, entrepreneur<\/li>\n<li><strong>J\u00f3n\u00edna \u00d3lafsd\u00f3ttir<\/strong>, chairman of F\u00e9lag n\u00e1ms- og starfsr\u00e1\u00f0gjafa<\/li>\n<li><strong>Gundega Jaunlinina<\/strong>, Al\u00fe\u00fd\u00f0usamband \u00cdslands<\/li>\n<li><strong>Derek T. Allen<\/strong>, president of L\u00cdS Landssamt\u00f6k \u00edslenskra st\u00fadenta<\/li>\n<li><strong>\u00c1rni Gr\u00e9tar Finnsson<\/strong>, Samt\u00f6k atvinnul\u00edfsins<\/li>\n<li><strong>Hannes Bj\u00f6rn Hafsteinsson<\/strong>, Nordjobb<\/li>\n<\/ul>\n<p>Youth employment issues will be discussed from various perspectives in this seminar. Nordjobb is a Nordic labour market project that was founded in 1985. The purpose of Nordjobb is to increase youth mobility on the Nordic labour market by providing youths aged 18-30 years with job opportunities, information, knowledge and guidance.<\/p>\n<p>The event is a part of the democracy festival Fundur f\u00f3lksins, which is held in Reykjavik 3. and 4. September.<\/p>\n","protected":false},"excerpt":{"rendered":"<p>Nordjobb, in collaboration with the Nordic Association and the Nordic House in Iceland, will host a seminar as part of Fundur f\u00f3lksins, 3 September at 13.15 \u2013 14.45 in Gr\u00f3ska, where we will discuss youth employment issues. A diverse assembly of interest groups will join the seminar to discuss youth and student employment issues and [&hellip;]<\/p>\n","protected":false},"featured_media":33850,"template":"","event-categories":[462,99],"class_list":["post-33035","event","type-event","status-publish","has-post-thumbnail","hentry","event-categories-festivals","event-categories-the-nordic-region-in-focus","event_tags-democracy-festival","event_tags-fundur-folksins-en","event_tags-nordic-region-in-focus","no-banner-image"],"acf":[],"_links":{"self":[{"href":"https:\/\/nordichouse.is\/en\/wp-json\/wp\/v2\/event\/33035","targetHints":{"allow":["GET"]}}],"collection":[{"href":"https:\/\/nordichouse.is\/en\/wp-json\/wp\/v2\/event"}],"about":[{"href":"https:\/\/nordichouse.is\/en\/wp-json\/wp\/v2\/types\/event"}],"wp:featuredmedia":[{"embeddable":true,"href":"https:\/\/nordichouse.is\/en\/wp-json\/wp\/v2\/media\/33850"}],"wp:attachment":[{"href":"https:\/\/nordichouse.is\/en\/wp-json\/wp\/v2\/media?parent=33035"}],"wp:term":[{"taxonomy":"event-categories","embeddable":true,"href":"https:\/\/nordichouse.is\/en\/wp-json\/wp\/v2\/event-categories?post=33035"}],"curies":[{"name":"wp","href":"https:\/\/api.w.org\/{rel}","templated":true}]}}

<p>Nordjobb, in collaboration with the Nordic Association and the Nordic House in Iceland, will host a seminar as part of Fundur fólksins, 3 September at 13.15 – 14.45 in Gróska, where we will discuss youth employment issues. A diverse assembly of interest groups will join the seminar to discuss youth and student employment issues and the Nordic labour market. The event will also be streamed live via Facebook.</p>
<p>Participating speakers will be:</p>
<ul>
<li><strong>Ásmundur Einar Daðason</strong>, Minister of Social affairs and Children, will open the seminar</li>
<li><strong>Morten Fabricius Meyer</strong>, program director Nordisk Jobløsning at FNF</li>
<li><strong>Sigmar Vilhjálmsson</strong>, entrepreneur</li>
<li><strong>Jónína Ólafsdóttir</strong>, chairman of Félag náms- og starfsráðgjafa</li>
<li><strong>Gundega Jaunlinina</strong>, Alþýðusamband Íslands</li>
<li><strong>Derek T. Allen</strong>, president of LÍS Landssamtök íslenskra stúdenta</li>
<li><strong>Árni Grétar Finnsson</strong>, Samtök atvinnulífsins</li>
<li><strong>Hannes Björn Hafsteinsson</strong>, Nordjobb</li>
</ul>
<p>Youth employment issues will be discussed from various perspectives in this seminar. Nordjobb is a Nordic labour market project that was founded in 1985. The purpose of Nordjobb is to increase youth mobility on the Nordic labour market by providing youths aged 18-30 years with job opportunities, information, knowledge and guidance.</p>
<p>The event is a part of the democracy festival Fundur fólksins, which is held in Reykjavik 3. and 4. September.</p>

<p>Nordjobb, in collaboration with the Nordic Association and the Nordic House in Iceland, will host a seminar as part of Fundur fólksins, 3 September at 13.15 – 14.45 in Gróska, where we will discuss youth employment issues. A diverse assembly of interest groups will join the seminar to discuss youth and student employment issues and [&hellip;]</p>
