{"id":23375,"date":"2020-03-06T15:33:45","date_gmt":"2020-03-06T15:33:45","guid":{"rendered":"https:\/\/nordichouse.is\/event\/nordurlondin-vaen-og-graen-dagur-nordurlanda\/"},"modified":"2020-03-13T18:22:10","modified_gmt":"2020-03-13T18:22:10","slug":"nordurlondin-vaen-og-graen-dagur-nordurlanda","status":"publish","type":"event","link":"https:\/\/nordichouse.is\/en\/event\/nordurlondin-vaen-og-graen-dagur-nordurlanda\/","title":{"rendered":"POSTPONED A green and good Nordic region? \u2013 The Nordic Day"},"content":{"rendered":"<p><strong>This event has been postponed until further notice.<\/strong><\/p>\n<p>On the occasion of the Nordic Day 23 March, The Nordic Region in Focus and The Nordic Association in Iceland invite you to a program in The Nordic House at 17:00-18:30.<\/p>\n<p>The subject for discussion is how we create a viable and safe environment in the Nordic countries in a reality of climate change and fake news. A new vision for Nordic co-operation is that the Nordic region will become the most sustainable and integrated region in the world. But how do we focus on creating a green and goodly Nordic region, and how does Iceland compare to other Nordic countries? What are the major threats and opportunities for the Nordic region to work together towards a thriving environment within and outside its countries?<\/p>\n<p>Everyone is welcome! The program will be in Icelandic.<\/p>\n<p><strong>Program:<\/strong><\/p>\n<p>The Nordic region of the future<br \/>\n&#8211; Hrannar B. Arnarsson, chair of the Nordic Association in Iceland<\/p>\n<p>Iceland\u2019s focus during it\u2019s presidency in the Nordic Council<br \/>\n&#8211; Silja D\u00f6gg Gunnarsd\u00f3ttir, the president of the Nordic Council<\/p>\n<p>Iceland\u2019s and other Nordic countries\u00b4climate situation according to the report State of the Nordic Region 2020<br \/>\n&#8211; Ryan Weber, Senior Research Advisor, Nordregio, and Sven S\u00f8yland, Senior Researcher, Nordic Energy Research<\/p>\n<p>Nordic youth\u2019s demands to be put to global negotiations on biodiversity<br \/>\n&#8211; Elva Hr\u00f6nn Hjartard\u00f3ttir, Nordic youth representatives for biodiversity<\/p>\n<p><strong>Paneldiscussion \u2013 participants in addition to the speakers:<\/strong><\/p>\n<ul>\n<li>Au\u00f0unn Atlason, ambassador and head of the Nordic Region office at the ministry for foreign affairs<\/li>\n<li>Elva Rakel J\u00f3nsd\u00f3ttir, chair of the selection committee for the Nordic Council Environment Prize and head of the department for climate and green communities at the Environment Agency of Iceland<\/li>\n<li>J\u00f3na \u00de\u00f3rey P\u00e9tursd\u00f3ttir, president of the University of Iceland Student Council&lt;<\/li>\n<\/ul>\n<p>Moderator: Iris Dager, outgoing chair of the Youth League of the Nordic Associations (FNUF)<\/p>\n<p>V\u00edsur og skv\u00edsur performing Nordic songs<\/p>\n<p>Green refreshments from MATR, the zero-waste and ecofriendly caf\u00e9 at The Nordic House<\/p>\n","protected":false},"excerpt":{"rendered":"<p>This event has been postponed until further notice. On the occasion of the Nordic Day 23 March, The Nordic Region in Focus and The Nordic Association in Iceland invite you to a program in The Nordic House at 17:00-18:30. The subject for discussion is how we create a viable and safe environment in the Nordic [&hellip;]<\/p>\n","protected":false},"featured_media":23373,"template":"","event-categories":[7,462,99],"class_list":["post-23375","event","type-event","status-publish","has-post-thumbnail","hentry","event-categories-lecture","event-categories-festivals","event-categories-the-nordic-region-in-focus","has-banner-image"],"acf":[],"_links":{"self":[{"href":"https:\/\/nordichouse.is\/en\/wp-json\/wp\/v2\/event\/23375","targetHints":{"allow":["GET"]}}],"collection":[{"href":"https:\/\/nordichouse.is\/en\/wp-json\/wp\/v2\/event"}],"about":[{"href":"https:\/\/nordichouse.is\/en\/wp-json\/wp\/v2\/types\/event"}],"wp:featuredmedia":[{"embeddable":true,"href":"https:\/\/nordichouse.is\/en\/wp-json\/wp\/v2\/media\/23373"}],"wp:attachment":[{"href":"https:\/\/nordichouse.is\/en\/wp-json\/wp\/v2\/media?parent=23375"}],"wp:term":[{"taxonomy":"event-categories","embeddable":true,"href":"https:\/\/nordichouse.is\/en\/wp-json\/wp\/v2\/event-categories?post=23375"}],"curies":[{"name":"wp","href":"https:\/\/api.w.org\/{rel}","templated":true}]}}

<p><strong>This event has been postponed until further notice.</strong></p>
<p>On the occasion of the Nordic Day 23 March, The Nordic Region in Focus and The Nordic Association in Iceland invite you to a program in The Nordic House at 17:00-18:30.</p>
<p>The subject for discussion is how we create a viable and safe environment in the Nordic countries in a reality of climate change and fake news. A new vision for Nordic co-operation is that the Nordic region will become the most sustainable and integrated region in the world. But how do we focus on creating a green and goodly Nordic region, and how does Iceland compare to other Nordic countries? What are the major threats and opportunities for the Nordic region to work together towards a thriving environment within and outside its countries?</p>
<p>Everyone is welcome! The program will be in Icelandic.</p>
<p><strong>Program:</strong></p>
<p>The Nordic region of the future<br />
&#8211; Hrannar B. Arnarsson, chair of the Nordic Association in Iceland</p>
<p>Iceland’s focus during it’s presidency in the Nordic Council<br />
&#8211; Silja Dögg Gunnarsdóttir, the president of the Nordic Council</p>
<p>Iceland’s and other Nordic countries´climate situation according to the report State of the Nordic Region 2020<br />
&#8211; Ryan Weber, Senior Research Advisor, Nordregio, and Sven Søyland, Senior Researcher, Nordic Energy Research</p>
<p>Nordic youth’s demands to be put to global negotiations on biodiversity<br />
&#8211; Elva Hrönn Hjartardóttir, Nordic youth representatives for biodiversity</p>
<p><strong>Paneldiscussion – participants in addition to the speakers:</strong></p>
<ul>
<li>Auðunn Atlason, ambassador and head of the Nordic Region office at the ministry for foreign affairs</li>
<li>Elva Rakel Jónsdóttir, chair of the selection committee for the Nordic Council Environment Prize and head of the department for climate and green communities at the Environment Agency of Iceland</li>
<li>Jóna Þórey Pétursdóttir, president of the University of Iceland Student Council&lt;</li>
</ul>
<p>Moderator: Iris Dager, outgoing chair of the Youth League of the Nordic Associations (FNUF)</p>
<p>Vísur og skvísur performing Nordic songs</p>
<p>Green refreshments from MATR, the zero-waste and ecofriendly café at The Nordic House</p>
