{"id":15950,"date":"2018-08-20T10:09:28","date_gmt":"2018-08-20T10:09:28","guid":{"rendered":"https:\/\/nordichouse.is\/?post_type=event&#038;p=15950"},"modified":"2018-08-20T10:15:39","modified_gmt":"2018-08-20T10:15:39","slug":"tomas-r-einarsson-eythor-gunnarsson-additional-show","status":"publish","type":"event","link":"https:\/\/nordichouse.is\/en\/event\/tomas-r-einarsson-eythor-gunnarsson-additional-show\/","title":{"rendered":"T\u00f3mas\u00a0R.\u00a0Einarsson\u00a0&#038;\u00a0Ey\u00fe\u00f3r\u00a0Gunnarsson \u2013 Additional show"},"content":{"rendered":"<p style=\"text-align: center;\"><a class=\"button\" href=\"https:\/\/tix.is\/en\/event\/6545\/tomas-r-einarsson-ey-or-gunnarsson-additional-show\/\">Tickets<\/a><\/p>\n<h4>It is our pleasure to announce that T\u00f3mas R. Einarsson and Ey\u00fe\u00f3r Gunnarson will be playing at the Nordic House again!<\/h4>\n<p><strong>After the sold-out concert this summer during the <a href=\"https:\/\/nordichouse.is\/en\/event\/tonleikarod-norraena-hussins\/\">Nordic House&#8217;s Concert Series<\/a>, T\u00f3mas R. Einarsson and Ey\u00fe\u00f3r Gunnarson return with an extra performance on the 31st of August at 21.00.\u00a0<\/strong><\/p>\n<p><strong>Tickets are 2500 kr. and can be purchased on tix.is by following the link above or at the Nordic House.<\/strong><\/p>\n<p>On the recently released album Innst Inni, the accomplished double-bass player and composer T\u00f3mas R. Einarsson joins forces with Ey\u00fe\u00f3r Gunnarsson, a veteran at the piano with a masterful touch. The album was mostly an improvised affair \u2013 the result of the magic that happens when two creative minds meet. There is something sublime about the sound of T\u00f3mas and Ey\u00fe\u00f3r playing jazz together, so as a listener, all you have to do is sit back and enjoy. As critic C. Michael Bailey writes: &#8220;Innst Inni is decidedly untethered to any particular nationalistic or music point of origin. It is simply music&#8230;uncomplicated and soothing&#8221;.<\/p>\n<p><a href=\"https:\/\/itunes.apple.com\/nz\/album\/innst-inni\/1312462946\"><strong>Listen<\/strong><\/a><\/p>\n<p><a href=\"https:\/\/nordichouse.is\/wp-content\/uploads\/2018\/05\/268x0w.jpg\"><img decoding=\"async\" class=\"alignnone size-full wp-image-14897 lazyload\" data-src=\"https:\/\/nordichouse.is\/wp-content\/uploads\/2018\/05\/268x0w.jpg\" alt=\"\" width=\"268\" height=\"268\" src=\"data:image\/svg+xml;base64,PHN2ZyB3aWR0aD0iMSIgaGVpZ2h0PSIxIiB4bWxucz0iaHR0cDovL3d3dy53My5vcmcvMjAwMC9zdmciPjwvc3ZnPg==\" style=\"--smush-placeholder-width: 268px; --smush-placeholder-aspect-ratio: 268\/268;\" \/><\/a><\/p>\n","protected":false},"excerpt":{"rendered":"<p>Tickets It is our pleasure to announce that T\u00f3mas R. Einarsson and Ey\u00fe\u00f3r Gunnarson will be playing at the Nordic House again! After the sold-out concert this summer during the Nordic House&#8217;s Concert Series, T\u00f3mas R. Einarsson and Ey\u00fe\u00f3r Gunnarson return with an extra performance on the 31st of August at 21.00.\u00a0 Tickets are 2500 [&hellip;]<\/p>\n","protected":false},"featured_media":14896,"template":"","event-categories":[5,60],"class_list":["post-15950","event","type-event","status-publish","has-post-thumbnail","hentry","event-categories-concert","event-categories-all-events","event_tags-concert-en","event_tags-jazz-en","event_tags-koncert-en","event_tags-tonleikar-en","has-banner-image"],"acf":[],"_links":{"self":[{"href":"https:\/\/nordichouse.is\/en\/wp-json\/wp\/v2\/event\/15950","targetHints":{"allow":["GET"]}}],"collection":[{"href":"https:\/\/nordichouse.is\/en\/wp-json\/wp\/v2\/event"}],"about":[{"href":"https:\/\/nordichouse.is\/en\/wp-json\/wp\/v2\/types\/event"}],"wp:featuredmedia":[{"embeddable":true,"href":"https:\/\/nordichouse.is\/en\/wp-json\/wp\/v2\/media\/14896"}],"wp:attachment":[{"href":"https:\/\/nordichouse.is\/en\/wp-json\/wp\/v2\/media?parent=15950"}],"wp:term":[{"taxonomy":"event-categories","embeddable":true,"href":"https:\/\/nordichouse.is\/en\/wp-json\/wp\/v2\/event-categories?post=15950"}],"curies":[{"name":"wp","href":"https:\/\/api.w.org\/{rel}","templated":true}]}}

Tómas R. Einarsson &#038; Eyþór Gunnarsson – Additional show

<p style="text-align: center;"><a class="button" href="https://tix.is/en/event/6545/tomas-r-einarsson-ey-or-gunnarsson-additional-show/">Tickets</a></p>
<h4>It is our pleasure to announce that Tómas R. Einarsson and Eyþór Gunnarson will be playing at the Nordic House again!</h4>
<p><strong>After the sold-out concert this summer during the <a href="https://nordichouse.is/en/event/tonleikarod-norraena-hussins/">Nordic House&#8217;s Concert Series</a>, Tómas R. Einarsson and Eyþór Gunnarson return with an extra performance on the 31st of August at 21.00. </strong></p>
<p><strong>Tickets are 2500 kr. and can be purchased on tix.is by following the link above or at the Nordic House.</strong></p>
<p>On the recently released album Innst Inni, the accomplished double-bass player and composer Tómas R. Einarsson joins forces with Eyþór Gunnarsson, a veteran at the piano with a masterful touch. The album was mostly an improvised affair – the result of the magic that happens when two creative minds meet. There is something sublime about the sound of Tómas and Eyþór playing jazz together, so as a listener, all you have to do is sit back and enjoy. As critic C. Michael Bailey writes: &#8220;Innst Inni is decidedly untethered to any particular nationalistic or music point of origin. It is simply music&#8230;uncomplicated and soothing&#8221;.</p>
<p><a href="https://itunes.apple.com/nz/album/innst-inni/1312462946"><strong>Listen</strong></a></p>
<p><a href="https://nordichouse.is/wp-content/uploads/2018/05/268x0w.jpg"><img decoding="async" class="alignnone size-full wp-image-14897 lazyload" data-src="https://nordichouse.is/wp-content/uploads/2018/05/268x0w.jpg" alt="" width="268" height="268" src="data:image/svg+xml;base64,PHN2ZyB3aWR0aD0iMSIgaGVpZ2h0PSIxIiB4bWxucz0iaHR0cDovL3d3dy53My5vcmcvMjAwMC9zdmciPjwvc3ZnPg==" style="--smush-placeholder-width: 268px; --smush-placeholder-aspect-ratio: 268/268;" /></a></p>

<p>Tickets It is our pleasure to announce that Tómas R. Einarsson and Eyþór Gunnarson will be playing at the Nordic House again! After the sold-out concert this summer during the Nordic House&#8217;s Concert Series, Tómas R. Einarsson and Eyþór Gunnarson return with an extra performance on the 31st of August at 21.00.  Tickets are 2500 [&hellip;]</p>
