{"id":15909,"date":"2018-08-14T15:28:00","date_gmt":"2018-08-14T15:28:00","guid":{"rendered":"https:\/\/nordichouse.is\/event\/konference-50-ars-nordisk-kulturpolitik-i-island-i-praksis\/"},"modified":"2018-08-22T11:51:25","modified_gmt":"2018-08-22T11:51:25","slug":"konference-50-ars-nordisk-kulturpolitik-i-island-i-praksis","status":"publish","type":"event","link":"https:\/\/nordichouse.is\/en\/event\/konference-50-ars-nordisk-kulturpolitik-i-island-i-praksis\/","title":{"rendered":"Conference: 50 years of Nordic cultural policy"},"content":{"rendered":"<p style=\"text-align: center;\"><strong><span class=\"contextualExtensionHighlight ms-font-color-themePrimary ms-border-color-themePrimary ident_3378_3462\" tabindex=\"0\" role=\"button\">The conference is held\u00a0on the 24th of August &#8211;\u00a0 11:00 AM &#8211; 2:30 PM at\u00a0<a href=\"http:\/\/vigdis.hi.is\/node\/13\">Ver\u00f6ld- Vigd\u00eds Finnbogad\u00f3ttir Institute<\/a><\/span><\/strong><\/p>\n<p>&nbsp;<\/p>\n<p style=\"text-align: center;\"><strong><em>To create an inspiring debate about the role of the Nordic House in the past, today and in the future<\/em>&#8230;<\/strong><\/p>\n<p><iframe id=\"ls_embed_1534335923\" data-src=\"https:\/\/livestream.com\/accounts\/14889744\/events\/8331388\/player?width=640&amp;height=360&amp;enableInfoAndActivity=true&amp;defaultDrawer=&amp;autoPlay=true&amp;mute=false\" width=\"640\" height=\"360\" frameborder=\"0\" scrolling=\"no\" allowfullscreen=\"allowfullscreen\" data-mce-fragment=\"1\" src=\"data:image\/svg+xml;base64,PHN2ZyB3aWR0aD0iMSIgaGVpZ2h0PSIxIiB4bWxucz0iaHR0cDovL3d3dy53My5vcmcvMjAwMC9zdmciPjwvc3ZnPg==\" class=\"lazyload\" data-load-mode=\"1\"> <\/iframe><script type=\"text\/javascript\" data-embed_id=\"ls_embed_1534335923\" src=\"https:\/\/livestream.com\/assets\/plugins\/referrer_tracking.js\"><\/script><\/p>\n<p><strong>The conference is live-streamed &#8211; you can also follow the event on a big screen in The Nordic House auditorium.<\/strong><\/p>\n<p>Conference guests\u00a0are invited to participate in a flag-raising ceremony at The Nordic House which starts at 9:00 AM. More information <a href=\"https:\/\/nordichouse.is\/en\/event\/fanahylling\/\" target=\"_blank\" rel=\"noopener\">here\u00a0<\/a><\/p>\n<h4>Program<\/h4>\n<p>11:00 &#8211; 11:08 Secretary General of the Nordic Council of Ministers,\u00a0<strong>Dagfinn H\u00f8ybr\u00e5ten<\/strong>, gives a welcome and presents the role of culture in the global North. What is special about Nordic cultural cooperation that inspires others?<\/p>\n<p>11:09 &#8211; 11:20 Iceland&#8217;s President,\u00a0<strong>Gudni Th.\u00a0<\/strong><strong>J\u00f3hannesson<\/strong> gives a talk about the role that the Nordic House played in the development of modern Iceland.<\/p>\n<p><strong>\u2022 Panel discussion 1:<\/strong><\/p>\n<p><strong>11:21 &#8211; 12:05 The past:<\/strong>\u00a0four previous directors are interviewed about significant events where The Nordic House set the agenda in society and created significant events, which left powerful footprints.\u00a0<strong>Ann Sandelin (1980-1984),\u00a0<\/strong><strong>Lars-\u00c5ke Engblom (1989-1993), Riitta Hein\u00e4maa 1998-2002, Max Dager (2007-2014)\u00a0<\/strong><br \/>\nModerator: Bogi \u00c1g\u00fastsson.<\/p>\n<p><em>Buffet break.<\/em><\/p>\n<p>12:45 &#8211; 12:55 Musical interlude with young musicians from Orkester Norden.<\/p>\n<p>12:56 &#8211; 13:04 Iceland&#8217;s Prime Minister,\u00a0<strong>Katr\u00edn Jakobsd\u00f3ttir<\/strong>, on Government Visions for Nordic Cooperation.<\/p>\n<p>13:05 &#8211; 13:10 Iceland\u00b4s Minister of Education, Science and Culture,\u00a0<strong>Lilja D\u00f6gg Alfre\u00f0sd\u00f3ttir<\/strong>\u00a0talks about cultural cooperation.<\/p>\n<p><strong>\u2022 Panel discussion 2:<\/strong><\/p>\n<p>13:11 &#8211; 13:40<em>\u00a0<\/em><strong>The future<\/strong>: Nordic culture in the Nordic countries and in the world.<strong>The Nordic Culture Ministers:\u00a0<\/strong><strong>Lilja D\u00f6gg Alfre\u00f0sd\u00f3ttir<\/strong>\u00a0and\u00a0<strong>Tony Asumaa\u00a0<\/strong>(Aaland), Kristianna Winther Poulsen (Feroy Island)<strong>\u00a0<\/strong>and Deputy Mayor of Reykjav\u00edk \u00de\u00f3rd\u00eds L\u00f3a \u00de\u00f3rhallsd\u00f3ttir\u00a0discuss common Nordic strategies within and outside the Nordic region. Is a permanent representation like The Nordic House an asset and is it a model that suits future needs and is it inclusive for new Nordic citizens?<\/p>\n<p><em>Moderator:\u00a0<strong>Sigr\u00ed\u00f0ur Hagal\u00edn<\/strong>, R\u00daV<\/em><\/p>\n<p><em>\u2022 Coffee break<\/em><\/p>\n<p>\u2022\u00a0<strong>Panel debate 3<\/strong>:<\/p>\n<p>13.55 &#8211; 1 4:25 Director Mikkel Harder initiates and discusses with key partners from the Icelandic arts and culture scene:\u00a0<strong>A house for all at all times.<\/strong>\u00a0What are the expectations of The Nordic House in Iceland? Is the Scandinavian language community a possibility or an obstacle?<strong>\u00a0Vigd\u00eds Jakobsd\u00f3ttir\u00a0<\/strong>(Listah\u00e1ti\u00f0),\u00a0<strong><em>Erling J\u00f3hannesson\u00a0<\/em><\/strong><em>(B\u00cdL)<\/em><strong>,\u00a0<em>Elfa Lilja G\u00edslad\u00f3ttir\u00a0<\/em><\/strong><em>(List fyrir Alla)<strong>,<\/strong><\/em>\u00a0<strong><em>Halla Helgad\u00f3ttir\u00a0<\/em><\/strong><em>(Design March)\u00a0<strong><br \/>\n<\/strong><\/em>Moderator<strong><em>\u00a0Arnbj\u00f6rg Mar\u00eda Danielsen<\/em><\/strong><\/p>\n<p>14:25 &#8211; 14:30 The Nordic Council Vice President,\u00a0<strong>Martin\u00a0<\/strong><strong>Kolberg<\/strong>, rounds off.<\/p>\n<p>REMEMBER\u00a0 to arrive early, as seating is limited.<br \/>\nThe conference will be interpreted between Danish and Icelandic.<\/p>\n<p><strong>The Nordic House celebrates its 50th anniversary on the 25th of August for everyone to participate. The program begins with a free morning buffet and awesome family events, sauna and <\/strong>live<strong> music. In the evening we invite you to three number concert with Nordic musicians. <a href=\"https:\/\/nordichouse.is\/en\/event\/50-ara-afmaeli-norraena-hussins\/\">See program<\/a><\/strong><\/p>\n<p><a href=\"https:\/\/nordichouse.is\/wp-content\/uploads\/2018\/08\/nordisk-ministerrad.jpg\">\u00a0\u00a0 <\/a><a href=\"https:\/\/nordichouse.is\/wp-content\/uploads\/2018\/08\/afm.png\"><img decoding=\"async\" class=\"alignnone wp-image-15905 lazyload\" data-src=\"https:\/\/nordichouse.is\/wp-content\/uploads\/2018\/08\/afm.png\" alt=\"\" width=\"197\" height=\"294\" src=\"data:image\/svg+xml;base64,PHN2ZyB3aWR0aD0iMSIgaGVpZ2h0PSIxIiB4bWxucz0iaHR0cDovL3d3dy53My5vcmcvMjAwMC9zdmciPjwvc3ZnPg==\" style=\"--smush-placeholder-width: 197px; --smush-placeholder-aspect-ratio: 197\/294;\" \/>\u00a0 \u00a0 \u00a0 \u00a0 \u00a0 \u00a0<img decoding=\"async\" class=\"alignnone wp-image-14801 lazyload\" data-src=\"https:\/\/nordichouse.is\/wp-content\/uploads\/2018\/05\/nmr-logotype-cmyk-en-blue-copy-640x151.jpg\" alt=\"\" width=\"407\" height=\"96\" data-srcset=\"https:\/\/nordichouse.is\/wp-content\/uploads\/2018\/05\/nmr-logotype-cmyk-en-blue-copy-640x151.jpg 640w, https:\/\/nordichouse.is\/wp-content\/uploads\/2018\/05\/nmr-logotype-cmyk-en-blue-copy-768x181.jpg 768w, https:\/\/nordichouse.is\/wp-content\/uploads\/2018\/05\/nmr-logotype-cmyk-en-blue-copy-1220x288.jpg 1220w, https:\/\/nordichouse.is\/wp-content\/uploads\/2018\/05\/nmr-logotype-cmyk-en-blue-copy.jpg 1540w\" data-sizes=\"(max-width: 407px) 100vw, 407px\" src=\"data:image\/svg+xml;base64,PHN2ZyB3aWR0aD0iMSIgaGVpZ2h0PSIxIiB4bWxucz0iaHR0cDovL3d3dy53My5vcmcvMjAwMC9zdmciPjwvc3ZnPg==\" style=\"--smush-placeholder-width: 407px; --smush-placeholder-aspect-ratio: 407\/96;\" \/><\/a><\/p>\n<p>&nbsp;<\/p>\n<p><strong>The Nordic Council of Ministers<\/strong> built a house in Iceland in the mid-60s. It was a huge financial effort to let the world-famous Finnish architect Alvar Aalto create an iconic cultural house in the periphery of the Nordic region.<br \/>\nDecisions of this scale and nature required binding financial resources far,<br \/>\nfar into the future. Was it a good idea?<\/p>\n<p>The opening of the house was extensively covered by media throughout the Nordic region and the excitement was great for the beautiful building. However, a leading Swedish newspaper wrote under the headline: &#8220;A beautiful burial of Nordic cooperation&#8221; that it was a waste of money, as there was no future for Nordic cooperation.<\/p>\n<p>Political currents change at intervals in all Nordic countries. Nevertheless, the Nordic governments have given priority to Nordic cultural cooperation, which is perhaps stronger than ever before. What meaning has it had for Iceland and the other Nordic countries to have such a house in Reykjav\u00edk?<\/p>\n<p><strong>The Secretary-General of the Nordic Council of Ministers states that:<\/strong><\/p>\n<p>&#8220;Culture is a natural point of departure because it brings people together and is in many ways the driving force of society. There would be no Nordic cooperation without the cultural community.<br \/>\nHe states that the geographical proximity would, of course, be there after all, but that the neighbourly coexistence might potentially rather express itself in a confrontation.<\/p>\n<p>&#8220;Cultural cooperation is also close to mankind in a more profound way than many political processes.<\/p>\n<p>&#8220;The interest in the Nordic region in the rest of the world has a lot to do with cultural expressions such as literature, films and TV shows. This is also evident in the large Nordic joint ventures Nordic Cool in Washington D.C. in year 2013 and the Nordic Matters at the Southbank Center in London in 2017.<br \/>\nPromoting Nordic culture and art goes hand in hand with spreading Nordic solutions and values.<br \/>\n&#8220;All the different ways to profile and position the Nordic countries internationally are important. Therefore, I believe that those who are not particularly interested in culture have by now realized the importance of cultural cooperation\u201d.<\/p>\n<p>&nbsp;<\/p>\n<p>&nbsp;<\/p>\n","protected":false},"excerpt":{"rendered":"<p>The conference is held\u00a0on the 24th of August &#8211;\u00a0 11:00 AM &#8211; 2:30 PM at\u00a0Ver\u00f6ld- Vigd\u00eds Finnbogad\u00f3ttir Institute &nbsp; To create an inspiring debate about the role of the Nordic House in the past, today and in the future&#8230; The conference is live-streamed &#8211; you can also follow the event on a big screen in [&hellip;]<\/p>\n","protected":false},"featured_media":15901,"template":"","event-categories":[7,92],"class_list":["post-15909","event","type-event","status-publish","has-post-thumbnail","hentry","event-categories-lecture","event-categories-livestream-en","event_tags-50-en","no-banner-image"],"acf":[],"_links":{"self":[{"href":"https:\/\/nordichouse.is\/en\/wp-json\/wp\/v2\/event\/15909","targetHints":{"allow":["GET"]}}],"collection":[{"href":"https:\/\/nordichouse.is\/en\/wp-json\/wp\/v2\/event"}],"about":[{"href":"https:\/\/nordichouse.is\/en\/wp-json\/wp\/v2\/types\/event"}],"wp:featuredmedia":[{"embeddable":true,"href":"https:\/\/nordichouse.is\/en\/wp-json\/wp\/v2\/media\/15901"}],"wp:attachment":[{"href":"https:\/\/nordichouse.is\/en\/wp-json\/wp\/v2\/media?parent=15909"}],"wp:term":[{"taxonomy":"event-categories","embeddable":true,"href":"https:\/\/nordichouse.is\/en\/wp-json\/wp\/v2\/event-categories?post=15909"}],"curies":[{"name":"wp","href":"https:\/\/api.w.org\/{rel}","templated":true}]}}

<p style="text-align: center;"><strong><span class="contextualExtensionHighlight ms-font-color-themePrimary ms-border-color-themePrimary ident_3378_3462" tabindex="0" role="button">The conference is held on the 24th of August &#8211;  11:00 AM &#8211; 2:30 PM at <a href="http://vigdis.hi.is/node/13">Veröld- Vigdís Finnbogadóttir Institute</a></span></strong></p>
<p>&nbsp;</p>
<p style="text-align: center;"><strong><em>To create an inspiring debate about the role of the Nordic House in the past, today and in the future</em>&#8230;</strong></p>
<p><iframe id="ls_embed_1534335923" data-src="https://livestream.com/accounts/14889744/events/8331388/player?width=640&amp;height=360&amp;enableInfoAndActivity=true&amp;defaultDrawer=&amp;autoPlay=true&amp;mute=false" width="640" height="360" frameborder="0" scrolling="no" allowfullscreen="allowfullscreen" data-mce-fragment="1" src="data:image/svg+xml;base64,PHN2ZyB3aWR0aD0iMSIgaGVpZ2h0PSIxIiB4bWxucz0iaHR0cDovL3d3dy53My5vcmcvMjAwMC9zdmciPjwvc3ZnPg==" class="lazyload" data-load-mode="1"> </iframe><script type="text/javascript" data-embed_id="ls_embed_1534335923" src="https://livestream.com/assets/plugins/referrer_tracking.js"></script></p>
<p><strong>The conference is live-streamed &#8211; you can also follow the event on a big screen in The Nordic House auditorium.</strong></p>
<p>Conference guests are invited to participate in a flag-raising ceremony at The Nordic House which starts at 9:00 AM. More information <a href="https://nordichouse.is/en/event/fanahylling/" target="_blank" rel="noopener">here </a></p>
<h4>Program</h4>
<p>11:00 &#8211; 11:08 Secretary General of the Nordic Council of Ministers, <strong>Dagfinn Høybråten</strong>, gives a welcome and presents the role of culture in the global North. What is special about Nordic cultural cooperation that inspires others?</p>
<p>11:09 &#8211; 11:20 Iceland&#8217;s President, <strong>Gudni Th. </strong><strong>Jóhannesson</strong> gives a talk about the role that the Nordic House played in the development of modern Iceland.</p>
<p><strong>• Panel discussion 1:</strong></p>
<p><strong>11:21 &#8211; 12:05 The past:</strong> four previous directors are interviewed about significant events where The Nordic House set the agenda in society and created significant events, which left powerful footprints. <strong>Ann Sandelin (1980-1984), </strong><strong>Lars-Åke Engblom (1989-1993), Riitta Heinämaa 1998-2002, Max Dager (2007-2014) </strong><br />
Moderator: Bogi Ágústsson.</p>
<p><em>Buffet break.</em></p>
<p>12:45 &#8211; 12:55 Musical interlude with young musicians from Orkester Norden.</p>
<p>12:56 &#8211; 13:04 Iceland&#8217;s Prime Minister, <strong>Katrín Jakobsdóttir</strong>, on Government Visions for Nordic Cooperation.</p>
<p>13:05 &#8211; 13:10 Iceland´s Minister of Education, Science and Culture, <strong>Lilja Dögg Alfreðsdóttir</strong> talks about cultural cooperation.</p>
<p><strong>• Panel discussion 2:</strong></p>
<p>13:11 &#8211; 13:40<em> </em><strong>The future</strong>: Nordic culture in the Nordic countries and in the world.<strong>The Nordic Culture Ministers: </strong><strong>Lilja Dögg Alfreðsdóttir</strong> and <strong>Tony Asumaa </strong>(Aaland), Kristianna Winther Poulsen (Feroy Island)<strong> </strong>and Deputy Mayor of Reykjavík Þórdís Lóa Þórhallsdóttir discuss common Nordic strategies within and outside the Nordic region. Is a permanent representation like The Nordic House an asset and is it a model that suits future needs and is it inclusive for new Nordic citizens?</p>
<p><em>Moderator: <strong>Sigríður Hagalín</strong>, RÚV</em></p>
<p><em>• Coffee break</em></p>
<p>• <strong>Panel debate 3</strong>:</p>
<p>13.55 &#8211; 1 4:25 Director Mikkel Harder initiates and discusses with key partners from the Icelandic arts and culture scene: <strong>A house for all at all times.</strong> What are the expectations of The Nordic House in Iceland? Is the Scandinavian language community a possibility or an obstacle?<strong> Vigdís Jakobsdóttir </strong>(Listahátið), <strong><em>Erling Jóhannesson </em></strong><em>(BÍL)</em><strong>, <em>Elfa Lilja Gísladóttir </em></strong><em>(List fyrir Alla)<strong>,</strong></em> <strong><em>Halla Helgadóttir </em></strong><em>(Design March) <strong><br />
</strong></em>Moderator<strong><em> Arnbjörg María Danielsen</em></strong></p>
<p>14:25 &#8211; 14:30 The Nordic Council Vice President, <strong>Martin </strong><strong>Kolberg</strong>, rounds off.</p>
<p>REMEMBER  to arrive early, as seating is limited.<br />
The conference will be interpreted between Danish and Icelandic.</p>
<p><strong>The Nordic House celebrates its 50th anniversary on the 25th of August for everyone to participate. The program begins with a free morning buffet and awesome family events, sauna and </strong>live<strong> music. In the evening we invite you to three number concert with Nordic musicians. <a href="https://nordichouse.is/en/event/50-ara-afmaeli-norraena-hussins/">See program</a></strong></p>
<p><a href="https://nordichouse.is/wp-content/uploads/2018/08/nordisk-ministerrad.jpg">   </a><a href="https://nordichouse.is/wp-content/uploads/2018/08/afm.png"><img decoding="async" class="alignnone wp-image-15905 lazyload" data-src="https://nordichouse.is/wp-content/uploads/2018/08/afm.png" alt="" width="197" height="294" src="data:image/svg+xml;base64,PHN2ZyB3aWR0aD0iMSIgaGVpZ2h0PSIxIiB4bWxucz0iaHR0cDovL3d3dy53My5vcmcvMjAwMC9zdmciPjwvc3ZnPg==" style="--smush-placeholder-width: 197px; --smush-placeholder-aspect-ratio: 197/294;" />           <img decoding="async" class="alignnone wp-image-14801 lazyload" data-src="https://nordichouse.is/wp-content/uploads/2018/05/nmr-logotype-cmyk-en-blue-copy-640x151.jpg" alt="" width="407" height="96" data-srcset="https://nordichouse.is/wp-content/uploads/2018/05/nmr-logotype-cmyk-en-blue-copy-640x151.jpg 640w, https://nordichouse.is/wp-content/uploads/2018/05/nmr-logotype-cmyk-en-blue-copy-768x181.jpg 768w, https://nordichouse.is/wp-content/uploads/2018/05/nmr-logotype-cmyk-en-blue-copy-1220x288.jpg 1220w, https://nordichouse.is/wp-content/uploads/2018/05/nmr-logotype-cmyk-en-blue-copy.jpg 1540w" data-sizes="(max-width: 407px) 100vw, 407px" src="data:image/svg+xml;base64,PHN2ZyB3aWR0aD0iMSIgaGVpZ2h0PSIxIiB4bWxucz0iaHR0cDovL3d3dy53My5vcmcvMjAwMC9zdmciPjwvc3ZnPg==" style="--smush-placeholder-width: 407px; --smush-placeholder-aspect-ratio: 407/96;" /></a></p>
<p>&nbsp;</p>
<p><strong>The Nordic Council of Ministers</strong> built a house in Iceland in the mid-60s. It was a huge financial effort to let the world-famous Finnish architect Alvar Aalto create an iconic cultural house in the periphery of the Nordic region.<br />
Decisions of this scale and nature required binding financial resources far,<br />
far into the future. Was it a good idea?</p>
<p>The opening of the house was extensively covered by media throughout the Nordic region and the excitement was great for the beautiful building. However, a leading Swedish newspaper wrote under the headline: &#8220;A beautiful burial of Nordic cooperation&#8221; that it was a waste of money, as there was no future for Nordic cooperation.</p>
<p>Political currents change at intervals in all Nordic countries. Nevertheless, the Nordic governments have given priority to Nordic cultural cooperation, which is perhaps stronger than ever before. What meaning has it had for Iceland and the other Nordic countries to have such a house in Reykjavík?</p>
<p><strong>The Secretary-General of the Nordic Council of Ministers states that:</strong></p>
<p>&#8220;Culture is a natural point of departure because it brings people together and is in many ways the driving force of society. There would be no Nordic cooperation without the cultural community.<br />
He states that the geographical proximity would, of course, be there after all, but that the neighbourly coexistence might potentially rather express itself in a confrontation.</p>
<p>&#8220;Cultural cooperation is also close to mankind in a more profound way than many political processes.</p>
<p>&#8220;The interest in the Nordic region in the rest of the world has a lot to do with cultural expressions such as literature, films and TV shows. This is also evident in the large Nordic joint ventures Nordic Cool in Washington D.C. in year 2013 and the Nordic Matters at the Southbank Center in London in 2017.<br />
Promoting Nordic culture and art goes hand in hand with spreading Nordic solutions and values.<br />
&#8220;All the different ways to profile and position the Nordic countries internationally are important. Therefore, I believe that those who are not particularly interested in culture have by now realized the importance of cultural cooperation”.</p>
<p>&nbsp;</p>
<p>&nbsp;</p>

<p>The conference is held on the 24th of August &#8211;  11:00 AM &#8211; 2:30 PM at Veröld- Vigdís Finnbogadóttir Institute &nbsp; To create an inspiring debate about the role of the Nordic House in the past, today and in the future&#8230; The conference is live-streamed &#8211; you can also follow the event on a big screen in [&hellip;]</p>
