{"id":14262,"date":"2018-03-21T17:41:36","date_gmt":"2018-03-21T17:41:36","guid":{"rendered":"https:\/\/nordichouse.is\/event\/dagur-nordurlandanna-2\/"},"modified":"2018-03-22T15:38:34","modified_gmt":"2018-03-22T15:38:34","slug":"dagur-nordurlandanna-2","status":"publish","type":"event","link":"https:\/\/nordichouse.is\/en\/event\/dagur-nordurlandanna-2\/","title":{"rendered":"Dagur Nor\u00f0urlandanna"},"content":{"rendered":"<h1>Dagur Nor\u00f0urlandanna<\/h1>\n<p><strong>Norr\u00e6na f\u00e9lagi\u00f0 og Norr\u00e6na h\u00fasi\u00f0 bj\u00f3\u00f0a til h\u00e1t\u00ed\u00f0ardagskr\u00e1r\u00a0\u00ed Norr\u00e6na h\u00fasinu f\u00f6studaginn 23. mars kl 16:00 \u2013 17:00, a\u00f0 loknu m\u00e1l\u00feingi um sk\u00fdrslu Norr\u00e6nu r\u00e1\u00f0herranefndarinn State of the Nordic Region, \u00ed tilefni af degi Nor\u00f0urlanda. Bo\u00f0i\u00f0 ver\u00f0ur upp \u00e1 l\u00e9ttar veitingar fr\u00e1 15:30.\u00a0<\/strong><\/p>\n<p><strong>Dagskr\u00e1:\u00a0<\/strong><\/p>\n<p><strong>Bogi \u00c1g\u00fastsson<\/strong>, forma\u00f0ur Norr\u00e6na f\u00e9lagsins b\u00fd\u00f0ur gesti velkomna.<\/p>\n<p><strong style=\"font-style: inherit;\">Silja D\u00f6gg Gunnarsd\u00f3ttir<\/strong>, forma\u00f0ur \u00cdslandsdeildar Nor\u00f0urlandar\u00e1\u00f0s flytur \u00e1varp<\/p>\n<p><strong style=\"font-style: inherit;\">Au\u00f0ur Ava \u00d3lafsd\u00f3ttir<\/strong>, rith\u00f6fundur les upp \u00far b\u00f3k s\u00ednni \u00d6r sem er tilnefnd til B\u00f3kmenntaver\u00f0launa Nor\u00f0urlandar\u00e1\u00f0s 2018.<\/p>\n<p><strong style=\"font-style: inherit;\">Ingi Thor J\u00f3nsson<\/strong>, fjallar um Nor\u00f0url\u00f6ndin sem \u00e1fangasta\u00f0. Fyrirlesturinn er hluti af fyrirlestrarr\u00f6\u00f0 Norr\u00e6na f\u00e9lagsins, \u201dVegfer\u00f0 til velfer\u00f0ar\u201d \u00ed tilefni 100 \u00e1ra Fullveldisafm\u00e6li \u00cdslands.<\/p>\n<p><strong>L\u00e9ttar veitingar \u00ed bo\u00f0i \u00e1\u00f0ur en dagskr\u00e1in hefst.<\/strong><\/p>\n<p><strong>Allir velkomnir!<\/strong><\/p>\n<p>&nbsp;<\/p>\n","protected":false},"excerpt":{"rendered":"<p>Dagur Nor\u00f0urlandanna Norr\u00e6na f\u00e9lagi\u00f0 og Norr\u00e6na h\u00fasi\u00f0 bj\u00f3\u00f0a til h\u00e1t\u00ed\u00f0ardagskr\u00e1r\u00a0\u00ed Norr\u00e6na h\u00fasinu f\u00f6studaginn 23. mars kl 16:00 \u2013 17:00, a\u00f0 loknu m\u00e1l\u00feingi um sk\u00fdrslu Norr\u00e6nu r\u00e1\u00f0herranefndarinn State of the Nordic Region, \u00ed tilefni af degi Nor\u00f0urlanda. Bo\u00f0i\u00f0 ver\u00f0ur upp \u00e1 l\u00e9ttar veitingar fr\u00e1 15:30.\u00a0 Dagskr\u00e1:\u00a0 Bogi \u00c1g\u00fastsson, forma\u00f0ur Norr\u00e6na f\u00e9lagsins b\u00fd\u00f0ur gesti velkomna. Silja D\u00f6gg [&hellip;]<\/p>\n","protected":false},"featured_media":14260,"template":"","event-categories":[7],"class_list":["post-14262","event","type-event","status-publish","has-post-thumbnail","hentry","event-categories-lecture","no-banner-image"],"acf":[],"_links":{"self":[{"href":"https:\/\/nordichouse.is\/en\/wp-json\/wp\/v2\/event\/14262","targetHints":{"allow":["GET"]}}],"collection":[{"href":"https:\/\/nordichouse.is\/en\/wp-json\/wp\/v2\/event"}],"about":[{"href":"https:\/\/nordichouse.is\/en\/wp-json\/wp\/v2\/types\/event"}],"wp:featuredmedia":[{"embeddable":true,"href":"https:\/\/nordichouse.is\/en\/wp-json\/wp\/v2\/media\/14260"}],"wp:attachment":[{"href":"https:\/\/nordichouse.is\/en\/wp-json\/wp\/v2\/media?parent=14262"}],"wp:term":[{"taxonomy":"event-categories","embeddable":true,"href":"https:\/\/nordichouse.is\/en\/wp-json\/wp\/v2\/event-categories?post=14262"}],"curies":[{"name":"wp","href":"https:\/\/api.w.org\/{rel}","templated":true}]}}

Dagur Norðurlandanna

<h1>Dagur Norðurlandanna</h1>
<p><strong>Norræna félagið og Norræna húsið bjóða til hátíðardagskrár í Norræna húsinu föstudaginn 23. mars kl 16:00 – 17:00, að loknu málþingi um skýrslu Norrænu ráðherranefndarinn State of the Nordic Region, í tilefni af degi Norðurlanda. Boðið verður upp á léttar veitingar frá 15:30. </strong></p>
<p><strong>Dagskrá: </strong></p>
<p><strong>Bogi Ágústsson</strong>, formaður Norræna félagsins býður gesti velkomna.</p>
<p><strong style="font-style: inherit;">Silja Dögg Gunnarsdóttir</strong>, formaður Íslandsdeildar Norðurlandaráðs flytur ávarp</p>
<p><strong style="font-style: inherit;">Auður Ava Ólafsdóttir</strong>, rithöfundur les upp úr bók sínni Ör sem er tilnefnd til Bókmenntaverðlauna Norðurlandaráðs 2018.</p>
<p><strong style="font-style: inherit;">Ingi Thor Jónsson</strong>, fjallar um Norðurlöndin sem áfangastað. Fyrirlesturinn er hluti af fyrirlestrarröð Norræna félagsins, ”Vegferð til velferðar” í tilefni 100 ára Fullveldisafmæli Íslands.</p>
<p><strong>Léttar veitingar í boði áður en dagskráin hefst.</strong></p>
<p><strong>Allir velkomnir!</strong></p>
<p>&nbsp;</p>

<p>Dagur Norðurlandanna Norræna félagið og Norræna húsið bjóða til hátíðardagskrár í Norræna húsinu föstudaginn 23. mars kl 16:00 – 17:00, að loknu málþingi um skýrslu Norrænu ráðherranefndarinn State of the Nordic Region, í tilefni af degi Norðurlanda. Boðið verður upp á léttar veitingar frá 15:30.  Dagskrá:  Bogi Ágústsson, formaður Norræna félagsins býður gesti velkomna. Silja Dögg [&hellip;]</p>
