{"id":13483,"date":"2018-01-17T18:43:55","date_gmt":"2018-01-17T18:43:55","guid":{"rendered":"https:\/\/nordichouse.is\/event\/stirni-ensemble-myrkir-musikdagar\/"},"modified":"2018-01-17T20:12:26","modified_gmt":"2018-01-17T20:12:26","slug":"stirni-ensemble-myrkir-musikdagar","status":"publish","type":"event","link":"https:\/\/nordichouse.is\/en\/event\/stirni-ensemble-myrkir-musikdagar\/","title":{"rendered":"Stirni Ensemble (IS) &#8211; Dark Music Days"},"content":{"rendered":"<h1>Stirni Ensemble (IS)<\/h1>\n<h2 style=\"margin: 0cm; margin-bottom: .0001pt;\"><b><i><span style=\"font-family: 'Georgia',serif; color: black;\">\u00devers og kruss<\/span><\/i><\/b><\/h2>\n<h2 style=\"margin: 0cm; margin-bottom: .0001pt;\"><span style=\"font-family: 'Georgia',serif; color: black;\">The Nordic House<\/span><\/h2>\n<h2 style=\"margin: 0cm; margin-bottom: .0001pt;\"><span style=\"font-family: 'Georgia',serif; color: black;\">16:00 \/ 4 pm<\/span><\/h2>\n<h2 style=\"margin: 0cm; margin-bottom: .0001pt;\"><span style=\"font-family: 'Georgia',serif; color: black; background: white;\">2000 kr.<\/span><\/h2>\n<p style=\"margin: 0cm; margin-bottom: .0001pt;\"><span style=\"font-family: 'Georgia',serif; color: black;\">\u00a0<\/span><\/p>\n<p style=\"margin: 0cm; margin-bottom: .0001pt;\"><span style=\"font-family: 'Georgia',serif; color: black;\">\u00a0<\/span><\/p>\n<p style=\"margin: 0cm; margin-bottom: .0001pt;\"><span style=\"font-family: 'Georgia',serif; color: black;\"><strong>Stirni Ensemble<\/strong> has put together a program of young composers from across the globe. Members of Stirni Ensemble all studied music in the Netherlands at a certain point and wanted to bring to the festival a program of compositions of the composers that they have worked with over there and at the same time have the opportunity to premiere works by Icelandic composers.<\/span><\/p>\n<p style=\"margin: 0cm; margin-bottom: .0001pt;\"><span style=\"font-family: 'Georgia',serif; color: black;\">\u00a0<\/span><\/p>\n<p style=\"margin: 0cm; margin-bottom: .0001pt;\"><img decoding=\"async\" class=\"alignnone size-full wp-image-13479 lazyload\" data-src=\"https:\/\/nordichouse.is\/wp-content\/uploads\/2018\/01\/stirni.jpg\" alt=\"\" width=\"420\" height=\"280\" src=\"data:image\/svg+xml;base64,PHN2ZyB3aWR0aD0iMSIgaGVpZ2h0PSIxIiB4bWxucz0iaHR0cDovL3d3dy53My5vcmcvMjAwMC9zdmciPjwvc3ZnPg==\" style=\"--smush-placeholder-width: 420px; --smush-placeholder-aspect-ratio: 420\/280;\" \/><\/p>\n<p style=\"margin: 0cm; margin-bottom: .0001pt;\"><span style=\"font-family: 'Georgia',serif; color: black;\">\u00a0<\/span><\/p>\n<p style=\"margin: 0cm; margin-bottom: .0001pt;\"><span style=\"font-family: 'Georgia',serif; color: black;\">Stirni Ensemble<\/span><\/p>\n<p style=\"margin: 0cm; margin-bottom: .0001pt;\"><span style=\"font-family: 'Georgia',serif; color: black;\">Bj\u00f6rk N\u00edelsd\u00f3ttir,<i> s\u00f3pran \/ soprano<\/i><\/span><\/p>\n<p style=\"margin: 0cm; margin-bottom: .0001pt;\"><span style=\"font-family: 'Georgia',serif; color: black;\">Gr\u00edmur Helgason, <i>klar\u00ednett \/ clarinet<\/i><\/span><\/p>\n<p style=\"margin: 0cm; margin-bottom: .0001pt;\"><span style=\"font-family: 'Georgia',serif; color: black;\">Hafd\u00eds Vigf\u00fasd\u00f3ttir, <i>flauta \/ flute<\/i><\/span><\/p>\n<p style=\"margin: 0cm; margin-bottom: .0001pt;\"><span style=\"font-family: 'Georgia',serif; color: black;\">Svanur Vilbergsson, <i>g\u00edtar \/ guitar<\/i><\/span><\/p>\n<p style=\"margin: 0cm; margin-bottom: .0001pt;\"><span style=\"font-family: 'Georgia',serif; color: black;\">\u00a0<\/span><\/p>\n<p style=\"margin: 0cm; margin-bottom: .0001pt;\"><b><span style=\"font-family: 'Georgia',serif; color: black;\">Program<\/span><\/b><\/p>\n<p style=\"margin: 0cm; margin-bottom: .0001pt;\"><span style=\"font-family: 'Georgia',serif; color: black;\">\u00a0<\/span><\/p>\n<p style=\"margin: 0cm; margin-bottom: .0001pt;\"><strong><span style=\"font-family: 'Georgia',serif; color: black;\">Kaja Draksler &#8211;\u00a0<\/span><\/strong><i><span style=\"font-family: 'Georgia',serif; color: black;\">Mir(o) (2017) 5\u2019 <\/span><\/i><\/p>\n<p style=\"margin: 0cm; margin-bottom: .0001pt;\"><i><span style=\"font-family: 'Georgia',serif; color: black;\">frumflutningur \/ premiere<\/span><\/i><\/p>\n<p style=\"margin: 0cm; margin-bottom: .0001pt;\"><span style=\"font-family: 'Georgia',serif; color: black;\">\u00a0<\/span><\/p>\n<p style=\"margin: 0cm; margin-bottom: .0001pt;\"><strong><span style=\"font-family: 'Georgia',serif; color: black;\">Sigr\u00fan J\u00f3nsd\u00f3ttir &#8211;\u00a0<\/span><\/strong><i><span style=\"font-family: 'Georgia',serif; color: black;\">Uppstreymi (2017) 10\u2019 <\/span><\/i><\/p>\n<p style=\"margin: 0cm; margin-bottom: .0001pt;\"><i><span style=\"font-family: 'Georgia',serif; color: black;\">frumflutningur \/ premiere<\/span><\/i><\/p>\n<p style=\"margin: 0cm; margin-bottom: .0001pt;\"><span style=\"font-family: 'Georgia',serif; color: black;\">\u00a0<\/span><\/p>\n<p style=\"margin: 0cm; margin-bottom: .0001pt;\"><strong><span style=\"font-family: 'Georgia',serif; color: black;\">Martial Nardeau &#8211;\u00a0<\/span><\/strong><i><span style=\"font-family: 'Georgia',serif; color: black;\">Veturinn (2017) 7 \u2019 <\/span><\/i><\/p>\n<p style=\"margin: 0cm; margin-bottom: .0001pt;\"><i><span style=\"font-family: 'Georgia',serif; color: black;\">frumflutningur \/ premiere<\/span><\/i><\/p>\n<p style=\"margin: 0cm; margin-bottom: .0001pt;\"><span style=\"font-family: 'Georgia',serif; color: black;\">\u00a0<\/span><\/p>\n<p style=\"margin: 0cm; margin-bottom: .0001pt;\"><strong><span style=\"font-family: 'Georgia',serif; color: black;\">Bergr\u00fan Sn\u00e6bj\u00f6rnsd\u00f3ttir-\u00a0<\/span><\/strong><i><span style=\"font-family: 'Georgia',serif; color: black;\">BAE (before anyone else) (2017) 10\u2019 <\/span><\/i><\/p>\n<p style=\"margin: 0cm; margin-bottom: .0001pt;\"><i><span style=\"font-family: 'Georgia',serif; color: black;\">frumflutningur \/ premiere<\/span><\/i><\/p>\n<p style=\"margin: 0cm; margin-bottom: .0001pt;\"><span style=\"font-family: 'Georgia',serif; color: black;\">\u00a0<\/span><\/p>\n<p style=\"margin: 0cm; margin-bottom: .0001pt;\"><strong><span style=\"font-family: 'Georgia',serif; color: black;\">Rodrigo Tascon-\u00a0<\/span><\/strong><i><span style=\"font-family: 'Georgia',serif; color: black;\">\/ in<\/span><\/i><i><span style=\"font-family: 'Times New Roman',serif; color: black;\">\u02c8<\/span><\/i><i><span style=\"font-family: 'Georgia',serif; color: black;\">k<\/span><\/i><i><span style=\"font-family: 'Times New Roman',serif; color: black;\">\u0259<\/span><\/i><i><span style=\"font-family: 'Georgia',serif; color: black;\">rZH<\/span><\/i><i><span style=\"font-family: 'Times New Roman',serif; color: black;\">\u0259<\/span><\/i><i><span style=\"font-family: 'Georgia',serif; color: black;\">n \/ (2017)<\/span><\/i><span style=\"font-family: 'Georgia',serif; color: black;\"> <i>10\u2019 <\/i><\/span><\/p>\n<p style=\"margin: 0cm; margin-bottom: .0001pt;\"><i><span style=\"font-family: 'Georgia',serif; color: black;\">frumflutningur \/ premiere<\/span><\/i><\/p>\n<p style=\"margin: 0cm; margin-bottom: .0001pt;\"><span style=\"font-family: 'Georgia',serif; color: black;\">\u00a0<\/span><\/p>\n<p style=\"margin: 0cm; margin-bottom: .0001pt;\"><strong><span style=\"font-family: 'Georgia',serif; color: black;\">Mateu Malondra Flaquer &#8211;\u00a0<\/span><\/strong><i><span style=\"font-family: 'Georgia',serif; color: #1d2129;\">Caf\u00e9 noir at Grave&#8217;s <\/span><\/i><i><span style=\"font-family: 'Georgia',serif; color: black;\">\u00a0(2007, breytt 2017 \/ 2007, altered 2017) 6\u2019 <\/span><\/i><\/p>\n<p style=\"margin: 0cm; margin-bottom: .0001pt;\"><span style=\"font-family: 'Georgia',serif; color: black;\">\u00a0<\/span><\/p>\n<p style=\"margin: 0cm; margin-bottom: .0001pt;\"><span style=\"font-family: 'Georgia',serif; color: black;\"><strong>Stirni Ensemble<\/strong> is a group of Icelandic musicians with a strong connection to The Netherlands. The quartet focuses on new music and has many new pieces commisoned for them. All members are active in the music &amp; art scene in Iceland in different context. <\/span><\/p>\n<p style=\"margin: 0cm; margin-bottom: .0001pt;\">\n","protected":false},"excerpt":{"rendered":"<p>Stirni Ensemble (IS) \u00devers og kruss The Nordic House 16:00 \/ 4 pm 2000 kr. \u00a0 \u00a0 Stirni Ensemble has put together a program of young composers from across the globe. Members of Stirni Ensemble all studied music in the Netherlands at a certain point and wanted to bring to the festival a program of [&hellip;]<\/p>\n","protected":false},"featured_media":13461,"template":"","event-categories":[5],"class_list":["post-13483","event","type-event","status-publish","has-post-thumbnail","hentry","event-categories-concert","no-banner-image"],"acf":[],"_links":{"self":[{"href":"https:\/\/nordichouse.is\/en\/wp-json\/wp\/v2\/event\/13483","targetHints":{"allow":["GET"]}}],"collection":[{"href":"https:\/\/nordichouse.is\/en\/wp-json\/wp\/v2\/event"}],"about":[{"href":"https:\/\/nordichouse.is\/en\/wp-json\/wp\/v2\/types\/event"}],"wp:featuredmedia":[{"embeddable":true,"href":"https:\/\/nordichouse.is\/en\/wp-json\/wp\/v2\/media\/13461"}],"wp:attachment":[{"href":"https:\/\/nordichouse.is\/en\/wp-json\/wp\/v2\/media?parent=13483"}],"wp:term":[{"taxonomy":"event-categories","embeddable":true,"href":"https:\/\/nordichouse.is\/en\/wp-json\/wp\/v2\/event-categories?post=13483"}],"curies":[{"name":"wp","href":"https:\/\/api.w.org\/{rel}","templated":true}]}}

<h1>Stirni Ensemble (IS)</h1>
<h2 style="margin: 0cm; margin-bottom: .0001pt;"><b><i><span style="font-family: 'Georgia',serif; color: black;">Þvers og kruss</span></i></b></h2>
<h2 style="margin: 0cm; margin-bottom: .0001pt;"><span style="font-family: 'Georgia',serif; color: black;">The Nordic House</span></h2>
<h2 style="margin: 0cm; margin-bottom: .0001pt;"><span style="font-family: 'Georgia',serif; color: black;">16:00 / 4 pm</span></h2>
<h2 style="margin: 0cm; margin-bottom: .0001pt;"><span style="font-family: 'Georgia',serif; color: black; background: white;">2000 kr.</span></h2>
<p style="margin: 0cm; margin-bottom: .0001pt;"><span style="font-family: 'Georgia',serif; color: black;"> </span></p>
<p style="margin: 0cm; margin-bottom: .0001pt;"><span style="font-family: 'Georgia',serif; color: black;"> </span></p>
<p style="margin: 0cm; margin-bottom: .0001pt;"><span style="font-family: 'Georgia',serif; color: black;"><strong>Stirni Ensemble</strong> has put together a program of young composers from across the globe. Members of Stirni Ensemble all studied music in the Netherlands at a certain point and wanted to bring to the festival a program of compositions of the composers that they have worked with over there and at the same time have the opportunity to premiere works by Icelandic composers.</span></p>
<p style="margin: 0cm; margin-bottom: .0001pt;"><span style="font-family: 'Georgia',serif; color: black;"> </span></p>
<p style="margin: 0cm; margin-bottom: .0001pt;"><img decoding="async" class="alignnone size-full wp-image-13479 lazyload" data-src="https://nordichouse.is/wp-content/uploads/2018/01/stirni.jpg" alt="" width="420" height="280" src="data:image/svg+xml;base64,PHN2ZyB3aWR0aD0iMSIgaGVpZ2h0PSIxIiB4bWxucz0iaHR0cDovL3d3dy53My5vcmcvMjAwMC9zdmciPjwvc3ZnPg==" style="--smush-placeholder-width: 420px; --smush-placeholder-aspect-ratio: 420/280;" /></p>
<p style="margin: 0cm; margin-bottom: .0001pt;"><span style="font-family: 'Georgia',serif; color: black;"> </span></p>
<p style="margin: 0cm; margin-bottom: .0001pt;"><span style="font-family: 'Georgia',serif; color: black;">Stirni Ensemble</span></p>
<p style="margin: 0cm; margin-bottom: .0001pt;"><span style="font-family: 'Georgia',serif; color: black;">Björk Níelsdóttir,<i> sópran / soprano</i></span></p>
<p style="margin: 0cm; margin-bottom: .0001pt;"><span style="font-family: 'Georgia',serif; color: black;">Grímur Helgason, <i>klarínett / clarinet</i></span></p>
<p style="margin: 0cm; margin-bottom: .0001pt;"><span style="font-family: 'Georgia',serif; color: black;">Hafdís Vigfúsdóttir, <i>flauta / flute</i></span></p>
<p style="margin: 0cm; margin-bottom: .0001pt;"><span style="font-family: 'Georgia',serif; color: black;">Svanur Vilbergsson, <i>gítar / guitar</i></span></p>
<p style="margin: 0cm; margin-bottom: .0001pt;"><span style="font-family: 'Georgia',serif; color: black;"> </span></p>
<p style="margin: 0cm; margin-bottom: .0001pt;"><b><span style="font-family: 'Georgia',serif; color: black;">Program</span></b></p>
<p style="margin: 0cm; margin-bottom: .0001pt;"><span style="font-family: 'Georgia',serif; color: black;"> </span></p>
<p style="margin: 0cm; margin-bottom: .0001pt;"><strong><span style="font-family: 'Georgia',serif; color: black;">Kaja Draksler &#8211; </span></strong><i><span style="font-family: 'Georgia',serif; color: black;">Mir(o) (2017) 5’ </span></i></p>
<p style="margin: 0cm; margin-bottom: .0001pt;"><i><span style="font-family: 'Georgia',serif; color: black;">frumflutningur / premiere</span></i></p>
<p style="margin: 0cm; margin-bottom: .0001pt;"><span style="font-family: 'Georgia',serif; color: black;"> </span></p>
<p style="margin: 0cm; margin-bottom: .0001pt;"><strong><span style="font-family: 'Georgia',serif; color: black;">Sigrún Jónsdóttir &#8211; </span></strong><i><span style="font-family: 'Georgia',serif; color: black;">Uppstreymi (2017) 10’ </span></i></p>
<p style="margin: 0cm; margin-bottom: .0001pt;"><i><span style="font-family: 'Georgia',serif; color: black;">frumflutningur / premiere</span></i></p>
<p style="margin: 0cm; margin-bottom: .0001pt;"><span style="font-family: 'Georgia',serif; color: black;"> </span></p>
<p style="margin: 0cm; margin-bottom: .0001pt;"><strong><span style="font-family: 'Georgia',serif; color: black;">Martial Nardeau &#8211; </span></strong><i><span style="font-family: 'Georgia',serif; color: black;">Veturinn (2017) 7 ’ </span></i></p>
<p style="margin: 0cm; margin-bottom: .0001pt;"><i><span style="font-family: 'Georgia',serif; color: black;">frumflutningur / premiere</span></i></p>
<p style="margin: 0cm; margin-bottom: .0001pt;"><span style="font-family: 'Georgia',serif; color: black;"> </span></p>
<p style="margin: 0cm; margin-bottom: .0001pt;"><strong><span style="font-family: 'Georgia',serif; color: black;">Bergrún Snæbjörnsdóttir- </span></strong><i><span style="font-family: 'Georgia',serif; color: black;">BAE (before anyone else) (2017) 10’ </span></i></p>
<p style="margin: 0cm; margin-bottom: .0001pt;"><i><span style="font-family: 'Georgia',serif; color: black;">frumflutningur / premiere</span></i></p>
<p style="margin: 0cm; margin-bottom: .0001pt;"><span style="font-family: 'Georgia',serif; color: black;"> </span></p>
<p style="margin: 0cm; margin-bottom: .0001pt;"><strong><span style="font-family: 'Georgia',serif; color: black;">Rodrigo Tascon- </span></strong><i><span style="font-family: 'Georgia',serif; color: black;">/ in</span></i><i><span style="font-family: 'Times New Roman',serif; color: black;">ˈ</span></i><i><span style="font-family: 'Georgia',serif; color: black;">k</span></i><i><span style="font-family: 'Times New Roman',serif; color: black;">ə</span></i><i><span style="font-family: 'Georgia',serif; color: black;">rZH</span></i><i><span style="font-family: 'Times New Roman',serif; color: black;">ə</span></i><i><span style="font-family: 'Georgia',serif; color: black;">n / (2017)</span></i><span style="font-family: 'Georgia',serif; color: black;"> <i>10’ </i></span></p>
<p style="margin: 0cm; margin-bottom: .0001pt;"><i><span style="font-family: 'Georgia',serif; color: black;">frumflutningur / premiere</span></i></p>
<p style="margin: 0cm; margin-bottom: .0001pt;"><span style="font-family: 'Georgia',serif; color: black;"> </span></p>
<p style="margin: 0cm; margin-bottom: .0001pt;"><strong><span style="font-family: 'Georgia',serif; color: black;">Mateu Malondra Flaquer &#8211; </span></strong><i><span style="font-family: 'Georgia',serif; color: #1d2129;">Café noir at Grave&#8217;s </span></i><i><span style="font-family: 'Georgia',serif; color: black;"> (2007, breytt 2017 / 2007, altered 2017) 6’ </span></i></p>
<p style="margin: 0cm; margin-bottom: .0001pt;"><span style="font-family: 'Georgia',serif; color: black;"> </span></p>
<p style="margin: 0cm; margin-bottom: .0001pt;"><span style="font-family: 'Georgia',serif; color: black;"><strong>Stirni Ensemble</strong> is a group of Icelandic musicians with a strong connection to The Netherlands. The quartet focuses on new music and has many new pieces commisoned for them. All members are active in the music &amp; art scene in Iceland in different context. </span></p>
<p style="margin: 0cm; margin-bottom: .0001pt;">

<p>Stirni Ensemble (IS) Þvers og kruss The Nordic House 16:00 / 4 pm 2000 kr.     Stirni Ensemble has put together a program of young composers from across the globe. Members of Stirni Ensemble all studied music in the Netherlands at a certain point and wanted to bring to the festival a program of [&hellip;]</p>
