{"id":1242,"date":"2015-09-03T13:25:29","date_gmt":"2015-09-03T13:25:29","guid":{"rendered":"https:\/\/nordichouse.is\/event\/portrett-af-thor-vilhjalmssyni-2\/"},"modified":"2015-09-03T13:47:07","modified_gmt":"2015-09-03T13:47:07","slug":"portrett-af-thor-vilhjalmssyni","status":"publish","type":"event","link":"https:\/\/nordichouse.is\/en\/event\/portrett-af-thor-vilhjalmssyni\/","title":{"rendered":"Portrait of Thor Vilhj\u00e1lmsson"},"content":{"rendered":"<p>Author Thor Vilhj\u00e1lmsson was one of the founders of the Reykjav\u00edk International Literary Festival, which first ran in 1985.<\/p>\n<p>This year marks its thirty-year anniversary, and to celebrate this occasion, a photo exhibition honouring Thor will be on display at Nordic House. Thor, who would have turned 90 this year, was a key figure in the success and development of the festival, and the exhibition will feature the work of several renowned artists who photographed him, as well as photos from his family collection.<\/p>\n<p>Stills from the film Dream of the Way (Erlendur Sveinsson), which featured Thor walking the Way of St. James pilgrimage, will also be displayed.<br \/>\nThis free exhibition will be on at Nordic House during the festival.<br \/>\nProduced in collaboration with Reykjav\u00edk UNESCO City of Literature.<br \/>\nCurated by Ragnhei\u00f0ur Vignisdottir.<\/p>\n<p>&nbsp;<\/p>\n<p>Image by Einar Falur Ing\u00f3lfsson<\/p>\n<p>&nbsp;<\/p>\n<p>&nbsp;<\/p>\n","protected":false},"excerpt":{"rendered":"<p>Author Thor Vilhj\u00e1lmsson was one of the founders of the Reykjav\u00edk International Literary Festival, which first ran in 1985. This year marks its thirty-year anniversary, and to celebrate this occasion, a photo exhibition honouring Thor will be on display at Nordic House. Thor, who would have turned 90 this year, was a key figure in [&hellip;]<\/p>\n","protected":false},"featured_media":1245,"template":"","event-categories":[8],"class_list":["post-1242","event","type-event","status-publish","has-post-thumbnail","hentry","event-categories-literature","no-banner-image"],"acf":[],"_links":{"self":[{"href":"https:\/\/nordichouse.is\/en\/wp-json\/wp\/v2\/event\/1242","targetHints":{"allow":["GET"]}}],"collection":[{"href":"https:\/\/nordichouse.is\/en\/wp-json\/wp\/v2\/event"}],"about":[{"href":"https:\/\/nordichouse.is\/en\/wp-json\/wp\/v2\/types\/event"}],"wp:featuredmedia":[{"embeddable":true,"href":"https:\/\/nordichouse.is\/en\/wp-json\/wp\/v2\/media\/1245"}],"wp:attachment":[{"href":"https:\/\/nordichouse.is\/en\/wp-json\/wp\/v2\/media?parent=1242"}],"wp:term":[{"taxonomy":"event-categories","embeddable":true,"href":"https:\/\/nordichouse.is\/en\/wp-json\/wp\/v2\/event-categories?post=1242"}],"curies":[{"name":"wp","href":"https:\/\/api.w.org\/{rel}","templated":true}]}}

Portrait of Thor Vilhjálmsson

<p>Author Thor Vilhjálmsson was one of the founders of the Reykjavík International Literary Festival, which first ran in 1985.</p>
<p>This year marks its thirty-year anniversary, and to celebrate this occasion, a photo exhibition honouring Thor will be on display at Nordic House. Thor, who would have turned 90 this year, was a key figure in the success and development of the festival, and the exhibition will feature the work of several renowned artists who photographed him, as well as photos from his family collection.</p>
<p>Stills from the film Dream of the Way (Erlendur Sveinsson), which featured Thor walking the Way of St. James pilgrimage, will also be displayed.<br />
This free exhibition will be on at Nordic House during the festival.<br />
Produced in collaboration with Reykjavík UNESCO City of Literature.<br />
Curated by Ragnheiður Vignisdottir.</p>
<p>&nbsp;</p>
<p>Image by Einar Falur Ingólfsson</p>
<p>&nbsp;</p>
<p>&nbsp;</p>

<p>Author Thor Vilhjálmsson was one of the founders of the Reykjavík International Literary Festival, which first ran in 1985. This year marks its thirty-year anniversary, and to celebrate this occasion, a photo exhibition honouring Thor will be on display at Nordic House. Thor, who would have turned 90 this year, was a key figure in [&hellip;]</p>
