{"id":51992,"date":"2022-05-28T10:17:27","date_gmt":"2022-05-28T10:17:27","guid":{"rendered":"https:\/\/nordichouse.is\/renovering-i-nordens-hus\/"},"modified":"2024-06-20T14:14:35","modified_gmt":"2024-06-20T14:14:35","slug":"renovering-i-nordens-hus","status":"publish","type":"page","link":"https:\/\/nordichouse.is\/da\/renovering-i-nordens-hus\/","title":{"rendered":"Renovering i Nordens Hus"},"content":{"rendered":"\r\n<div class=\"wp-block-media-text alignwide has-media-on-the-right is-stacked-on-mobile is-image-fill\">\r\n<figure class=\"wp-block-media-text__media lazyload\" style=\"background-image:inherit; background-position: 53% 56.00000000000001%;\" data-bg-image=\"url(&#039;https:\/\/nordichouse.is\/wp-content\/uploads\/2022\/06\/20220517-Norraena-husid_edit_EA_004-813x1220.jpg&#039;)\"><\/figure>\r\n<div class=\"wp-block-media-text__content\">\r\n<p><strong><em><span style=\"vertical-align: inherit;\"><span style=\"vertical-align: inherit;\">Status f<\/span><\/span><\/em><em><span style=\"vertical-align: inherit;\"><span style=\"vertical-align: inherit;\">\u00f6r <\/span><\/span><\/em><\/strong><em><span style=\"vertical-align: inherit;\"><span style=\"vertical-align: inherit;\"><strong>renovering:<\/strong> <br \/><\/span><\/span><\/em><span style=\"vertical-align: inherit;\"><span style=\"vertical-align: inherit;\">Takrenovering: f\u00e4rdig\u00a0<\/span><\/span><em><br \/><\/em><span style=\"vertical-align: inherit;\"><span style=\"vertical-align: inherit;\">Interi\u00f6r (Atrium och Elissa): f\u00e4rdig\u00a0<br \/>Bibliotek: f\u00e4rdig\u00a0<br \/>Barnbibliotek och exteri\u00f6r: renovering skal\u00a0vara f\u00e4rdig i august\/september 2024<br \/><\/span><\/span><\/p>\r\n\r\n\r\n\r\n<p><span style=\"vertical-align: inherit;\"><span style=\"vertical-align: inherit;\">Nordens Hus \u00e4r ett unikt landm\u00e4rke i Reykjav\u00edk och ett av Islands viktigaste arkitektoniska verk. <\/span><span style=\"vertical-align: inherit;\">Huset ritades av den finske arkitekten Alvar Aalto och \u00f6ppnade 1968. Fr\u00e5n b\u00f6rjan har det varit centrum f\u00f6r nordiskt samarbete och k\u00e4rnan i Reykjav\u00edks kulturliv.<\/span><\/span><\/p>\r\n\r\n\r\n\r\n<p><span style=\"vertical-align: inherit;\"><span style=\"vertical-align: inherit;\">Nu har man beslutat att genomf\u00f6ra en allm\u00e4n renovering av Nordens Hus. <\/span><span style=\"vertical-align: inherit;\">Renoveringen kommer att ske under en tio\u00e5rsperiod, men det mest omfattande byggarbetet kommer att vara klart \u00e5ren 2022-2024. <\/span><span style=\"vertical-align: inherit;\">Huset har visat sig h\u00e5lla h\u00f6g standard, tillverkat av h\u00f6gkvalitativa material som st\u00e5r sig genom tiderna och vad g\u00e4ller tekniska l\u00f6sningar \u00e4r byggnaden till och med modern i f\u00f6rh\u00e5llande till sin tid. <\/span><span style=\"vertical-align: inherit;\">Faktum kvarst\u00e5r att det har g\u00e5tt 54 \u00e5r sedan Nordens Hus invigdes och huset \u00e4r en av f\u00e5 byggnader av Alvar Aalto som \u00e4nnu inte har genomg\u00e5tt en allm\u00e4n renovering.<\/span><\/span><\/p>\r\n\r\n\r\n\r\n<p>&nbsp;<\/p>\r\n<\/div>\r\n<\/div>\r\n\r\n\r\n\r\n<p><span style=\"vertical-align: inherit;\"><span style=\"vertical-align: inherit;\">Det \u00e4r viktigt f\u00f6r oss att huset inte \u00e4r helt st\u00e4ngt under renoveringen och vi forts\u00e4tter d\u00e4rf\u00f6r v\u00e5rt arbete. <\/span><span style=\"vertical-align: inherit;\">Det \u00e4r dock s\u00e4kert att det kommer att bli utmanande att h\u00e5lla ig\u00e5ng verksamheten under denna period. <\/span><span style=\"vertical-align: inherit;\">Av den anledningen vill vi under de kommande tv\u00e5 \u00e5ren fr\u00e4mst fokusera p\u00e5 v\u00e5ra egna projekt och projekt som redan etablerats med v\u00e5ra partners, och mindre p\u00e5 externa evenemang. <\/span><span style=\"vertical-align: inherit;\">Vi h\u00e5ller \u00e4ven utomhusevenemang och utnyttjar v\u00e5r milj\u00f6s potential fullt ut. <\/span><span style=\"vertical-align: inherit;\">Restaurangen i Nordens Hus, S\u00d3N\u00d3 Matseljur, vill ha \u00f6ppet alla dagar i veckan under renoveringen utom m\u00e5ndag.<\/span><\/span><\/p>\r\n\r\n\r\n\r\n<p><span style=\"vertical-align: inherit;\"><span style=\"vertical-align: inherit;\">Men en viktig del av detta projekt \u00e4r att dela information om framsteg med f\u00f6rb\u00e4ttringar. <\/span><span style=\"vertical-align: inherit;\">Vi delar l\u00f6pande information via v\u00e5ra sociala medier och ser fram emot att ge dig m\u00f6jligheten att f\u00f6lja med.<\/span><\/span><\/p>\r\n\r\n\r\n\r\n<p><a href=\"https:\/\/nordichouse.is\/da\/timabaerar-endurbaetur-a-norraena-husinu\/\"><span style=\"vertical-align: inherit;\"><span style=\"vertical-align: inherit;\">Mer p\u00e5 regiss\u00f6rens blogg<\/span><\/span><\/a><\/p>\r\n\r\n\r\n\r\n<p><a href=\"https:\/\/nordichouse.is\/wp-content\/uploads\/2022\/05\/Morgunblad_30april20222384421.pdf\" target=\"_blank\" rel=\"noreferrer noopener\"><span style=\"vertical-align: inherit;\"><span style=\"vertical-align: inherit;\">Nyheter fr\u00e5n Morgunbla\u00f0i\u00f0 30 april 2022 (PDF isl\u00e4ndska)<\/span><\/span><\/a><\/p>\r\n\r\n\r\n\r\n<figure class=\"wp-block-image alignwide size-full\"><img decoding=\"async\" width=\"800\" height=\"585\" class=\"wp-image-51901 lazyload\" data-src=\"https:\/\/nordichouse.is\/wp-content\/uploads\/2022\/05\/Nh-i-Byggingu-Sed-ur-lofti-ad-sjo-1967-196826.jpg\" alt=\"\" data-srcset=\"https:\/\/nordichouse.is\/wp-content\/uploads\/2022\/05\/Nh-i-Byggingu-Sed-ur-lofti-ad-sjo-1967-196826.jpg 800w, https:\/\/nordichouse.is\/wp-content\/uploads\/2022\/05\/Nh-i-Byggingu-Sed-ur-lofti-ad-sjo-1967-196826-640x468.jpg 640w, https:\/\/nordichouse.is\/wp-content\/uploads\/2022\/05\/Nh-i-Byggingu-Sed-ur-lofti-ad-sjo-1967-196826-768x562.jpg 768w\" data-sizes=\"(max-width: 800px) 100vw, 800px\" src=\"data:image\/svg+xml;base64,PHN2ZyB3aWR0aD0iMSIgaGVpZ2h0PSIxIiB4bWxucz0iaHR0cDovL3d3dy53My5vcmcvMjAwMC9zdmciPjwvc3ZnPg==\" style=\"--smush-placeholder-width: 800px; --smush-placeholder-aspect-ratio: 800\/585;\" \/><\/figure>\r\n","protected":false},"excerpt":{"rendered":"<p>Status f\u00f6r renovering: Takrenovering: f\u00e4rdig\u00a0Interi\u00f6r (Atrium och Elissa): f\u00e4rdig\u00a0Bibliotek: f\u00e4rdig\u00a0Barnbibliotek och exteri\u00f6r: renovering skal\u00a0vara f\u00e4rdig i august\/september 2024 Nordens Hus \u00e4r ett unikt landm\u00e4rke i Reykjav\u00edk och ett av Islands viktigaste arkitektoniska verk. Huset ritades av den finske arkitekten Alvar Aalto och \u00f6ppnade 1968. Fr\u00e5n b\u00f6rjan har det varit centrum f\u00f6r nordiskt samarbete och k\u00e4rnan [&hellip;]<\/p>\n","protected":false},"author":6,"featured_media":0,"parent":0,"menu_order":0,"comment_status":"closed","ping_status":"closed","template":"","meta":{"_acf_changed":false,"footnotes":""},"class_list":["post-51992","page","type-page","status-publish","hentry","no-banner-image"],"acf":[],"_links":{"self":[{"href":"https:\/\/nordichouse.is\/da\/wp-json\/wp\/v2\/pages\/51992","targetHints":{"allow":["GET"]}}],"collection":[{"href":"https:\/\/nordichouse.is\/da\/wp-json\/wp\/v2\/pages"}],"about":[{"href":"https:\/\/nordichouse.is\/da\/wp-json\/wp\/v2\/types\/page"}],"author":[{"embeddable":true,"href":"https:\/\/nordichouse.is\/da\/wp-json\/wp\/v2\/users\/6"}],"replies":[{"embeddable":true,"href":"https:\/\/nordichouse.is\/da\/wp-json\/wp\/v2\/comments?post=51992"}],"version-history":[{"count":0,"href":"https:\/\/nordichouse.is\/da\/wp-json\/wp\/v2\/pages\/51992\/revisions"}],"wp:attachment":[{"href":"https:\/\/nordichouse.is\/da\/wp-json\/wp\/v2\/media?parent=51992"}],"curies":[{"name":"wp","href":"https:\/\/api.w.org\/{rel}","templated":true}]}}

<div class="wp-block-media-text alignwide has-media-on-the-right is-stacked-on-mobile is-image-fill">
<figure class="wp-block-media-text__media lazyload" style="background-image:inherit; background-position: 53% 56.00000000000001%;" data-bg-image="url(&#039;https://nordichouse.is/wp-content/uploads/2022/06/20220517-Norraena-husid_edit_EA_004-813x1220.jpg&#039;)"></figure>
<div class="wp-block-media-text__content">
<p><strong><em><span style="vertical-align: inherit;"><span style="vertical-align: inherit;">Status f</span></span></em><em><span style="vertical-align: inherit;"><span style="vertical-align: inherit;">ör </span></span></em></strong><em><span style="vertical-align: inherit;"><span style="vertical-align: inherit;"><strong>renovering:</strong> <br /></span></span></em><span style="vertical-align: inherit;"><span style="vertical-align: inherit;">Takrenovering: färdig </span></span><em><br /></em><span style="vertical-align: inherit;"><span style="vertical-align: inherit;">Interiör (Atrium och Elissa): färdig <br />Bibliotek: färdig <br />Barnbibliotek och exteriör: renovering skal vara färdig i august/september 2024<br /></span></span></p>



<p><span style="vertical-align: inherit;"><span style="vertical-align: inherit;">Nordens Hus är ett unikt landmärke i Reykjavík och ett av Islands viktigaste arkitektoniska verk. </span><span style="vertical-align: inherit;">Huset ritades av den finske arkitekten Alvar Aalto och öppnade 1968. Från början har det varit centrum för nordiskt samarbete och kärnan i Reykjavíks kulturliv.</span></span></p>



<p><span style="vertical-align: inherit;"><span style="vertical-align: inherit;">Nu har man beslutat att genomföra en allmän renovering av Nordens Hus. </span><span style="vertical-align: inherit;">Renoveringen kommer att ske under en tioårsperiod, men det mest omfattande byggarbetet kommer att vara klart åren 2022-2024. </span><span style="vertical-align: inherit;">Huset har visat sig hålla hög standard, tillverkat av högkvalitativa material som står sig genom tiderna och vad gäller tekniska lösningar är byggnaden till och med modern i förhållande till sin tid. </span><span style="vertical-align: inherit;">Faktum kvarstår att det har gått 54 år sedan Nordens Hus invigdes och huset är en av få byggnader av Alvar Aalto som ännu inte har genomgått en allmän renovering.</span></span></p>



<p>&nbsp;</p>
</div>
</div>



<p><span style="vertical-align: inherit;"><span style="vertical-align: inherit;">Det är viktigt för oss att huset inte är helt stängt under renoveringen och vi fortsätter därför vårt arbete. </span><span style="vertical-align: inherit;">Det är dock säkert att det kommer att bli utmanande att hålla igång verksamheten under denna period. </span><span style="vertical-align: inherit;">Av den anledningen vill vi under de kommande två åren främst fokusera på våra egna projekt och projekt som redan etablerats med våra partners, och mindre på externa evenemang. </span><span style="vertical-align: inherit;">Vi håller även utomhusevenemang och utnyttjar vår miljös potential fullt ut. </span><span style="vertical-align: inherit;">Restaurangen i Nordens Hus, SÓNÓ Matseljur, vill ha öppet alla dagar i veckan under renoveringen utom måndag.</span></span></p>



<p><span style="vertical-align: inherit;"><span style="vertical-align: inherit;">Men en viktig del av detta projekt är att dela information om framsteg med förbättringar. </span><span style="vertical-align: inherit;">Vi delar löpande information via våra sociala medier och ser fram emot att ge dig möjligheten att följa med.</span></span></p>



<p><a href="https://nordichouse.is/da/timabaerar-endurbaetur-a-norraena-husinu/"><span style="vertical-align: inherit;"><span style="vertical-align: inherit;">Mer på regissörens blogg</span></span></a></p>



<p><a href="https://nordichouse.is/wp-content/uploads/2022/05/Morgunblad_30april20222384421.pdf" target="_blank" rel="noreferrer noopener"><span style="vertical-align: inherit;"><span style="vertical-align: inherit;">Nyheter från Morgunblaðið 30 april 2022 (PDF isländska)</span></span></a></p>



<figure class="wp-block-image alignwide size-full"><img decoding="async" width="800" height="585" class="wp-image-51901 lazyload" data-src="https://nordichouse.is/wp-content/uploads/2022/05/Nh-i-Byggingu-Sed-ur-lofti-ad-sjo-1967-196826.jpg" alt="" data-srcset="https://nordichouse.is/wp-content/uploads/2022/05/Nh-i-Byggingu-Sed-ur-lofti-ad-sjo-1967-196826.jpg 800w, https://nordichouse.is/wp-content/uploads/2022/05/Nh-i-Byggingu-Sed-ur-lofti-ad-sjo-1967-196826-640x468.jpg 640w, https://nordichouse.is/wp-content/uploads/2022/05/Nh-i-Byggingu-Sed-ur-lofti-ad-sjo-1967-196826-768x562.jpg 768w" data-sizes="(max-width: 800px) 100vw, 800px" src="data:image/svg+xml;base64,PHN2ZyB3aWR0aD0iMSIgaGVpZ2h0PSIxIiB4bWxucz0iaHR0cDovL3d3dy53My5vcmcvMjAwMC9zdmciPjwvc3ZnPg==" style="--smush-placeholder-width: 800px; --smush-placeholder-aspect-ratio: 800/585;" /></figure>

<p>Status för renovering: Takrenovering: färdig Interiör (Atrium och Elissa): färdig Bibliotek: färdig Barnbibliotek och exteriör: renovering skal vara färdig i august/september 2024 Nordens Hus är ett unikt landmärke i Reykjavík och ett av Islands viktigaste arkitektoniska verk. Huset ritades av den finske arkitekten Alvar Aalto och öppnade 1968. Från början har det varit centrum för nordiskt samarbete och kärnan [&hellip;]</p>
