{"id":9189,"date":"2017-03-09T12:20:24","date_gmt":"2017-03-09T12:20:24","guid":{"rendered":"https:\/\/nordichouse.is\/event\/malthing-um-algilda-honnun\/"},"modified":"2017-03-23T14:35:53","modified_gmt":"2017-03-23T14:35:53","slug":"malthing-um-algilda-honnun","status":"publish","type":"event","link":"https:\/\/nordichouse.is\/da\/begivenhed\/malthing-um-algilda-honnun\/","title":{"rendered":"Foredrag om Universelt Design &#8211; Stream"},"content":{"rendered":"<p><strong>Foredrag om Universelt Design<\/strong><br \/>\n<iframe id=\"ls_embed_1490018289\" data-src=\"https:\/\/livestream.com\/accounts\/14889744\/events\/7160070\/player?width=640&amp;height=360&amp;enableInfoAndActivity=true&amp;defaultDrawer=&amp;autoPlay=true&amp;mute=false\" width=\"640\" height=\"360\" frameborder=\"0\" scrolling=\"no\" allowfullscreen=\"allowfullscreen\" src=\"data:image\/svg+xml;base64,PHN2ZyB3aWR0aD0iMSIgaGVpZ2h0PSIxIiB4bWxucz0iaHR0cDovL3d3dy53My5vcmcvMjAwMC9zdmciPjwvc3ZnPg==\" class=\"lazyload\" data-load-mode=\"1\"> <\/iframe><\/p>\n<h3><strong><a href=\"https:\/\/nordichouse.is\/wp-content\/uploads\/2017\/03\/20170324_Universal-Design-March-2017_Program_s_.pdf\" target=\"_blank\">Program<\/a>\u00a0(PDF)<\/strong><\/h3>\n<p>Registrering via e-mail: <a href=\"mailto:info@nordichouse.is\">info@nordichouse.is<\/a><\/p>\n<p>Hovedtaleren ved eventet er <strong>Sean Vance<\/strong>, arkitekt og assisterende professor i arkitektur ved University of Michigan, Taubman College of Architecture and Urban Planning.<\/p>\n<p><strong>Foredraget om universelt design, som er en del af designfestivalen DesignMarch, vil foreg\u00e5 p\u00e5 engelsk. Eventet afholdes i Nordens Hus d. 24. marts.<\/strong><\/p>\n<p>Universelt design \u2013 et arkitektonisk begreb, hvor design im\u00f8dekommer mangfoldigheden af menneskelige behov p\u00e5 tv\u00e6rs af funktionsevner, alder, k\u00f8n og kultur &#8211; er blevet en integreret del af de milj\u00f8er, der designes til mennesker nu til dags. Det er desuden et voksende felt inden for ledelse og organisation. Ved dette foredrag om universelt design vil vi diskutere, hvor bred ideologien bag universelt design er; hvor og hvordan den kommer til udtryk. Vi vil desuden dele ny forskning om, hvordan universelt design kan v\u00e6re med til at skabe bedre samfund gennem arkitektur og design.<\/p>\n<p>Deltagerne i dette foredrag om universelt design kommer fra USA, Danmark, Norge og Island. De har alle en professionel baggrund inden for arbejdet med universelt design og tilg\u00e6ngelighed.<\/p>\n<p>&nbsp;<\/p>\n<p><img decoding=\"async\" class=\"alignnone wp-image-9193 lazyload\" data-src=\"https:\/\/nordichouse.is\/wp-content\/uploads\/2017\/03\/CaptureOO-640x165.jpg\" alt=\"\" width=\"275\" height=\"71\" data-srcset=\"https:\/\/nordichouse.is\/wp-content\/uploads\/2017\/03\/CaptureOO-640x165.jpg 640w, https:\/\/nordichouse.is\/wp-content\/uploads\/2017\/03\/CaptureOO-768x198.jpg 768w, https:\/\/nordichouse.is\/wp-content\/uploads\/2017\/03\/CaptureOO.jpg 1078w\" data-sizes=\"(max-width: 275px) 100vw, 275px\" src=\"data:image\/svg+xml;base64,PHN2ZyB3aWR0aD0iMSIgaGVpZ2h0PSIxIiB4bWxucz0iaHR0cDovL3d3dy53My5vcmcvMjAwMC9zdmciPjwvc3ZnPg==\" style=\"--smush-placeholder-width: 275px; --smush-placeholder-aspect-ratio: 275\/71;\" \/><img decoding=\"async\" class=\"alignnone wp-image-8360 lazyload\" data-src=\"https:\/\/nordichouse.is\/wp-content\/uploads\/2017\/01\/download-640x640.png\" alt=\"\" width=\"105\" height=\"105\" data-srcset=\"https:\/\/nordichouse.is\/wp-content\/uploads\/2017\/01\/download-640x640.png 640w, https:\/\/nordichouse.is\/wp-content\/uploads\/2017\/01\/download-400x400.png 400w, https:\/\/nordichouse.is\/wp-content\/uploads\/2017\/01\/download-768x768.png 768w, https:\/\/nordichouse.is\/wp-content\/uploads\/2017\/01\/download-800x800.png 800w, https:\/\/nordichouse.is\/wp-content\/uploads\/2017\/01\/download.png 960w\" data-sizes=\"(max-width: 105px) 100vw, 105px\" src=\"data:image\/svg+xml;base64,PHN2ZyB3aWR0aD0iMSIgaGVpZ2h0PSIxIiB4bWxucz0iaHR0cDovL3d3dy53My5vcmcvMjAwMC9zdmciPjwvc3ZnPg==\" style=\"--smush-placeholder-width: 105px; --smush-placeholder-aspect-ratio: 105\/105;\" \/><\/p>\n","protected":false},"excerpt":{"rendered":"<p>Foredrag om Universelt Design Program\u00a0(PDF) Registrering via e-mail: info@nordichouse.is Hovedtaleren ved eventet er Sean Vance, arkitekt og assisterende professor i arkitektur ved University of Michigan, Taubman College of Architecture and Urban Planning. Foredraget om universelt design, som er en del af designfestivalen DesignMarch, vil foreg\u00e5 p\u00e5 engelsk. Eventet afholdes i Nordens Hus d. 24. marts. [&hellip;]<\/p>\n","protected":false},"featured_media":9197,"template":"","event-categories":[69,91],"class_list":["post-9189","event","type-event","status-publish","has-post-thumbnail","hentry","event-categories-konferencer","event-categories-livestream-dk","no-banner-image"],"acf":[],"_links":{"self":[{"href":"https:\/\/nordichouse.is\/da\/wp-json\/wp\/v2\/event\/9189","targetHints":{"allow":["GET"]}}],"collection":[{"href":"https:\/\/nordichouse.is\/da\/wp-json\/wp\/v2\/event"}],"about":[{"href":"https:\/\/nordichouse.is\/da\/wp-json\/wp\/v2\/types\/event"}],"wp:featuredmedia":[{"embeddable":true,"href":"https:\/\/nordichouse.is\/da\/wp-json\/wp\/v2\/media\/9197"}],"wp:attachment":[{"href":"https:\/\/nordichouse.is\/da\/wp-json\/wp\/v2\/media?parent=9189"}],"wp:term":[{"taxonomy":"event-categories","embeddable":true,"href":"https:\/\/nordichouse.is\/da\/wp-json\/wp\/v2\/event-categories?post=9189"}],"curies":[{"name":"wp","href":"https:\/\/api.w.org\/{rel}","templated":true}]}}

<p><strong>Foredrag om Universelt Design</strong><br />
<iframe id="ls_embed_1490018289" data-src="https://livestream.com/accounts/14889744/events/7160070/player?width=640&amp;height=360&amp;enableInfoAndActivity=true&amp;defaultDrawer=&amp;autoPlay=true&amp;mute=false" width="640" height="360" frameborder="0" scrolling="no" allowfullscreen="allowfullscreen" src="data:image/svg+xml;base64,PHN2ZyB3aWR0aD0iMSIgaGVpZ2h0PSIxIiB4bWxucz0iaHR0cDovL3d3dy53My5vcmcvMjAwMC9zdmciPjwvc3ZnPg==" class="lazyload" data-load-mode="1"> </iframe></p>
<h3><strong><a href="https://nordichouse.is/wp-content/uploads/2017/03/20170324_Universal-Design-March-2017_Program_s_.pdf" target="_blank">Program</a> (PDF)</strong></h3>
<p>Registrering via e-mail: <a href="mailto:info@nordichouse.is">info@nordichouse.is</a></p>
<p>Hovedtaleren ved eventet er <strong>Sean Vance</strong>, arkitekt og assisterende professor i arkitektur ved University of Michigan, Taubman College of Architecture and Urban Planning.</p>
<p><strong>Foredraget om universelt design, som er en del af designfestivalen DesignMarch, vil foregå på engelsk. Eventet afholdes i Nordens Hus d. 24. marts.</strong></p>
<p>Universelt design – et arkitektonisk begreb, hvor design imødekommer mangfoldigheden af menneskelige behov på tværs af funktionsevner, alder, køn og kultur &#8211; er blevet en integreret del af de miljøer, der designes til mennesker nu til dags. Det er desuden et voksende felt inden for ledelse og organisation. Ved dette foredrag om universelt design vil vi diskutere, hvor bred ideologien bag universelt design er; hvor og hvordan den kommer til udtryk. Vi vil desuden dele ny forskning om, hvordan universelt design kan være med til at skabe bedre samfund gennem arkitektur og design.</p>
<p>Deltagerne i dette foredrag om universelt design kommer fra USA, Danmark, Norge og Island. De har alle en professionel baggrund inden for arbejdet med universelt design og tilgængelighed.</p>
<p>&nbsp;</p>
<p><img decoding="async" class="alignnone wp-image-9193 lazyload" data-src="https://nordichouse.is/wp-content/uploads/2017/03/CaptureOO-640x165.jpg" alt="" width="275" height="71" data-srcset="https://nordichouse.is/wp-content/uploads/2017/03/CaptureOO-640x165.jpg 640w, https://nordichouse.is/wp-content/uploads/2017/03/CaptureOO-768x198.jpg 768w, https://nordichouse.is/wp-content/uploads/2017/03/CaptureOO.jpg 1078w" data-sizes="(max-width: 275px) 100vw, 275px" src="data:image/svg+xml;base64,PHN2ZyB3aWR0aD0iMSIgaGVpZ2h0PSIxIiB4bWxucz0iaHR0cDovL3d3dy53My5vcmcvMjAwMC9zdmciPjwvc3ZnPg==" style="--smush-placeholder-width: 275px; --smush-placeholder-aspect-ratio: 275/71;" /><img decoding="async" class="alignnone wp-image-8360 lazyload" data-src="https://nordichouse.is/wp-content/uploads/2017/01/download-640x640.png" alt="" width="105" height="105" data-srcset="https://nordichouse.is/wp-content/uploads/2017/01/download-640x640.png 640w, https://nordichouse.is/wp-content/uploads/2017/01/download-400x400.png 400w, https://nordichouse.is/wp-content/uploads/2017/01/download-768x768.png 768w, https://nordichouse.is/wp-content/uploads/2017/01/download-800x800.png 800w, https://nordichouse.is/wp-content/uploads/2017/01/download.png 960w" data-sizes="(max-width: 105px) 100vw, 105px" src="data:image/svg+xml;base64,PHN2ZyB3aWR0aD0iMSIgaGVpZ2h0PSIxIiB4bWxucz0iaHR0cDovL3d3dy53My5vcmcvMjAwMC9zdmciPjwvc3ZnPg==" style="--smush-placeholder-width: 105px; --smush-placeholder-aspect-ratio: 105/105;" /></p>

<p>Foredrag om Universelt Design Program (PDF) Registrering via e-mail: info@nordichouse.is Hovedtaleren ved eventet er Sean Vance, arkitekt og assisterende professor i arkitektur ved University of Michigan, Taubman College of Architecture and Urban Planning. Foredraget om universelt design, som er en del af designfestivalen DesignMarch, vil foregå på engelsk. Eventet afholdes i Nordens Hus d. 24. marts. [&hellip;]</p>
