{"id":8994,"date":"2017-02-24T13:21:08","date_gmt":"2017-02-24T13:21:08","guid":{"rendered":"https:\/\/nordichouse.is\/?post_type=event&#038;p=8994\/"},"modified":"2017-03-08T13:29:51","modified_gmt":"2017-03-08T13:29:51","slug":"syningar-fyrir-skolahopa-2","status":"publish","type":"event","link":"https:\/\/nordichouse.is\/da\/begivenhed\/syningar-fyrir-skolahopa-2\/","title":{"rendered":"Skolevisninger"},"content":{"rendered":"<p>I anledning af Nordic Film Festival byder Nordens Hus p\u00e5 s\u00e6rskilte skolevisninger for elever og l\u00e6rere. Du kan v\u00e6lge mellem to forskellige film p\u00e5 folkeskoleniveau og \u00e9n p\u00e5 gymnasieniveau. I nedenst\u00e5ende tekst kan du l\u00e6se mere om hver enkelt film. <strong>Der er plads til 80 elever i salen, og efter visningen vil der v\u00e6re en diskussion, som foreg\u00e5r p\u00e5 engelsk.<\/strong> Bem\u00e6rk at filmene er s\u00e6rligt henvendt til bestemte aldersgrupper.<\/p>\n<p>Tilmelding: <a href=\"mailto:info@nordichouse.is\">info@nordichouse.is<\/a> (begr\u00e6nsede pladser)<\/p>\n<h1><b>BUGS (DK)\u00a0<\/b><\/h1>\n<p><b>Fredag 10. marts kl. 10:00 <\/b><b>\u2013 11:45<\/b><\/p>\n<p><strong>Q&amp;A: visning af filmen, Q&amp;A med filmens instrukt\u00f8r, Andreas Johnsen.<\/strong><\/p>\n<p><strong>At spise insekter er ikke noget nyt \u2013 s\u00e5 hvorfor reagerer den vestlige verden med v\u00e6mmelse?<\/strong><\/p>\n<p>I tre \u00e5r har et hold fra det k\u00f8benhavnske Nordic Food Lab best\u00e5ende af kokke og researchere Josh Evans, Ben Reade og Roberto Flore rejst verden rundt for at l\u00e6re af nogle af de to milliarder mennesker, der allerede spiser insekter. I BUGS f\u00f8lger filminstrukt\u00f8r Andreas Johnsen dem mens de fodrer, dyrker, tilbereder og smager insekter med befolkningsgrupper i Europa, Australien, Mexico, Kenya og Japan.<\/p>\n<p><strong><em>Etter filmvisningen blir det samtale med regiss\u00f8r Andreas Johnsen.\u00a0\u00a0<\/em><\/strong><\/p>\n<p><strong><em>Filmen har engelsk og dansk tale med engelsk undertekst.\u00a0\u00a0<\/em><\/strong><\/p>\n<p><strong><em>L\u00e6rer vil f\u00e5 utdelt undervisningsmateriell til bruk i undervisning etter at elevene har sett filmen.\u00a0\u00a0<\/em><\/strong><\/p>\n<ul>\n<li>According to the Food and Agriculture Organization of the United Nations, FOA, insects should be a significant part of our protein source in the future if we want to avoid food shortages. But can we change our Western habits and learn to eat insects? Which factors come into play, when we want to affect food culture?<\/li>\n<\/ul>\n<p>Did you know&#8230;<\/p>\n<p>&#8230;that around 2 billions of people already eat insects?<\/p>\n<p>\u201cSpektakul\u00e6rt fascinerende [\u2026] b\u00e5de aktuel og overraskende.\u201d \u2013 Politiken<\/p>\n<p><a href=\"https:\/\/www.youtube.com\/watch?v=yuXwsFXfASA\">TRAILER<\/a><\/p>\n<p><strong>Premiere:<\/strong> 2016<br \/>\n<strong>Instrukt\u00f8r:<\/strong> Andreas Johnsen<br \/>\n<strong>Genre:<\/strong> Dokumentar<br \/>\n<strong>Varighed:<\/strong> 1t 16 min.<\/p>\n<p><strong>P\u00e5melding til: info@nordichouse.is (Merk: begrenset antall plasser)<\/strong><\/p>\n<p><img decoding=\"async\" class=\"alignnone size-medium wp-image-8665 lazyload\" data-src=\"https:\/\/nordichouse.is\/wp-content\/uploads\/2017\/02\/matur-640x427.jpg\" alt=\"\" width=\"640\" height=\"427\" data-srcset=\"https:\/\/nordichouse.is\/wp-content\/uploads\/2017\/02\/matur-640x427.jpg 640w, https:\/\/nordichouse.is\/wp-content\/uploads\/2017\/02\/matur-1220x813.jpg 1220w, https:\/\/nordichouse.is\/wp-content\/uploads\/2017\/02\/matur-768x512.jpg 768w, https:\/\/nordichouse.is\/wp-content\/uploads\/2017\/02\/matur-1536x1024.jpg 1536w, https:\/\/nordichouse.is\/wp-content\/uploads\/2017\/02\/matur-2048x1365.jpg 2048w\" data-sizes=\"(max-width: 640px) 100vw, 640px\" src=\"data:image\/svg+xml;base64,PHN2ZyB3aWR0aD0iMSIgaGVpZ2h0PSIxIiB4bWxucz0iaHR0cDovL3d3dy53My5vcmcvMjAwMC9zdmciPjwvc3ZnPg==\" style=\"--smush-placeholder-width: 640px; --smush-placeholder-aspect-ratio: 640\/427;\" \/><\/p>\n<p>&nbsp;<\/p>\n<h1><b>The Perfect Selfie (FIN) &#8211; FULLBOOKET! EKSTRA VISNING 13. MARS F\u00c5 PLASSER IGJEN!\u00a0<\/b><\/h1>\n<p><b>Tirsda<\/b><b>g 14. m<\/b><b>arts kl. 10:00<\/b><b> \u2013 11:10 &#8211; FULLBOOKET<\/b><\/p>\n<p><strong>Mandag 13. marts kl. 10:00 &#8211; 11:10 &#8211; 28 s\u00e6ter igjen!\u00a0<\/strong><\/p>\n<p><b>Klassetrin:<\/b>\u00a09.-10. klasse<\/p>\n<p>Den finske Instagram-stjerne, Olivia Oras, har 20.000 f\u00f8lgere, men for hende er antallet af f\u00f8lgere p\u00e5 de sociale medier ikke noget s\u00e6rligt. Olivia er datter af en kunstner, og hendes liv er derfor allerede en smule anderledes end en almindelig teenagers. Olivia deler billeder af sine \u2018feel good\u2019-\u00f8jeblikke, men hun er ogs\u00e5 kritisk over for sociale medier og dets brugere. Det bekymrer hende, hvor overfladiske og fordomsfulde vi kan blive, n\u00e5r vi f\u00e6rdes p\u00e5 Instagram og Facebook. Samtidig ved hun ogs\u00e5 godt, at hun selv er med til at \u00f8ge denne tendens gennem de ubekymrede og storsmilende \u00f8jeblikke, hun deler med sine f\u00f8lgere.<\/p>\n<p>I \u2018The Perfect Selfie\u2019 f\u00f8lger vi Olivias liv i et \u00e5r og oplever de stunder, hun ikke deler online. Der er d\u00e5rlige dage, hvor alt er for h\u00e5rdt og nedsl\u00e5ende \u2013 men der er ogs\u00e5 de sm\u00e5 smukke \u00f8jeblikke, der f\u00e5r lov at v\u00e6re vigtige i sig selv, uden at skulle l\u00e6gges ud p\u00e5 Olivias Instagram-konto.<\/p>\n<p>\u2018The Perfect Selfie\u2019 er en p\u00e5mindelse om, at den personlighed vi deler online, ofte kun er en lille br\u00f8kdel af os selv. Olivia har 20.000 f\u00f8lgere, men kender de hende egentlig?<\/p>\n<p><strong><em>Filmen har finsk og engelsk tale, med engelsk undertekst.\u00a0\u00a0<\/em><\/strong><\/p>\n<p><strong><em>L\u00e6rer vil f\u00e5 utdelt undervisningsmateriale til bruk i undervisningen etter at elevene har sett filmen.\u00a0\u00a0<\/em><\/strong><\/p>\n<p>Premiere: 2017<\/p>\n<p>Instrukt\u00f8r: Maryam Razavi og Jenni Salonen<\/p>\n<p>Genre: Dokumentar<\/p>\n<p>Varighed: 1t 7 min.<\/p>\n<p><a href=\"https:\/\/www.facebook.com\/perfectselfiethemovie\/videos\/vb.573572499506250\/576029039260596\/?type=2&amp;theater\">TRAILER<\/a><\/p>\n<p><strong>P\u00e5melding til: info@nordichouse.is (Merk: begrenset antall plasser)<\/strong><\/p>\n<p>&nbsp;<\/p>\n<p><img decoding=\"async\" class=\"alignnone size-medium wp-image-8764 lazyload\" data-src=\"https:\/\/nordichouse.is\/wp-content\/uploads\/2017\/02\/Perfect_Selfie_screenshots-14-640x267.jpg\" alt=\"\" width=\"640\" height=\"267\" data-srcset=\"https:\/\/nordichouse.is\/wp-content\/uploads\/2017\/02\/Perfect_Selfie_screenshots-14-640x267.jpg 640w, https:\/\/nordichouse.is\/wp-content\/uploads\/2017\/02\/Perfect_Selfie_screenshots-14-768x320.jpg 768w, https:\/\/nordichouse.is\/wp-content\/uploads\/2017\/02\/Perfect_Selfie_screenshots-14-1220x508.jpg 1220w, https:\/\/nordichouse.is\/wp-content\/uploads\/2017\/02\/Perfect_Selfie_screenshots-14.jpg 1920w\" data-sizes=\"(max-width: 640px) 100vw, 640px\" src=\"data:image\/svg+xml;base64,PHN2ZyB3aWR0aD0iMSIgaGVpZ2h0PSIxIiB4bWxucz0iaHR0cDovL3d3dy53My5vcmcvMjAwMC9zdmciPjwvc3ZnPg==\" style=\"--smush-placeholder-width: 640px; --smush-placeholder-aspect-ratio: 640\/267;\" \/><\/p>\n<p>&nbsp;<\/p>\n","protected":false},"excerpt":{"rendered":"<p>I anledning af Nordic Film Festival byder Nordens Hus p\u00e5 s\u00e6rskilte skolevisninger for elever og l\u00e6rere. Du kan v\u00e6lge mellem to forskellige film p\u00e5 folkeskoleniveau og \u00e9n p\u00e5 gymnasieniveau. I nedenst\u00e5ende tekst kan du l\u00e6se mere om hver enkelt film. Der er plads til 80 elever i salen, og efter visningen vil der v\u00e6re en [&hellip;]<\/p>\n","protected":false},"featured_media":8348,"template":"","event-categories":[85],"class_list":["post-8994","event","type-event","status-publish","has-post-thumbnail","hentry","event-categories-film","no-banner-image"],"acf":[],"_links":{"self":[{"href":"https:\/\/nordichouse.is\/da\/wp-json\/wp\/v2\/event\/8994","targetHints":{"allow":["GET"]}}],"collection":[{"href":"https:\/\/nordichouse.is\/da\/wp-json\/wp\/v2\/event"}],"about":[{"href":"https:\/\/nordichouse.is\/da\/wp-json\/wp\/v2\/types\/event"}],"wp:featuredmedia":[{"embeddable":true,"href":"https:\/\/nordichouse.is\/da\/wp-json\/wp\/v2\/media\/8348"}],"wp:attachment":[{"href":"https:\/\/nordichouse.is\/da\/wp-json\/wp\/v2\/media?parent=8994"}],"wp:term":[{"taxonomy":"event-categories","embeddable":true,"href":"https:\/\/nordichouse.is\/da\/wp-json\/wp\/v2\/event-categories?post=8994"}],"curies":[{"name":"wp","href":"https:\/\/api.w.org\/{rel}","templated":true}]}}

<p>I anledning af Nordic Film Festival byder Nordens Hus på særskilte skolevisninger for elever og lærere. Du kan vælge mellem to forskellige film på folkeskoleniveau og én på gymnasieniveau. I nedenstående tekst kan du læse mere om hver enkelt film. <strong>Der er plads til 80 elever i salen, og efter visningen vil der være en diskussion, som foregår på engelsk.</strong> Bemærk at filmene er særligt henvendt til bestemte aldersgrupper.</p>
<p>Tilmelding: <a href="mailto:info@nordichouse.is">info@nordichouse.is</a> (begrænsede pladser)</p>
<h1><b>BUGS (DK) </b></h1>
<p><b>Fredag 10. marts kl. 10:00 </b><b>– 11:45</b></p>
<p><strong>Q&amp;A: visning af filmen, Q&amp;A med filmens instruktør, Andreas Johnsen.</strong></p>
<p><strong>At spise insekter er ikke noget nyt – så hvorfor reagerer den vestlige verden med væmmelse?</strong></p>
<p>I tre år har et hold fra det københavnske Nordic Food Lab bestående af kokke og researchere Josh Evans, Ben Reade og Roberto Flore rejst verden rundt for at lære af nogle af de to milliarder mennesker, der allerede spiser insekter. I BUGS følger filminstruktør Andreas Johnsen dem mens de fodrer, dyrker, tilbereder og smager insekter med befolkningsgrupper i Europa, Australien, Mexico, Kenya og Japan.</p>
<p><strong><em>Etter filmvisningen blir det samtale med regissør Andreas Johnsen.  </em></strong></p>
<p><strong><em>Filmen har engelsk og dansk tale med engelsk undertekst.  </em></strong></p>
<p><strong><em>Lærer vil få utdelt undervisningsmateriell til bruk i undervisning etter at elevene har sett filmen.  </em></strong></p>
<ul>
<li>According to the Food and Agriculture Organization of the United Nations, FOA, insects should be a significant part of our protein source in the future if we want to avoid food shortages. But can we change our Western habits and learn to eat insects? Which factors come into play, when we want to affect food culture?</li>
</ul>
<p>Did you know&#8230;</p>
<p>&#8230;that around 2 billions of people already eat insects?</p>
<p>“Spektakulært fascinerende […] både aktuel og overraskende.” – Politiken</p>
<p><a href="https://www.youtube.com/watch?v=yuXwsFXfASA">TRAILER</a></p>
<p><strong>Premiere:</strong> 2016<br />
<strong>Instruktør:</strong> Andreas Johnsen<br />
<strong>Genre:</strong> Dokumentar<br />
<strong>Varighed:</strong> 1t 16 min.</p>
<p><strong>Påmelding til: info@nordichouse.is (Merk: begrenset antall plasser)</strong></p>
<p><img decoding="async" class="alignnone size-medium wp-image-8665 lazyload" data-src="https://nordichouse.is/wp-content/uploads/2017/02/matur-640x427.jpg" alt="" width="640" height="427" data-srcset="https://nordichouse.is/wp-content/uploads/2017/02/matur-640x427.jpg 640w, https://nordichouse.is/wp-content/uploads/2017/02/matur-1220x813.jpg 1220w, https://nordichouse.is/wp-content/uploads/2017/02/matur-768x512.jpg 768w, https://nordichouse.is/wp-content/uploads/2017/02/matur-1536x1024.jpg 1536w, https://nordichouse.is/wp-content/uploads/2017/02/matur-2048x1365.jpg 2048w" data-sizes="(max-width: 640px) 100vw, 640px" src="data:image/svg+xml;base64,PHN2ZyB3aWR0aD0iMSIgaGVpZ2h0PSIxIiB4bWxucz0iaHR0cDovL3d3dy53My5vcmcvMjAwMC9zdmciPjwvc3ZnPg==" style="--smush-placeholder-width: 640px; --smush-placeholder-aspect-ratio: 640/427;" /></p>
<p>&nbsp;</p>
<h1><b>The Perfect Selfie (FIN) &#8211; FULLBOOKET! EKSTRA VISNING 13. MARS FÅ PLASSER IGJEN! </b></h1>
<p><b>Tirsda</b><b>g 14. m</b><b>arts kl. 10:00</b><b> – 11:10 &#8211; FULLBOOKET</b></p>
<p><strong>Mandag 13. marts kl. 10:00 &#8211; 11:10 &#8211; 28 sæter igjen! </strong></p>
<p><b>Klassetrin:</b> 9.-10. klasse</p>
<p>Den finske Instagram-stjerne, Olivia Oras, har 20.000 følgere, men for hende er antallet af følgere på de sociale medier ikke noget særligt. Olivia er datter af en kunstner, og hendes liv er derfor allerede en smule anderledes end en almindelig teenagers. Olivia deler billeder af sine ‘feel good’-øjeblikke, men hun er også kritisk over for sociale medier og dets brugere. Det bekymrer hende, hvor overfladiske og fordomsfulde vi kan blive, når vi færdes på Instagram og Facebook. Samtidig ved hun også godt, at hun selv er med til at øge denne tendens gennem de ubekymrede og storsmilende øjeblikke, hun deler med sine følgere.</p>
<p>I ‘The Perfect Selfie’ følger vi Olivias liv i et år og oplever de stunder, hun ikke deler online. Der er dårlige dage, hvor alt er for hårdt og nedslående – men der er også de små smukke øjeblikke, der får lov at være vigtige i sig selv, uden at skulle lægges ud på Olivias Instagram-konto.</p>
<p>‘The Perfect Selfie’ er en påmindelse om, at den personlighed vi deler online, ofte kun er en lille brøkdel af os selv. Olivia har 20.000 følgere, men kender de hende egentlig?</p>
<p><strong><em>Filmen har finsk og engelsk tale, med engelsk undertekst.  </em></strong></p>
<p><strong><em>Lærer vil få utdelt undervisningsmateriale til bruk i undervisningen etter at elevene har sett filmen.  </em></strong></p>
<p>Premiere: 2017</p>
<p>Instruktør: Maryam Razavi og Jenni Salonen</p>
<p>Genre: Dokumentar</p>
<p>Varighed: 1t 7 min.</p>
<p><a href="https://www.facebook.com/perfectselfiethemovie/videos/vb.573572499506250/576029039260596/?type=2&amp;theater">TRAILER</a></p>
<p><strong>Påmelding til: info@nordichouse.is (Merk: begrenset antall plasser)</strong></p>
<p>&nbsp;</p>
<p><img decoding="async" class="alignnone size-medium wp-image-8764 lazyload" data-src="https://nordichouse.is/wp-content/uploads/2017/02/Perfect_Selfie_screenshots-14-640x267.jpg" alt="" width="640" height="267" data-srcset="https://nordichouse.is/wp-content/uploads/2017/02/Perfect_Selfie_screenshots-14-640x267.jpg 640w, https://nordichouse.is/wp-content/uploads/2017/02/Perfect_Selfie_screenshots-14-768x320.jpg 768w, https://nordichouse.is/wp-content/uploads/2017/02/Perfect_Selfie_screenshots-14-1220x508.jpg 1220w, https://nordichouse.is/wp-content/uploads/2017/02/Perfect_Selfie_screenshots-14.jpg 1920w" data-sizes="(max-width: 640px) 100vw, 640px" src="data:image/svg+xml;base64,PHN2ZyB3aWR0aD0iMSIgaGVpZ2h0PSIxIiB4bWxucz0iaHR0cDovL3d3dy53My5vcmcvMjAwMC9zdmciPjwvc3ZnPg==" style="--smush-placeholder-width: 640px; --smush-placeholder-aspect-ratio: 640/267;" /></p>
<p>&nbsp;</p>

<p>I anledning af Nordic Film Festival byder Nordens Hus på særskilte skolevisninger for elever og lærere. Du kan vælge mellem to forskellige film på folkeskoleniveau og én på gymnasieniveau. I nedenstående tekst kan du læse mere om hver enkelt film. Der er plads til 80 elever i salen, og efter visningen vil der være en [&hellip;]</p>
