{"id":8656,"date":"2017-02-16T12:21:00","date_gmt":"2017-02-16T12:21:00","guid":{"rendered":"https:\/\/nordichouse.is\/event\/dugma-button-no-qa-syning\/"},"modified":"2017-03-08T13:41:28","modified_gmt":"2017-03-08T13:41:28","slug":"dugma-button-no-qa-syning","status":"publish","type":"event","link":"https:\/\/nordichouse.is\/da\/begivenhed\/dugma-button-no-qa-syning\/","title":{"rendered":"Dugma &#8211; The Button (NO) &#8211; Q&#038;A"},"content":{"rendered":"<h2>Dugma &#8211; The Button\u00a0(NO)<\/h2>\n<h4>\u00a0NO\/ 2016\/ 58\u00a0min\/ \u00a0Dokumentar \/ 16 \u00e5r<\/h4>\n<p>Den norske regiss\u00f8ren <strong>P\u00e5l Refsdal<\/strong> tar oss med inn i al-Qaidas verden. Ved fronten i Syria m\u00f8ter vi mennesker som st\u00e5r p\u00e5 en venteliste for \u00e5 gi sitt liv for Allah i kampen mot de syriske regjeringsstyrkene. Deres v\u00e5pen er enkelt og brutalt. De forbereder seg p\u00e5 \u00e5 kj\u00f8re en lastebil tungt lastet med bomber inn gjennom fiendens linjer. Refsdal vil fortelle en historie vi aldri helt forst\u00e5r eller godtar, men som gir oss en innsikt vi ellers ikke f\u00e5r.\u00a0<a href=\"https:\/\/www.youtube.com\/watch?v=uPhRnZjzrv4\" target=\"_blank\">Trailer<\/a><\/p>\n<p>Alle visningerne er gratis. Husk \u00e5 hente ut billetter p\u00e5 forh\u00e5nd\u00a0<a href=\"https:\/\/tix.is\/is\/nordichouse\">Billetter<\/a>.<\/p>\n<p><strong>Q&amp;A organiseret af Norden i Fokus. <\/strong><\/p>\n<p><strong>M\u00f8t mannen bak filmen P\u00e5l Refsdal, som ogs\u00e5 svarer p\u00e5 sp\u00f8rgsm\u00e5l fra publikum. Moderator bliver\u00a0\u00de\u00f3runn El\u00edsabet Bogad\u00f3ttir assisterende redakt\u00f8r p\u00e5 Kjarninn.is.<\/strong><\/p>\n<p><strong>P\u00e5l Salahdin Refsdal<\/strong> (f\u00f8dt 9. september 1963)er en norsk freelancejournalist og fotograf . Han har rapportert fra flere krigsomr\u00e5der. I juni 1998 ble Refsdal s\u00e5ret under et jugoslavisk angrep. I februar 2009 blev han og en afghansk tolk kidnappet af Talibaner, fra 5. til 10. november 2009 i provinsen Konar i Afghanistan. Refsdal er praktiserende muslim, etter at han konverterte til islam i 2009 da han ble tatt til fange av Taliban i Afghanistan.<\/p>\n<p>&nbsp;<\/p>\n<p style=\"text-align: left;\"><a class=\"button\" href=\"http:\/\/tix.is\/en\/nordichouse\"> Billetter <\/a>\u00a0 \u00a0<a class=\"button\" href=\" https:\/\/nordichouse.is\/wp-content\/uploads\/2017\/01\/Filmoversigt-orange.pdf\">Oversigt<\/a>\u00a0 \u00a0\u00a0<a class=\"button\" href=\" https:\/\/nordichouse.is\/da\/event-categories\/film\/?date=20170301\">Program <\/a><\/p>\n<p>&nbsp;<\/p>\n<p><img decoding=\"async\" class=\"alignnone  wp-image-8226 lazyload\" data-src=\"https:\/\/nordichouse.is\/wp-content\/uploads\/2017\/01\/Logo-NMR-IS-640x138.jpg\" alt=\"\" width=\"209\" height=\"45\" data-srcset=\"https:\/\/nordichouse.is\/wp-content\/uploads\/2017\/01\/Logo-NMR-IS-640x138.jpg 640w, https:\/\/nordichouse.is\/wp-content\/uploads\/2017\/01\/Logo-NMR-IS-1220x263.jpg 1220w, https:\/\/nordichouse.is\/wp-content\/uploads\/2017\/01\/Logo-NMR-IS-768x165.jpg 768w, https:\/\/nordichouse.is\/wp-content\/uploads\/2017\/01\/Logo-NMR-IS.jpg 1398w\" data-sizes=\"(max-width: 209px) 100vw, 209px\" src=\"data:image\/svg+xml;base64,PHN2ZyB3aWR0aD0iMSIgaGVpZ2h0PSIxIiB4bWxucz0iaHR0cDovL3d3dy53My5vcmcvMjAwMC9zdmciPjwvc3ZnPg==\" style=\"--smush-placeholder-width: 209px; --smush-placeholder-aspect-ratio: 209\/45;\" \/><\/p>\n","protected":false},"excerpt":{"rendered":"<p>Dugma &#8211; The Button\u00a0(NO) \u00a0NO\/ 2016\/ 58\u00a0min\/ \u00a0Dokumentar \/ 16 \u00e5r Den norske regiss\u00f8ren P\u00e5l Refsdal tar oss med inn i al-Qaidas verden. Ved fronten i Syria m\u00f8ter vi mennesker som st\u00e5r p\u00e5 en venteliste for \u00e5 gi sitt liv for Allah i kampen mot de syriske regjeringsstyrkene. Deres v\u00e5pen er enkelt og brutalt. De [&hellip;]<\/p>\n","protected":false},"featured_media":8654,"template":"","event-categories":[85,98],"class_list":["post-8656","event","type-event","status-publish","has-post-thumbnail","hentry","event-categories-film","event-categories-norden-i-fokus","no-banner-image"],"acf":[],"_links":{"self":[{"href":"https:\/\/nordichouse.is\/da\/wp-json\/wp\/v2\/event\/8656","targetHints":{"allow":["GET"]}}],"collection":[{"href":"https:\/\/nordichouse.is\/da\/wp-json\/wp\/v2\/event"}],"about":[{"href":"https:\/\/nordichouse.is\/da\/wp-json\/wp\/v2\/types\/event"}],"wp:featuredmedia":[{"embeddable":true,"href":"https:\/\/nordichouse.is\/da\/wp-json\/wp\/v2\/media\/8654"}],"wp:attachment":[{"href":"https:\/\/nordichouse.is\/da\/wp-json\/wp\/v2\/media?parent=8656"}],"wp:term":[{"taxonomy":"event-categories","embeddable":true,"href":"https:\/\/nordichouse.is\/da\/wp-json\/wp\/v2\/event-categories?post=8656"}],"curies":[{"name":"wp","href":"https:\/\/api.w.org\/{rel}","templated":true}]}}

<h2>Dugma &#8211; The Button (NO)</h2>
<h4> NO/ 2016/ 58 min/  Dokumentar / 16 år</h4>
<p>Den norske regissøren <strong>Pål Refsdal</strong> tar oss med inn i al-Qaidas verden. Ved fronten i Syria møter vi mennesker som står på en venteliste for å gi sitt liv for Allah i kampen mot de syriske regjeringsstyrkene. Deres våpen er enkelt og brutalt. De forbereder seg på å kjøre en lastebil tungt lastet med bomber inn gjennom fiendens linjer. Refsdal vil fortelle en historie vi aldri helt forstår eller godtar, men som gir oss en innsikt vi ellers ikke får. <a href="https://www.youtube.com/watch?v=uPhRnZjzrv4" target="_blank">Trailer</a></p>
<p>Alle visningerne er gratis. Husk å hente ut billetter på forhånd <a href="https://tix.is/is/nordichouse">Billetter</a>.</p>
<p><strong>Q&amp;A organiseret af Norden i Fokus. </strong></p>
<p><strong>Møt mannen bak filmen Pål Refsdal, som også svarer på spørgsmål fra publikum. Moderator bliver Þórunn Elísabet Bogadóttir assisterende redaktør på Kjarninn.is.</strong></p>
<p><strong>Pål Salahdin Refsdal</strong> (født 9. september 1963)er en norsk freelancejournalist og fotograf . Han har rapportert fra flere krigsområder. I juni 1998 ble Refsdal såret under et jugoslavisk angrep. I februar 2009 blev han og en afghansk tolk kidnappet af Talibaner, fra 5. til 10. november 2009 i provinsen Konar i Afghanistan. Refsdal er praktiserende muslim, etter at han konverterte til islam i 2009 da han ble tatt til fange av Taliban i Afghanistan.</p>
<p>&nbsp;</p>
<p style="text-align: left;"><a class="button" href="http://tix.is/en/nordichouse"> Billetter </a>   <a class="button" href=" https://nordichouse.is/wp-content/uploads/2017/01/Filmoversigt-orange.pdf">Oversigt</a>    <a class="button" href=" https://nordichouse.is/da/event-categories/film/?date=20170301">Program </a></p>
<p>&nbsp;</p>
<p><img decoding="async" class="alignnone  wp-image-8226 lazyload" data-src="https://nordichouse.is/wp-content/uploads/2017/01/Logo-NMR-IS-640x138.jpg" alt="" width="209" height="45" data-srcset="https://nordichouse.is/wp-content/uploads/2017/01/Logo-NMR-IS-640x138.jpg 640w, https://nordichouse.is/wp-content/uploads/2017/01/Logo-NMR-IS-1220x263.jpg 1220w, https://nordichouse.is/wp-content/uploads/2017/01/Logo-NMR-IS-768x165.jpg 768w, https://nordichouse.is/wp-content/uploads/2017/01/Logo-NMR-IS.jpg 1398w" data-sizes="(max-width: 209px) 100vw, 209px" src="data:image/svg+xml;base64,PHN2ZyB3aWR0aD0iMSIgaGVpZ2h0PSIxIiB4bWxucz0iaHR0cDovL3d3dy53My5vcmcvMjAwMC9zdmciPjwvc3ZnPg==" style="--smush-placeholder-width: 209px; --smush-placeholder-aspect-ratio: 209/45;" /></p>

<p>Dugma &#8211; The Button (NO)  NO/ 2016/ 58 min/  Dokumentar / 16 år Den norske regissøren Pål Refsdal tar oss med inn i al-Qaidas verden. Ved fronten i Syria møter vi mennesker som står på en venteliste for å gi sitt liv for Allah i kampen mot de syriske regjeringsstyrkene. Deres våpen er enkelt og brutalt. De [&hellip;]</p>
