{"id":61270,"date":"2025-04-29T14:10:15","date_gmt":"2025-04-29T14:10:15","guid":{"rendered":"https:\/\/nordichouse.is\/?post_type=event&#038;p=61270"},"modified":"2025-04-30T10:59:11","modified_gmt":"2025-04-30T10:59:11","slug":"other-grounds-filmfestival-dag-1-gemenskap","status":"publish","type":"event","link":"https:\/\/nordichouse.is\/da\/begivenhed\/other-grounds-filmfestival-dag-1-gemenskap\/","title":{"rendered":"OTHER-GROUNDS FILMFESTIVAL: Dag 1 \u2013 Gemenskap"},"content":{"rendered":"<p style=\"font-weight: 400;\">Other-Grounds filmfestival \u00e4r ett m\u00e5ngkulturellt och gemensamt initiativ som utforskar vad det inneb\u00e4r att vara m\u00e4nniska p\u00e5 jorden \u2013 och hur vi kan skapa ansvarstagande och meningsfulla relationer till naturen och varandra. I en tid av ekologiska, sociala och id\u00e9burna kriser s\u00f6ker vi nya s\u00e4tt att uppfatta, f\u00f6rest\u00e4lla oss och relatera till v\u00e4rlden.<\/p>\n<p style=\"font-weight: 400;\">Festivalen samlar filmer, samtal och olika perspektiv, och lyfter fram kunskapssystem som ofta har tystats. Den f\u00f6rst\u00e4rker r\u00f6ster som k\u00e4mpar f\u00f6r h\u00e5llbarhet, naturens r\u00e4ttigheter och en framtid d\u00e4r fler \u00e4n bara m\u00e4nniskor r\u00e4knas.<\/p>\n<p>Program p\u00e5 engelska nedan<\/p>\n<h3><strong>Welcome to day 1 program: Community.<br \/>\n<\/strong><\/h3>\n<ul>\n<li aria-level=\"1\"><i>Doors open at 17:30.<\/i><\/li>\n<\/ul>\n<ul>\n<li aria-level=\"1\">Opening Ceremony with short speech, drinks and snacks (18:00-18:10);<\/li>\n<li aria-level=\"1\">The River is Me (17 min) (18:10-18:27);<\/li>\n<li aria-level=\"1\">E\u00e1lat (32 min) (18:27-19:00);<\/li>\n<li aria-level=\"1\">Break (19:00-19:10);<\/li>\n<li aria-level=\"1\">Round-table on Rights of Nature, nurtured by Dr. Angela Sn\u00e6fellsj\u00f6kuls Rawlings, Ole Martin Sandberg, Vena Naskrecka<b>,<\/b> \u00d3lafur P\u00e1ll J\u00f3nsson (19:10-20:00);<\/li>\n<li aria-level=\"1\">Closing word: 20:00-20:10.<\/li>\n<\/ul>\n<h3><strong>\u00a0<\/strong><\/h3>\n<p><a href=\"https:\/\/nordichouse.is\/wp-content\/uploads\/2025\/04\/NEW-BANNER-RIGHTS-OF-NATURE-640x360.png\"><img decoding=\"async\" class=\"aligncenter size-medium wp-image-61193 ls-is-cached lazyloaded\" src=\"https:\/\/nordichouse.is\/wp-content\/uploads\/2025\/04\/NEW-BANNER-RIGHTS-OF-NATURE-640x360.png\" sizes=\"(max-width: 640px) 100vw, 640px\" srcset=\"https:\/\/nordichouse.is\/wp-content\/uploads\/2025\/04\/NEW-BANNER-RIGHTS-OF-NATURE-640x360.png 640w, https:\/\/nordichouse.is\/wp-content\/uploads\/2025\/04\/NEW-BANNER-RIGHTS-OF-NATURE-1220x686.png 1220w, https:\/\/nordichouse.is\/wp-content\/uploads\/2025\/04\/NEW-BANNER-RIGHTS-OF-NATURE-768x432.png 768w, https:\/\/nordichouse.is\/wp-content\/uploads\/2025\/04\/NEW-BANNER-RIGHTS-OF-NATURE-1536x864.png 1536w, https:\/\/nordichouse.is\/wp-content\/uploads\/2025\/04\/NEW-BANNER-RIGHTS-OF-NATURE-960x540.png 960w, https:\/\/nordichouse.is\/wp-content\/uploads\/2025\/04\/NEW-BANNER-RIGHTS-OF-NATURE-1280x720.png 1280w, https:\/\/nordichouse.is\/wp-content\/uploads\/2025\/04\/NEW-BANNER-RIGHTS-OF-NATURE.png 1920w\" alt=\"\" width=\"640\" height=\"360\" data-src=\"https:\/\/nordichouse.is\/wp-content\/uploads\/2025\/04\/NEW-BANNER-RIGHTS-OF-NATURE-640x360.png\" data-srcset=\"https:\/\/nordichouse.is\/wp-content\/uploads\/2025\/04\/NEW-BANNER-RIGHTS-OF-NATURE-640x360.png 640w, https:\/\/nordichouse.is\/wp-content\/uploads\/2025\/04\/NEW-BANNER-RIGHTS-OF-NATURE-1220x686.png 1220w, https:\/\/nordichouse.is\/wp-content\/uploads\/2025\/04\/NEW-BANNER-RIGHTS-OF-NATURE-768x432.png 768w, https:\/\/nordichouse.is\/wp-content\/uploads\/2025\/04\/NEW-BANNER-RIGHTS-OF-NATURE-1536x864.png 1536w, https:\/\/nordichouse.is\/wp-content\/uploads\/2025\/04\/NEW-BANNER-RIGHTS-OF-NATURE-960x540.png 960w, https:\/\/nordichouse.is\/wp-content\/uploads\/2025\/04\/NEW-BANNER-RIGHTS-OF-NATURE-1280x720.png 1280w, https:\/\/nordichouse.is\/wp-content\/uploads\/2025\/04\/NEW-BANNER-RIGHTS-OF-NATURE.png 1920w\" data-sizes=\"(max-width: 640px) 100vw, 640px\" \/><\/a><\/p>\n<h3><b>Round Table on the Rights of Nature<\/b><\/h3>\n<p>What if Rivers had legal standing? What if Glaciers could defend themselves in court?<\/p>\n<p>Join us for a round table conversation exploring the <b>Rights of Nature<\/b>\u2014a growing global movement to recognize ecosystems as living entities with rights.<\/p>\n<p>This event is part of <b>Community Day<\/b> at the Other-Grounds Film Festival and is co-created with members of <b>Sn\u00e6fellsj\u00f6kul fyrir forseta (Sn\u00e6fellsj\u00f6kull For President)<\/b>\u2014a poetic-political initiative reimagining our relationship with the Earth.<\/p>\n<p>&nbsp;<\/p>\n<p><b>Round-table conversation is navigated by following community members:<\/b><\/p>\n<p><b>Dr. Angela Sn\u00e6fellsj\u00f6kuls Rawlings<\/b> is a Canadian-Icelandic interdisciplinary artist-researcher with an ecological emphasis. They work with languages as dominant exploratory material. Rawlings\u2019 books include <i>Wide slumber for lepidopterists<\/i> (Coach House Books, 2006), <i>Gibber<\/i> (online, 2012), <i>o w n<\/i> (CUE BOOKS, 2015), <i>si tu<\/i> (MaMa Multimedijalni Institut, 2017), and <i>Sound of Mull<\/i>(Laboratory for Aesthetics and Ecology, 2019). In 2022, Rawlings co-curated SPHERE Festival for the Canadian National Arts Centre\u2019s Orchestra in partnership with the Canadian Museum of Nature, Royal Danish Library, and Nordic Bridges. In 2024, Rawlings founded <i>Sn\u00e6fellsj\u00f6kul fyrir forseta (Glacier for president)<\/i>, Iceland\u2019s first rights of nature movement. In 2025, Rawlings\u2019 solo exhibition <i>Motion to Change Colour Names to Reflect Planetary Boundary Tipping Points<\/i> was opened in a decommissioned fertiliser factory. They\u202fteach at Iceland University of the Arts. Website: <a href=\"http:\/\/arawlings.is\/\">http:\/\/arawlings.is<\/a><\/p>\n<p><b>Vena Naskrecka<\/b> is an interdisciplinary artist and researcher, and a graduate of Munster Technological University in Cork and Minerva Academy in Groningen. They mostly work with movement-based art, performance, and participatory experimental theatre, often creating site-specific installations.<\/p>\n<p>Vena volunteers with the Icelandic Red Cross, where they run theatre classes for asylum seekers and Red Cross volunteers. They actively advocate for disability and environmental rights, and are part of Iceland\u2019s first rights of nature movement, <i>Sn\u00e6fellsj\u00f6kull fyrir forseta<\/i> (\u201cSn\u00e6fellsj\u00f6kull for President\u201d). In 2024, they founded the NGO <i>Samf\u00e9lag fyrir \u00d6ll<\/i> (\u201cCommunity for All\u201d), which creates inclusive and creative spaces for underrepresented groups.<\/p>\n<p>Their work has been shown across Europe, including at the Copernicus Science Centre in Warsaw, Pint of Science in Nottingham, Live Art Festival in Dublin, gallery Sign+ in Groningen, Grimmuseum in Berlin, Reykjanes Art Museum, Kannski Gallery, and RKV Fringe Festival. They\u2019ve received the Klaas Dijkstra Academy Prize, the Minerva Promotion Grant, and an award for an innovative orthopedic corset prototype at the Wawa Design Festival.<\/p>\n<p>Website: <a href=\"https:\/\/vena.works\/\">https:\/\/vena.works\/<\/a><\/p>\n<p><b>Ole Martin Sandberg<\/b> is a postdoctoral researcher in philosophy at the University of Iceland where he teaches and writes about environmental philosophy, ethics of nature, and the relationship between human and non-human nature. His research project. <i>Climate Crisis and Affect<\/i> (<a href=\"https:\/\/climateaffect.hi.is\/\">climateaffect.hi.is<\/a>) focuses on the interacting aspects of climate change, biodiversity, and society. He is also an active member of the Icelandic network for biodiversity, <i>BIODICE<\/i>, where\u00a0 he has participated in Nordic research projects on biodiversity and nature protection as well as in projects aimed at facilitating the integration of the Ecosystem Approach and the Global Biodiversity Framework into Icelandic policy.<\/p>\n<p><b>\u00d3lafur P\u00e1ll J\u00f3nsson<\/b> is a professor of philosophy at the School of Education, University of Iceland. He grew up in in Kirkjub\u00e6jarklaustur, in the South-East of Iceland, where he learned to appreciate nature from an early age. He studied philosophy in Iceland, then in Canada and finally in the US. After returning to Iceland in 2001, he became active in the campaign for the preservation of the highlands and published a book on environmental philosophy in 2007, N\u00e1tt\u00fara, vald og ver\u00f0m\u00e6ti (Nature, authority and values). In his latest book Ann\u00e1ll um l\u00edf \u00ed annas\u00f6mum heimi (An Annal of a Life in a Busy World, 2020) (also published in Spanish as Cr\u00f3nica de una vida en un mundo convulso) he reflects on the moral standing of humans and nature, and on various aspects of human-nature relationship, both in prose and poetry.<\/p>\n<p>&nbsp;<\/p>\n<p><strong data-start=\"2118\" data-end=\"2136\"><em>Accessibility:<\/em><\/strong><br data-start=\"2136\" data-end=\"2139\" \/><em>Elissa Auditorium is wheelchair accessible, with a low-threshold entrance, an accessible toilet with changing facilities on the same floor, and a ramp from the parking lot. An automatic button is installed at the main entrance. For further accessibility inquiries, please contact: kolbrun@nordichouse.is<\/em><\/p>\n<div class=\"hustle-ui hustle-inline hustle_module_id_1 hustle-show hustle-displaying-in-large\" data-id=\"1\" data-render-id=\"0\" data-tracking=\"enabled\" data-sub-type=\"inline\" data-delay=\"0\" data-intro=\"no_animation\" data-alignment=\"left\">\n<div class=\"hustle-inline-content\">\n<div class=\"hustle-social hustle-social--squared\" data-custom=\"true\" data-grid-desktop=\"inline\" data-grid-mobiles=\"inline\">\n<ul class=\"hustle-counter--none\">\n<li><\/li>\n<\/ul>\n<\/div>\n<\/div>\n<\/div>\n<p>&nbsp;<\/p>\n","protected":false},"excerpt":{"rendered":"<p>Other-Grounds filmfestival \u00e4r ett m\u00e5ngkulturellt och gemensamt initiativ som utforskar vad det inneb\u00e4r att vara m\u00e4nniska p\u00e5 jorden \u2013 och hur vi kan skapa ansvarstagande och meningsfulla relationer till naturen och varandra. I en tid av ekologiska, sociala och id\u00e9burna kriser s\u00f6ker vi nya s\u00e4tt att uppfatta, f\u00f6rest\u00e4lla oss och relatera till v\u00e4rlden. Festivalen samlar [&hellip;]<\/p>\n","protected":false},"featured_media":61219,"template":"","event-categories":[],"class_list":["post-61270","event","type-event","status-publish","has-post-thumbnail","hentry","no-banner-image"],"acf":[],"_links":{"self":[{"href":"https:\/\/nordichouse.is\/da\/wp-json\/wp\/v2\/event\/61270","targetHints":{"allow":["GET"]}}],"collection":[{"href":"https:\/\/nordichouse.is\/da\/wp-json\/wp\/v2\/event"}],"about":[{"href":"https:\/\/nordichouse.is\/da\/wp-json\/wp\/v2\/types\/event"}],"wp:featuredmedia":[{"embeddable":true,"href":"https:\/\/nordichouse.is\/da\/wp-json\/wp\/v2\/media\/61219"}],"wp:attachment":[{"href":"https:\/\/nordichouse.is\/da\/wp-json\/wp\/v2\/media?parent=61270"}],"wp:term":[{"taxonomy":"event-categories","embeddable":true,"href":"https:\/\/nordichouse.is\/da\/wp-json\/wp\/v2\/event-categories?post=61270"}],"curies":[{"name":"wp","href":"https:\/\/api.w.org\/{rel}","templated":true}]}}

<p style="font-weight: 400;">Other-Grounds filmfestival är ett mångkulturellt och gemensamt initiativ som utforskar vad det innebär att vara människa på jorden – och hur vi kan skapa ansvarstagande och meningsfulla relationer till naturen och varandra. I en tid av ekologiska, sociala och idéburna kriser söker vi nya sätt att uppfatta, föreställa oss och relatera till världen.</p>
<p style="font-weight: 400;">Festivalen samlar filmer, samtal och olika perspektiv, och lyfter fram kunskapssystem som ofta har tystats. Den förstärker röster som kämpar för hållbarhet, naturens rättigheter och en framtid där fler än bara människor räknas.</p>
<p>Program på engelska nedan</p>
<h3><strong>Welcome to day 1 program: Community.<br />
</strong></h3>
<ul>
<li aria-level="1"><i>Doors open at 17:30.</i></li>
</ul>
<ul>
<li aria-level="1">Opening Ceremony with short speech, drinks and snacks (18:00-18:10);</li>
<li aria-level="1">The River is Me (17 min) (18:10-18:27);</li>
<li aria-level="1">Eálat (32 min) (18:27-19:00);</li>
<li aria-level="1">Break (19:00-19:10);</li>
<li aria-level="1">Round-table on Rights of Nature, nurtured by Dr. Angela Snæfellsjökuls Rawlings, Ole Martin Sandberg, Vena Naskrecka<b>,</b> Ólafur Páll Jónsson (19:10-20:00);</li>
<li aria-level="1">Closing word: 20:00-20:10.</li>
</ul>
<h3><strong> </strong></h3>
<p><a href="https://nordichouse.is/wp-content/uploads/2025/04/NEW-BANNER-RIGHTS-OF-NATURE-640x360.png"><img decoding="async" class="aligncenter size-medium wp-image-61193 ls-is-cached lazyloaded" src="https://nordichouse.is/wp-content/uploads/2025/04/NEW-BANNER-RIGHTS-OF-NATURE-640x360.png" sizes="(max-width: 640px) 100vw, 640px" srcset="https://nordichouse.is/wp-content/uploads/2025/04/NEW-BANNER-RIGHTS-OF-NATURE-640x360.png 640w, https://nordichouse.is/wp-content/uploads/2025/04/NEW-BANNER-RIGHTS-OF-NATURE-1220x686.png 1220w, https://nordichouse.is/wp-content/uploads/2025/04/NEW-BANNER-RIGHTS-OF-NATURE-768x432.png 768w, https://nordichouse.is/wp-content/uploads/2025/04/NEW-BANNER-RIGHTS-OF-NATURE-1536x864.png 1536w, https://nordichouse.is/wp-content/uploads/2025/04/NEW-BANNER-RIGHTS-OF-NATURE-960x540.png 960w, https://nordichouse.is/wp-content/uploads/2025/04/NEW-BANNER-RIGHTS-OF-NATURE-1280x720.png 1280w, https://nordichouse.is/wp-content/uploads/2025/04/NEW-BANNER-RIGHTS-OF-NATURE.png 1920w" alt="" width="640" height="360" data-src="https://nordichouse.is/wp-content/uploads/2025/04/NEW-BANNER-RIGHTS-OF-NATURE-640x360.png" data-srcset="https://nordichouse.is/wp-content/uploads/2025/04/NEW-BANNER-RIGHTS-OF-NATURE-640x360.png 640w, https://nordichouse.is/wp-content/uploads/2025/04/NEW-BANNER-RIGHTS-OF-NATURE-1220x686.png 1220w, https://nordichouse.is/wp-content/uploads/2025/04/NEW-BANNER-RIGHTS-OF-NATURE-768x432.png 768w, https://nordichouse.is/wp-content/uploads/2025/04/NEW-BANNER-RIGHTS-OF-NATURE-1536x864.png 1536w, https://nordichouse.is/wp-content/uploads/2025/04/NEW-BANNER-RIGHTS-OF-NATURE-960x540.png 960w, https://nordichouse.is/wp-content/uploads/2025/04/NEW-BANNER-RIGHTS-OF-NATURE-1280x720.png 1280w, https://nordichouse.is/wp-content/uploads/2025/04/NEW-BANNER-RIGHTS-OF-NATURE.png 1920w" data-sizes="(max-width: 640px) 100vw, 640px" /></a></p>
<h3><b>Round Table on the Rights of Nature</b></h3>
<p>What if Rivers had legal standing? What if Glaciers could defend themselves in court?</p>
<p>Join us for a round table conversation exploring the <b>Rights of Nature</b>—a growing global movement to recognize ecosystems as living entities with rights.</p>
<p>This event is part of <b>Community Day</b> at the Other-Grounds Film Festival and is co-created with members of <b>Snæfellsjökul fyrir forseta (Snæfellsjökull For President)</b>—a poetic-political initiative reimagining our relationship with the Earth.</p>
<p>&nbsp;</p>
<p><b>Round-table conversation is navigated by following community members:</b></p>
<p><b>Dr. Angela Snæfellsjökuls Rawlings</b> is a Canadian-Icelandic interdisciplinary artist-researcher with an ecological emphasis. They work with languages as dominant exploratory material. Rawlings’ books include <i>Wide slumber for lepidopterists</i> (Coach House Books, 2006), <i>Gibber</i> (online, 2012), <i>o w n</i> (CUE BOOKS, 2015), <i>si tu</i> (MaMa Multimedijalni Institut, 2017), and <i>Sound of Mull</i>(Laboratory for Aesthetics and Ecology, 2019). In 2022, Rawlings co-curated SPHERE Festival for the Canadian National Arts Centre’s Orchestra in partnership with the Canadian Museum of Nature, Royal Danish Library, and Nordic Bridges. In 2024, Rawlings founded <i>Snæfellsjökul fyrir forseta (Glacier for president)</i>, Iceland’s first rights of nature movement. In 2025, Rawlings’ solo exhibition <i>Motion to Change Colour Names to Reflect Planetary Boundary Tipping Points</i> was opened in a decommissioned fertiliser factory. They teach at Iceland University of the Arts. Website: <a href="http://arawlings.is/">http://arawlings.is</a></p>
<p><b>Vena Naskrecka</b> is an interdisciplinary artist and researcher, and a graduate of Munster Technological University in Cork and Minerva Academy in Groningen. They mostly work with movement-based art, performance, and participatory experimental theatre, often creating site-specific installations.</p>
<p>Vena volunteers with the Icelandic Red Cross, where they run theatre classes for asylum seekers and Red Cross volunteers. They actively advocate for disability and environmental rights, and are part of Iceland’s first rights of nature movement, <i>Snæfellsjökull fyrir forseta</i> (“Snæfellsjökull for President”). In 2024, they founded the NGO <i>Samfélag fyrir Öll</i> (“Community for All”), which creates inclusive and creative spaces for underrepresented groups.</p>
<p>Their work has been shown across Europe, including at the Copernicus Science Centre in Warsaw, Pint of Science in Nottingham, Live Art Festival in Dublin, gallery Sign+ in Groningen, Grimmuseum in Berlin, Reykjanes Art Museum, Kannski Gallery, and RKV Fringe Festival. They’ve received the Klaas Dijkstra Academy Prize, the Minerva Promotion Grant, and an award for an innovative orthopedic corset prototype at the Wawa Design Festival.</p>
<p>Website: <a href="https://vena.works/">https://vena.works/</a></p>
<p><b>Ole Martin Sandberg</b> is a postdoctoral researcher in philosophy at the University of Iceland where he teaches and writes about environmental philosophy, ethics of nature, and the relationship between human and non-human nature. His research project. <i>Climate Crisis and Affect</i> (<a href="https://climateaffect.hi.is/">climateaffect.hi.is</a>) focuses on the interacting aspects of climate change, biodiversity, and society. He is also an active member of the Icelandic network for biodiversity, <i>BIODICE</i>, where  he has participated in Nordic research projects on biodiversity and nature protection as well as in projects aimed at facilitating the integration of the Ecosystem Approach and the Global Biodiversity Framework into Icelandic policy.</p>
<p><b>Ólafur Páll Jónsson</b> is a professor of philosophy at the School of Education, University of Iceland. He grew up in in Kirkjubæjarklaustur, in the South-East of Iceland, where he learned to appreciate nature from an early age. He studied philosophy in Iceland, then in Canada and finally in the US. After returning to Iceland in 2001, he became active in the campaign for the preservation of the highlands and published a book on environmental philosophy in 2007, Náttúra, vald og verðmæti (Nature, authority and values). In his latest book Annáll um líf í annasömum heimi (An Annal of a Life in a Busy World, 2020) (also published in Spanish as Crónica de una vida en un mundo convulso) he reflects on the moral standing of humans and nature, and on various aspects of human-nature relationship, both in prose and poetry.</p>
<p>&nbsp;</p>
<p><strong data-start="2118" data-end="2136"><em>Accessibility:</em></strong><br data-start="2136" data-end="2139" /><em>Elissa Auditorium is wheelchair accessible, with a low-threshold entrance, an accessible toilet with changing facilities on the same floor, and a ramp from the parking lot. An automatic button is installed at the main entrance. For further accessibility inquiries, please contact: kolbrun@nordichouse.is</em></p>
<div class="hustle-ui hustle-inline hustle_module_id_1 hustle-show hustle-displaying-in-large" data-id="1" data-render-id="0" data-tracking="enabled" data-sub-type="inline" data-delay="0" data-intro="no_animation" data-alignment="left">
<div class="hustle-inline-content">
<div class="hustle-social hustle-social--squared" data-custom="true" data-grid-desktop="inline" data-grid-mobiles="inline">
<ul class="hustle-counter--none">
<li></li>
</ul>
</div>
</div>
</div>
<p>&nbsp;</p>

<p>Other-Grounds filmfestival är ett mångkulturellt och gemensamt initiativ som utforskar vad det innebär att vara människa på jorden – och hur vi kan skapa ansvarstagande och meningsfulla relationer till naturen och varandra. I en tid av ekologiska, sociala och idéburna kriser söker vi nya sätt att uppfatta, föreställa oss och relatera till världen. Festivalen samlar [&hellip;]</p>
