{"id":61189,"date":"2025-04-19T15:06:04","date_gmt":"2025-04-19T15:06:04","guid":{"rendered":"https:\/\/nordichouse.is\/?post_type=event&#038;p=61189"},"modified":"2025-04-30T22:54:48","modified_gmt":"2025-04-30T22:54:48","slug":"other-grounds-film-festival-reykjavik-iceland","status":"publish","type":"event","link":"https:\/\/nordichouse.is\/da\/begivenhed\/other-grounds-film-festival-reykjavik-iceland\/","title":{"rendered":"OTHER-GROUNDS FILM FESTIVAL &#8211; REYKJAV\u00cdK, ICELAND"},"content":{"rendered":"<div class=\"elementToProof\">\n<p><strong><a href=\"http:\/\/Lesa um kvikmyndirnar - smelli\u00f0 h\u00e9r\">Les om alla filmer her<\/a><\/strong><\/p>\n<p>Koloniale fortellinger er vevd dypt inn i historieskrivingen v\u00e5r, bygningene og omgivelsene v\u00e5re. De krisene vi st\u00e5r overfor i dag \u2013 milj\u00f8messige, sosiale og politiske \u2013 er ogs\u00e5 kriser knyttet til oppfatning, fantasi og relasjonell intelligens. Hvordan kan vi slippe l\u00f8s fra ego-sentriske paradigmer? Fanget i en antroposentrisk og kapitalistisk virkelighetsoppfatning, sliter vi med \u00e5 se forbi systemene som former virkeligheten v\u00e5r. Hvordan kan vi skape rom for andre m\u00e5ter \u00e5 v\u00e6re, vite og forholde seg p\u00e5 \u2013 m\u00e5ter som har eksistert f\u00f8r, ofte senere undertrykt, da vi levde i dypere forbindelse med naturen?<\/p>\n<\/div>\n<div class=\"elementToProof\">\n<p>Ved \u00e5 anerkjenne behovet for mangfoldige stemmer og kunnskapssystemer, kan vi \u2013 gjennom erfaring og \u00e6rlig dialog \u2013 berike egne intensjoner og praksiser for \u00e5 kultivere en \u00f8kologi av tilh\u00f8righet. Over hele verden jobber urfolkssamfunn, \u00f8kologiske praktikere og mange andre for \u00e5 beskytte naturen og det mer-enn-menneskelige livsgrunnlaget. Naturrettsbevegelsen (Nature Rights movement) jobber for \u00e5 beskytte liv, \u00f8kosystemer og biologisk mangfold juridisk, politisk og sosialt.<\/p>\n<\/div>\n<div class=\"elementToProof\">\n<p>I dag er vi kanskje klare til \u00e5 avl\u00e6re og l\u00e6re p\u00e5 nytt \u2013 sammen med mennesker, andre-enn-mennesker og jorda. Det er p\u00e5 tide \u00e5 \u00e5pne veier for \u00e5 l\u00e6re nye m\u00e5ter \u00e5 forholde seg til verden p\u00e5. Other-Grounds Film Festival\u00a0er et interkulturelt, kollektivt initiativ som utforsker hva det vil si \u00e5 v\u00e6re menneske p\u00e5 Jorden og v\u00e5rt ansvar i en \u00f8kologi av relasjoner.<\/p>\n<\/div>\n<div class=\"elementToProof\">\n<p>Gjennom en kombinasjon av filmer, rundbordssamtaler og dialoger, samler Other-Grounds Film Festival mangfoldige kunnskapsformer, og forsterker stemmer som arbeider for b\u00e6rekraft, kollektiv bevissthet, naturens rettigheter og mer-enn-menneskelige perspektiver \u2013 hvor en \u00f8ko-sentrisk tilv\u00e6relse sees som et evolusjon\u00e6rt m\u00e5l.<\/p>\n<\/div>\n<div class=\"elementToProof\"><b>Program:<\/b><\/div>\n<div class=\"elementToProof\">\n<b>DAY 1. (02.05) Felleskap:<\/b><span style=\"font-weight: 400;\"><br \/>\n<\/span><i><span style=\"font-weight: 400;\"><br \/>\n17:30: Doors open<br \/>\n<\/span><\/i><\/p>\n<p><span style=\"font-weight: 400;\">18:00: Opening Ceremony with short speech, drinks and snacks<\/span><\/p>\n<p><span style=\"font-weight: 400;\">18:10:<strong><br \/>\nFILM:<\/strong> The River is Me<br \/>\n<\/span><span style=\"font-size: 1rem;\">Director: David Freid<br \/>\n<\/span><span style=\"font-size: 1rem;\">Country: United States, Aotearoa (New Zealand)| Year: 2018 | Runtime: 17 minutes<\/span><\/p>\n<div class=\"page\" title=\"Page 2\">\n<div class=\"section\">\n<div class=\"layoutArea\">\n<div class=\"column\">\n<p><span style=\"font-family: var(--list--font-family); font-size: 1rem;\">18:27:<\/span><strong style=\"font-family: var(--list--font-family); font-size: 1rem;\"><br \/>\nFILM:<\/strong><span style=\"font-family: var(--list--font-family); font-size: 1rem;\"> E\u00e1lat<br \/>\n<\/span><span style=\"font-family: var(--list--font-family); font-size: 1rem;\">Director: Elle Ma\u0301rja Eira<br \/>\n<\/span><span style=\"font-family: var(--list--font-family); font-size: 1rem;\">Country: Sa\u0301pmi,(Norway) | Year: 2021 | Runtime: 32 minutes<\/span><\/p>\n<\/div>\n<\/div>\n<\/div>\n<\/div>\n<p><span style=\"font-weight: 400;\">19:00 <em>Break<\/em>\u00a0<\/span><\/p>\n<p><span style=\"font-weight: 400;\">19:10 Round-table on Rights of Nature, nurtured by <\/span><span style=\"font-weight: 400;\">Dr. Angela Sn\u00e6fellsj\u00f6kuls Rawlings<\/span><span style=\"font-weight: 400;\">, <\/span><span style=\"font-weight: 400;\">Ole Martin Sandberg<\/span><span style=\"font-weight: 400;\">, <\/span><span style=\"font-weight: 400;\">Vena Naskrecka<\/span><b>,<\/b> <span style=\"font-weight: 400;\">\u00d3lafur P\u00e1ll J\u00f3nsson\u00a0<\/span><\/p>\n<p><span style=\"font-weight: 400;\">20:00 <em>Closing word<br \/>\n<\/em><br \/>\n<\/span><\/p>\n<p><b>DAY 2. (03.05) Kunnskapsinnhenting:<\/b><\/p>\n<p><span style=\"font-weight: 400;\">12:30: <em>Doors Open\u00a0<\/em><\/span><\/p>\n<p><span style=\"font-weight: 400;\">13:00:<br \/>\n<strong>FILMS:<\/strong>\u00a0The Church Forest of Ethiopia<br \/>\n<\/span><span style=\"font-size: 1rem;\">Director: Jeremy Seifert<br \/>\n<\/span><span style=\"font-size: 1rem;\">Country: Ethiopia, United States | Year: 2020 | Runtime: 9 minutes<\/span><\/p>\n<p><span style=\"font-weight: 400;\"><strong>FILM:<\/strong> Honouring Darkness<br \/>\n<\/span><span style=\"font-size: 1rem;\">Director: Juan Camilo<br \/>\n<\/span><span style=\"font-size: 1rem;\">Country: Iceland, Colombia | Year: 2018 | Runtime: 18 minutes<\/span><\/p>\n<p><span style=\"font-weight: 400;\">13:30 <em>Break<\/em><\/span><\/p>\n<p><span style=\"font-weight: 400;\">14:00:<br \/>\n<strong>FILM:<\/strong> Mamu<br \/>\n<\/span><span style=\"font-size: 1rem;\">Director: Aephie Chen<br \/>\n<\/span><span style=\"font-size: 1rem;\">Country: Taiwan, United Kingdom | Year: 2024 | Runtime: 15 minutes<\/span><\/p>\n<p><span style=\"font-weight: 400;\">+ Interview with the MAMU director Aephie<\/span><\/p>\n<p><span style=\"font-weight: 400;\">15:00: <em>Break<\/em><\/span><\/p>\n<p><span style=\"font-weight: 400;\">15:15:<br \/>\n<strong>FILM<\/strong>: ICE<br \/>\n<\/span><span style=\"font-size: 1rem;\">Director: Christoph Matt, Bernhard Poscher, Sympoietic Society art collective<br \/>\n<\/span><span style=\"font-size: 1rem;\">Country: Austria | Year: 2023 | Runtime: 6 minutes<\/span><\/p>\n<p><span style=\"font-weight: 400;\"><strong>FILM:<\/strong> Qulleq<br \/>\n<\/span><span style=\"font-size: 1rem;\">Director: Aka Hansen<br \/>\n<\/span><span style=\"font-size: 1rem;\">Country: Kalaallit Nunaat (Greenland) | Year: 2023 | Runtime: 3 minutes<\/span><\/p>\n<p><span style=\"font-weight: 400;\"><strong>FILM:<\/strong> Shangri-La<br \/>\n<\/span><span style=\"font-size: 1rem;\">Directors: Seoyeon Ha and Leon Meschede<br \/>\n<\/span><span style=\"font-size: 1rem;\">Country: Mongolia, South Korea, Germany | Year: 2023 | Runtime: 23 minutes<\/span><\/p>\n<p><span style=\"font-weight: 400;\">16:00:\u00a0<em>Break<\/em><\/span><\/p>\n<p><span style=\"font-weight: 400;\">16:30: The Sounds of Mongol Nutag with KHAIRKHAN\u00a0<\/span><\/p>\n<p><span style=\"font-weight: 400;\">17:30:<\/span><i><span style=\"font-weight: 400;\"> Short Closing word<\/span><\/i><\/p>\n<ul>\n<li style=\"list-style-type: none;\"><\/li>\n<\/ul>\n<p><b style=\"font-size: 1rem;\">DAY 3. (04.05) <b>Overlevering av kunnskap:<\/b><\/b><\/p>\n<p><span style=\"font-weight: 400;\">11:30: <\/span><i><span style=\"font-weight: 400;\">Doors Open\u00a0<\/span><\/i><\/p>\n<p><span style=\"font-weight: 400;\">12:00: Roundtable on climate anxiety with Ungir Umhverfissinnar\u00a0<\/span><\/p>\n<p><span style=\"font-weight: 400;\">13:00: Break\u00a0<\/span><\/p>\n<p><span style=\"font-weight: 400;\">13:30:<br \/>\n<strong>FILM<\/strong>: A Tree Is Like A Man (2019)<br \/>\n<\/span><span style=\"font-size: 1rem;\">Director: Thorbjo\u0308rg Jo\u0301nsdo\u0301ttir<br \/>\n<\/span><span style=\"font-size: 1rem;\">Country: Iceland, Colombia | Year: 2019 | Runtime: 29 minutes<br \/>\n<\/span><\/p>\n<p><span style=\"font-weight: 400;\"><strong>FILM:<\/strong> Time and Seashell<br \/>\n<\/span><span style=\"font-size: 1rem;\">Director: Itandehui Jansen<br \/>\n<\/span><span style=\"font-size: 1rem;\">Country: Mexico | Year: 2020 | Runtime: 13 minutes<\/span><\/p>\n<p><span style=\"font-weight: 400;\"><strong>FILM:<\/strong> Baigal Nuur-Lake Baikal<br \/>\n<\/span><span style=\"font-size: 1rem;\">Director: Alisi Telengut<br \/>\n<\/span><span style=\"font-size: 1rem;\">Country: Buryad-Mongolia, Germany, Canada | Year: 2024 | Runtime: 10 minutes<\/span><\/p>\n<p><span style=\"font-weight: 400;\">14:30: <em>Break\u00a0<\/em><\/span><\/p>\n<p><span style=\"font-weight: 400;\">15:30: <\/span><span style=\"font-weight: 400;\">Interactive crafts workshop for kids by Christoph Matt (eco-social designer) on\u00a0<\/span><span style=\"font-size: 1rem;\">imagining the world,<br \/>\nwhere biodiversity has disappeared\u00a0<\/span><\/p>\n<p><span style=\"font-weight: 400;\">16:30: <em>Break\u00a0<\/em><\/span><\/p>\n<p><span style=\"font-weight: 400;\">17:00:<br \/>\n<strong>FILM:<\/strong> I Am The River, The River Is Me<br \/>\n<\/span><span style=\"font-size: 1rem;\">Director: Petr Lom<br \/>\n<\/span><span style=\"font-size: 1rem;\">Country: Aotearoa (New Zealand) | Year: 2024 | Runtime: 86 minutes<\/span><\/p>\n<p><span style=\"font-weight: 400;\">18:30:<\/span><i><span style=\"font-weight: 400;\"> Closing words<\/span><\/i><\/p>\n<\/div>\n<div><\/div>\n<div class=\"elementToProof\">\n<p>Grafisk design:\u00a0Christoph Matt (\u00f8kososial designer)<\/p>\n<\/div>\n<div class=\"elementToProof\"><b>Kuratorer:<\/b><\/div>\n<div class=\"elementToProof\">Daria Testo: <a class=\"ms-outlook-linkify\" href=\"mailto:dariatesto@gmail.com\">dariatesto@gmail.com<\/a><br \/>\nJuan Camilo: <a class=\"ms-outlook-linkify\" href=\"mailto:juanhildur@gmail.com\">juanhildur@gmail.com<\/a><\/p>\n<\/div>\n<p>St\u00f6dt av:<br \/>\n<a href=\"https:\/\/nordichouse.is\/wp-content\/uploads\/2025\/04\/logo_other-grounds.jpg\"><img decoding=\"async\" class=\"aligncenter size-medium wp-image-61222 lazyload\" data-src=\"https:\/\/nordichouse.is\/wp-content\/uploads\/2025\/04\/logo_other-grounds.jpg\" alt=\"\" width=\"640\" height=\"360\" data-srcset=\"https:\/\/nordichouse.is\/wp-content\/uploads\/2025\/04\/logo_other-grounds.jpg 1920w, https:\/\/nordichouse.is\/wp-content\/uploads\/2025\/04\/logo_other-grounds-640x360.jpg 640w, https:\/\/nordichouse.is\/wp-content\/uploads\/2025\/04\/logo_other-grounds-1220x686.jpg 1220w, https:\/\/nordichouse.is\/wp-content\/uploads\/2025\/04\/logo_other-grounds-768x432.jpg 768w, https:\/\/nordichouse.is\/wp-content\/uploads\/2025\/04\/logo_other-grounds-1536x864.jpg 1536w, https:\/\/nordichouse.is\/wp-content\/uploads\/2025\/04\/logo_other-grounds-960x540.jpg 960w, https:\/\/nordichouse.is\/wp-content\/uploads\/2025\/04\/logo_other-grounds-1280x720.jpg 1280w\" data-sizes=\"(max-width: 640px) 100vw, 640px\" src=\"data:image\/svg+xml;base64,PHN2ZyB3aWR0aD0iMSIgaGVpZ2h0PSIxIiB4bWxucz0iaHR0cDovL3d3dy53My5vcmcvMjAwMC9zdmciPjwvc3ZnPg==\" style=\"--smush-placeholder-width: 640px; --smush-placeholder-aspect-ratio: 640\/360;\" \/><\/a><\/p>\n","protected":false},"excerpt":{"rendered":"<p>Les om alla filmer her Koloniale fortellinger er vevd dypt inn i historieskrivingen v\u00e5r, bygningene og omgivelsene v\u00e5re. De krisene vi st\u00e5r overfor i dag \u2013 milj\u00f8messige, sosiale og politiske \u2013 er ogs\u00e5 kriser knyttet til oppfatning, fantasi og relasjonell intelligens. Hvordan kan vi slippe l\u00f8s fra ego-sentriske paradigmer? Fanget i en antroposentrisk og kapitalistisk [&hellip;]<\/p>\n","protected":false},"featured_media":61219,"template":"","event-categories":[461,85],"class_list":["post-61189","event","type-event","status-publish","has-post-thumbnail","hentry","event-categories-festivaler","event-categories-film","no-banner-image"],"acf":[],"_links":{"self":[{"href":"https:\/\/nordichouse.is\/da\/wp-json\/wp\/v2\/event\/61189","targetHints":{"allow":["GET"]}}],"collection":[{"href":"https:\/\/nordichouse.is\/da\/wp-json\/wp\/v2\/event"}],"about":[{"href":"https:\/\/nordichouse.is\/da\/wp-json\/wp\/v2\/types\/event"}],"wp:featuredmedia":[{"embeddable":true,"href":"https:\/\/nordichouse.is\/da\/wp-json\/wp\/v2\/media\/61219"}],"wp:attachment":[{"href":"https:\/\/nordichouse.is\/da\/wp-json\/wp\/v2\/media?parent=61189"}],"wp:term":[{"taxonomy":"event-categories","embeddable":true,"href":"https:\/\/nordichouse.is\/da\/wp-json\/wp\/v2\/event-categories?post=61189"}],"curies":[{"name":"wp","href":"https:\/\/api.w.org\/{rel}","templated":true}]}}

OTHER-GROUNDS FILM FESTIVAL &#8211; REYKJAVÍK, ICELAND

<div class="elementToProof">
<p><strong><a href="http://Lesa um kvikmyndirnar - smellið hér">Les om alla filmer her</a></strong></p>
<p>Koloniale fortellinger er vevd dypt inn i historieskrivingen vår, bygningene og omgivelsene våre. De krisene vi står overfor i dag – miljømessige, sosiale og politiske – er også kriser knyttet til oppfatning, fantasi og relasjonell intelligens. Hvordan kan vi slippe løs fra ego-sentriske paradigmer? Fanget i en antroposentrisk og kapitalistisk virkelighetsoppfatning, sliter vi med å se forbi systemene som former virkeligheten vår. Hvordan kan vi skape rom for andre måter å være, vite og forholde seg på – måter som har eksistert før, ofte senere undertrykt, da vi levde i dypere forbindelse med naturen?</p>
</div>
<div class="elementToProof">
<p>Ved å anerkjenne behovet for mangfoldige stemmer og kunnskapssystemer, kan vi – gjennom erfaring og ærlig dialog – berike egne intensjoner og praksiser for å kultivere en økologi av tilhørighet. Over hele verden jobber urfolkssamfunn, økologiske praktikere og mange andre for å beskytte naturen og det mer-enn-menneskelige livsgrunnlaget. Naturrettsbevegelsen (Nature Rights movement) jobber for å beskytte liv, økosystemer og biologisk mangfold juridisk, politisk og sosialt.</p>
</div>
<div class="elementToProof">
<p>I dag er vi kanskje klare til å avlære og lære på nytt – sammen med mennesker, andre-enn-mennesker og jorda. Det er på tide å åpne veier for å lære nye måter å forholde seg til verden på. Other-Grounds Film Festival er et interkulturelt, kollektivt initiativ som utforsker hva det vil si å være menneske på Jorden og vårt ansvar i en økologi av relasjoner.</p>
</div>
<div class="elementToProof">
<p>Gjennom en kombinasjon av filmer, rundbordssamtaler og dialoger, samler Other-Grounds Film Festival mangfoldige kunnskapsformer, og forsterker stemmer som arbeider for bærekraft, kollektiv bevissthet, naturens rettigheter og mer-enn-menneskelige perspektiver – hvor en øko-sentrisk tilværelse sees som et evolusjonært mål.</p>
</div>
<div class="elementToProof"><b>Program:</b></div>
<div class="elementToProof">
<b>DAY 1. (02.05) Felleskap:</b><span style="font-weight: 400;"><br />
</span><i><span style="font-weight: 400;"><br />
17:30: Doors open<br />
</span></i></p>
<p><span style="font-weight: 400;">18:00: Opening Ceremony with short speech, drinks and snacks</span></p>
<p><span style="font-weight: 400;">18:10:<strong><br />
FILM:</strong> The River is Me<br />
</span><span style="font-size: 1rem;">Director: David Freid<br />
</span><span style="font-size: 1rem;">Country: United States, Aotearoa (New Zealand)| Year: 2018 | Runtime: 17 minutes</span></p>
<div class="page" title="Page 2">
<div class="section">
<div class="layoutArea">
<div class="column">
<p><span style="font-family: var(--list--font-family); font-size: 1rem;">18:27:</span><strong style="font-family: var(--list--font-family); font-size: 1rem;"><br />
FILM:</strong><span style="font-family: var(--list--font-family); font-size: 1rem;"> Eálat<br />
</span><span style="font-family: var(--list--font-family); font-size: 1rem;">Director: Elle Márja Eira<br />
</span><span style="font-family: var(--list--font-family); font-size: 1rem;">Country: Sápmi,(Norway) | Year: 2021 | Runtime: 32 minutes</span></p>
</div>
</div>
</div>
</div>
<p><span style="font-weight: 400;">19:00 <em>Break</em> </span></p>
<p><span style="font-weight: 400;">19:10 Round-table on Rights of Nature, nurtured by </span><span style="font-weight: 400;">Dr. Angela Snæfellsjökuls Rawlings</span><span style="font-weight: 400;">, </span><span style="font-weight: 400;">Ole Martin Sandberg</span><span style="font-weight: 400;">, </span><span style="font-weight: 400;">Vena Naskrecka</span><b>,</b> <span style="font-weight: 400;">Ólafur Páll Jónsson </span></p>
<p><span style="font-weight: 400;">20:00 <em>Closing word<br />
</em><br />
</span></p>
<p><b>DAY 2. (03.05) Kunnskapsinnhenting:</b></p>
<p><span style="font-weight: 400;">12:30: <em>Doors Open </em></span></p>
<p><span style="font-weight: 400;">13:00:<br />
<strong>FILMS:</strong> The Church Forest of Ethiopia<br />
</span><span style="font-size: 1rem;">Director: Jeremy Seifert<br />
</span><span style="font-size: 1rem;">Country: Ethiopia, United States | Year: 2020 | Runtime: 9 minutes</span></p>
<p><span style="font-weight: 400;"><strong>FILM:</strong> Honouring Darkness<br />
</span><span style="font-size: 1rem;">Director: Juan Camilo<br />
</span><span style="font-size: 1rem;">Country: Iceland, Colombia | Year: 2018 | Runtime: 18 minutes</span></p>
<p><span style="font-weight: 400;">13:30 <em>Break</em></span></p>
<p><span style="font-weight: 400;">14:00:<br />
<strong>FILM:</strong> Mamu<br />
</span><span style="font-size: 1rem;">Director: Aephie Chen<br />
</span><span style="font-size: 1rem;">Country: Taiwan, United Kingdom | Year: 2024 | Runtime: 15 minutes</span></p>
<p><span style="font-weight: 400;">+ Interview with the MAMU director Aephie</span></p>
<p><span style="font-weight: 400;">15:00: <em>Break</em></span></p>
<p><span style="font-weight: 400;">15:15:<br />
<strong>FILM</strong>: ICE<br />
</span><span style="font-size: 1rem;">Director: Christoph Matt, Bernhard Poscher, Sympoietic Society art collective<br />
</span><span style="font-size: 1rem;">Country: Austria | Year: 2023 | Runtime: 6 minutes</span></p>
<p><span style="font-weight: 400;"><strong>FILM:</strong> Qulleq<br />
</span><span style="font-size: 1rem;">Director: Aka Hansen<br />
</span><span style="font-size: 1rem;">Country: Kalaallit Nunaat (Greenland) | Year: 2023 | Runtime: 3 minutes</span></p>
<p><span style="font-weight: 400;"><strong>FILM:</strong> Shangri-La<br />
</span><span style="font-size: 1rem;">Directors: Seoyeon Ha and Leon Meschede<br />
</span><span style="font-size: 1rem;">Country: Mongolia, South Korea, Germany | Year: 2023 | Runtime: 23 minutes</span></p>
<p><span style="font-weight: 400;">16:00: <em>Break</em></span></p>
<p><span style="font-weight: 400;">16:30: The Sounds of Mongol Nutag with KHAIRKHAN </span></p>
<p><span style="font-weight: 400;">17:30:</span><i><span style="font-weight: 400;"> Short Closing word</span></i></p>
<ul>
<li style="list-style-type: none;"></li>
</ul>
<p><b style="font-size: 1rem;">DAY 3. (04.05) <b>Overlevering av kunnskap:</b></b></p>
<p><span style="font-weight: 400;">11:30: </span><i><span style="font-weight: 400;">Doors Open </span></i></p>
<p><span style="font-weight: 400;">12:00: Roundtable on climate anxiety with Ungir Umhverfissinnar </span></p>
<p><span style="font-weight: 400;">13:00: Break </span></p>
<p><span style="font-weight: 400;">13:30:<br />
<strong>FILM</strong>: A Tree Is Like A Man (2019)<br />
</span><span style="font-size: 1rem;">Director: Thorbjörg Jónsdóttir<br />
</span><span style="font-size: 1rem;">Country: Iceland, Colombia | Year: 2019 | Runtime: 29 minutes<br />
</span></p>
<p><span style="font-weight: 400;"><strong>FILM:</strong> Time and Seashell<br />
</span><span style="font-size: 1rem;">Director: Itandehui Jansen<br />
</span><span style="font-size: 1rem;">Country: Mexico | Year: 2020 | Runtime: 13 minutes</span></p>
<p><span style="font-weight: 400;"><strong>FILM:</strong> Baigal Nuur-Lake Baikal<br />
</span><span style="font-size: 1rem;">Director: Alisi Telengut<br />
</span><span style="font-size: 1rem;">Country: Buryad-Mongolia, Germany, Canada | Year: 2024 | Runtime: 10 minutes</span></p>
<p><span style="font-weight: 400;">14:30: <em>Break </em></span></p>
<p><span style="font-weight: 400;">15:30: </span><span style="font-weight: 400;">Interactive crafts workshop for kids by Christoph Matt (eco-social designer) on </span><span style="font-size: 1rem;">imagining the world,<br />
where biodiversity has disappeared </span></p>
<p><span style="font-weight: 400;">16:30: <em>Break </em></span></p>
<p><span style="font-weight: 400;">17:00:<br />
<strong>FILM:</strong> I Am The River, The River Is Me<br />
</span><span style="font-size: 1rem;">Director: Petr Lom<br />
</span><span style="font-size: 1rem;">Country: Aotearoa (New Zealand) | Year: 2024 | Runtime: 86 minutes</span></p>
<p><span style="font-weight: 400;">18:30:</span><i><span style="font-weight: 400;"> Closing words</span></i></p>
</div>
<div></div>
<div class="elementToProof">
<p>Grafisk design: Christoph Matt (økososial designer)</p>
</div>
<div class="elementToProof"><b>Kuratorer:</b></div>
<div class="elementToProof">Daria Testo: <a class="ms-outlook-linkify" href="mailto:dariatesto@gmail.com">dariatesto@gmail.com</a><br />
Juan Camilo: <a class="ms-outlook-linkify" href="mailto:juanhildur@gmail.com">juanhildur@gmail.com</a></p>
</div>
<p>Stödt av:<br />
<a href="https://nordichouse.is/wp-content/uploads/2025/04/logo_other-grounds.jpg"><img decoding="async" class="aligncenter size-medium wp-image-61222 lazyload" data-src="https://nordichouse.is/wp-content/uploads/2025/04/logo_other-grounds.jpg" alt="" width="640" height="360" data-srcset="https://nordichouse.is/wp-content/uploads/2025/04/logo_other-grounds.jpg 1920w, https://nordichouse.is/wp-content/uploads/2025/04/logo_other-grounds-640x360.jpg 640w, https://nordichouse.is/wp-content/uploads/2025/04/logo_other-grounds-1220x686.jpg 1220w, https://nordichouse.is/wp-content/uploads/2025/04/logo_other-grounds-768x432.jpg 768w, https://nordichouse.is/wp-content/uploads/2025/04/logo_other-grounds-1536x864.jpg 1536w, https://nordichouse.is/wp-content/uploads/2025/04/logo_other-grounds-960x540.jpg 960w, https://nordichouse.is/wp-content/uploads/2025/04/logo_other-grounds-1280x720.jpg 1280w" data-sizes="(max-width: 640px) 100vw, 640px" src="data:image/svg+xml;base64,PHN2ZyB3aWR0aD0iMSIgaGVpZ2h0PSIxIiB4bWxucz0iaHR0cDovL3d3dy53My5vcmcvMjAwMC9zdmciPjwvc3ZnPg==" style="--smush-placeholder-width: 640px; --smush-placeholder-aspect-ratio: 640/360;" /></a></p>

<p>Les om alla filmer her Koloniale fortellinger er vevd dypt inn i historieskrivingen vår, bygningene og omgivelsene våre. De krisene vi står overfor i dag – miljømessige, sosiale og politiske – er også kriser knyttet til oppfatning, fantasi og relasjonell intelligens. Hvordan kan vi slippe løs fra ego-sentriske paradigmer? Fanget i en antroposentrisk og kapitalistisk [&hellip;]</p>
