{"id":58106,"date":"2024-03-20T11:23:38","date_gmt":"2024-03-20T11:23:38","guid":{"rendered":"https:\/\/nordichouse.is\/?post_type=event&#038;p=58106"},"modified":"2024-03-20T11:34:29","modified_gmt":"2024-03-20T11:34:29","slug":"fjaer","status":"publish","type":"event","link":"https:\/\/nordichouse.is\/da\/begivenhed\/fjaer\/","title":{"rendered":"Fj\u00e6r"},"content":{"rendered":"<h3>Velkommen til utstillingen \u00abfj\u00e6r\u00bb, laget av elever ved Fellask\u00f3li i Reykjavik!<\/h3>\n<p>Elevenes kunst i form av tegninger, dikt og Haiku er hengt opp p\u00e5 veggene i Nordens hus. Kunsten er laget i forbindelse med billedkunstens dag, som var den 13. mars. Utstillingen er fylt av flotte farger og fine dikt. Gjestene v\u00e5re kan f\u00e5 gleden av utstillingen til over p\u00e5ske! <span style=\"font-size: 1rem;\">Velkommen!<\/span><\/p>\n<p><img decoding=\"async\" class=\"alignnone wp-image-58115 lazyload\" data-src=\"https:\/\/nordichouse.is\/wp-content\/uploads\/2024\/03\/20240318_123634-scaled-e1710933700260-506x640.jpg\" alt=\"\" width=\"309\" height=\"391\" src=\"data:image\/svg+xml;base64,PHN2ZyB3aWR0aD0iMSIgaGVpZ2h0PSIxIiB4bWxucz0iaHR0cDovL3d3dy53My5vcmcvMjAwMC9zdmciPjwvc3ZnPg==\" style=\"--smush-placeholder-width: 309px; --smush-placeholder-aspect-ratio: 309\/391;\" \/><\/p>\n<p>Kunsten er laget sammen med kunstl\u00e6rerene Greta S. Gu\u00f0mundsd\u00f3ttir and Magnea \u00de. Ingvarsd\u00f3ttir.<\/p>\n<p><img decoding=\"async\" class=\"alignnone wp-image-58118 lazyload\" data-src=\"https:\/\/nordichouse.is\/wp-content\/uploads\/2024\/03\/20240318_124812-scaled-e1710933763515-576x640.jpg\" alt=\"\" width=\"309\" height=\"343\" data-srcset=\"https:\/\/nordichouse.is\/wp-content\/uploads\/2024\/03\/20240318_124812-scaled-e1710933763515-576x640.jpg 576w, https:\/\/nordichouse.is\/wp-content\/uploads\/2024\/03\/20240318_124812-scaled-e1710933763515-1099x1220.jpg 1099w, https:\/\/nordichouse.is\/wp-content\/uploads\/2024\/03\/20240318_124812-scaled-e1710933763515-768x853.jpg 768w, https:\/\/nordichouse.is\/wp-content\/uploads\/2024\/03\/20240318_124812-scaled-e1710933763515-1383x1536.jpg 1383w, https:\/\/nordichouse.is\/wp-content\/uploads\/2024\/03\/20240318_124812-scaled-e1710933763515.jpg 1441w\" data-sizes=\"(max-width: 309px) 100vw, 309px\" src=\"data:image\/svg+xml;base64,PHN2ZyB3aWR0aD0iMSIgaGVpZ2h0PSIxIiB4bWxucz0iaHR0cDovL3d3dy53My5vcmcvMjAwMC9zdmciPjwvc3ZnPg==\" style=\"--smush-placeholder-width: 309px; --smush-placeholder-aspect-ratio: 309\/343;\" \/><\/p>\n<p>&nbsp;<\/p>\n<p><em>Tilgjengeligheten er god i atrium og i samme etasje er det tilgjengelige og kj\u00f8nnsn\u00f8ytrale toalett.<\/em><\/p>\n<p>&nbsp;<\/p>\n","protected":false},"excerpt":{"rendered":"<p>Velkommen til utstillingen \u00abfj\u00e6r\u00bb, laget av elever ved Fellask\u00f3li i Reykjavik! Elevenes kunst i form av tegninger, dikt og Haiku er hengt opp p\u00e5 veggene i Nordens hus. Kunsten er laget i forbindelse med billedkunstens dag, som var den 13. mars. Utstillingen er fylt av flotte farger og fine dikt. Gjestene v\u00e5re kan f\u00e5 gleden [&hellip;]<\/p>\n","protected":false},"featured_media":58121,"template":"","event-categories":[73],"class_list":["post-58106","event","type-event","status-publish","has-post-thumbnail","hentry","event-categories-udstillinger","has-banner-image"],"acf":[],"_links":{"self":[{"href":"https:\/\/nordichouse.is\/da\/wp-json\/wp\/v2\/event\/58106","targetHints":{"allow":["GET"]}}],"collection":[{"href":"https:\/\/nordichouse.is\/da\/wp-json\/wp\/v2\/event"}],"about":[{"href":"https:\/\/nordichouse.is\/da\/wp-json\/wp\/v2\/types\/event"}],"wp:featuredmedia":[{"embeddable":true,"href":"https:\/\/nordichouse.is\/da\/wp-json\/wp\/v2\/media\/58121"}],"wp:attachment":[{"href":"https:\/\/nordichouse.is\/da\/wp-json\/wp\/v2\/media?parent=58106"}],"wp:term":[{"taxonomy":"event-categories","embeddable":true,"href":"https:\/\/nordichouse.is\/da\/wp-json\/wp\/v2\/event-categories?post=58106"}],"curies":[{"name":"wp","href":"https:\/\/api.w.org\/{rel}","templated":true}]}}

Fjær

<h3>Velkommen til utstillingen «fjær», laget av elever ved Fellaskóli i Reykjavik!</h3>
<p>Elevenes kunst i form av tegninger, dikt og Haiku er hengt opp på veggene i Nordens hus. Kunsten er laget i forbindelse med billedkunstens dag, som var den 13. mars. Utstillingen er fylt av flotte farger og fine dikt. Gjestene våre kan få gleden av utstillingen til over påske! <span style="font-size: 1rem;">Velkommen!</span></p>
<p><img decoding="async" class="alignnone wp-image-58115 lazyload" data-src="https://nordichouse.is/wp-content/uploads/2024/03/20240318_123634-scaled-e1710933700260-506x640.jpg" alt="" width="309" height="391" src="data:image/svg+xml;base64,PHN2ZyB3aWR0aD0iMSIgaGVpZ2h0PSIxIiB4bWxucz0iaHR0cDovL3d3dy53My5vcmcvMjAwMC9zdmciPjwvc3ZnPg==" style="--smush-placeholder-width: 309px; --smush-placeholder-aspect-ratio: 309/391;" /></p>
<p>Kunsten er laget sammen med kunstlærerene Greta S. Guðmundsdóttir and Magnea Þ. Ingvarsdóttir.</p>
<p><img decoding="async" class="alignnone wp-image-58118 lazyload" data-src="https://nordichouse.is/wp-content/uploads/2024/03/20240318_124812-scaled-e1710933763515-576x640.jpg" alt="" width="309" height="343" data-srcset="https://nordichouse.is/wp-content/uploads/2024/03/20240318_124812-scaled-e1710933763515-576x640.jpg 576w, https://nordichouse.is/wp-content/uploads/2024/03/20240318_124812-scaled-e1710933763515-1099x1220.jpg 1099w, https://nordichouse.is/wp-content/uploads/2024/03/20240318_124812-scaled-e1710933763515-768x853.jpg 768w, https://nordichouse.is/wp-content/uploads/2024/03/20240318_124812-scaled-e1710933763515-1383x1536.jpg 1383w, https://nordichouse.is/wp-content/uploads/2024/03/20240318_124812-scaled-e1710933763515.jpg 1441w" data-sizes="(max-width: 309px) 100vw, 309px" src="data:image/svg+xml;base64,PHN2ZyB3aWR0aD0iMSIgaGVpZ2h0PSIxIiB4bWxucz0iaHR0cDovL3d3dy53My5vcmcvMjAwMC9zdmciPjwvc3ZnPg==" style="--smush-placeholder-width: 309px; --smush-placeholder-aspect-ratio: 309/343;" /></p>
<p>&nbsp;</p>
<p><em>Tilgjengeligheten er god i atrium og i samme etasje er det tilgjengelige og kjønnsnøytrale toalett.</em></p>
<p>&nbsp;</p>

<p>Velkommen til utstillingen «fjær», laget av elever ved Fellaskóli i Reykjavik! Elevenes kunst i form av tegninger, dikt og Haiku er hengt opp på veggene i Nordens hus. Kunsten er laget i forbindelse med billedkunstens dag, som var den 13. mars. Utstillingen er fylt av flotte farger og fine dikt. Gjestene våre kan få gleden [&hellip;]</p>
