{"id":57704,"date":"2024-01-30T14:25:40","date_gmt":"2024-01-30T14:25:40","guid":{"rendered":"https:\/\/nordichouse.is\/?post_type=event&#038;p=57704"},"modified":"2024-01-30T15:10:12","modified_gmt":"2024-01-30T15:10:12","slug":"sondag-hyggestund-dansk-2","status":"publish","type":"event","link":"https:\/\/nordichouse.is\/da\/begivenhed\/sondag-hyggestund-dansk-2\/","title":{"rendered":"Sondag Hyggestund: Dansk"},"content":{"rendered":"<p>Signe Sofie Larsen vil l\u00e6se h\u00f8jt fra et par af sine favoritb\u00f8rneb\u00f8ger. Signe er 23 \u00e5r, f\u00f8dt og opvokset i Danmark men bor og arbejder pt. i Reykjavik som handikaphj\u00e6lper og medarbejder i en b\u00f8rnehave.<\/p>\n<p>Efter opl\u00e6sningen opfordres g\u00e6sterne desuden til at nyde udstillingen \u201cUnder polar-isen\u201d p\u00e5 b\u00f8rnebiblioteket.<\/p>\n<p>Kom og lyt! Det bliver helt sikkert hyggeligt!<\/p>\n<p><img decoding=\"async\" class=\"alignnone  wp-image-57714 lazyload\" data-src=\"https:\/\/nordichouse.is\/wp-content\/uploads\/2024\/01\/Dansk20flag383594-640x484.jpeg\" alt=\"\" width=\"417\" height=\"315\" data-srcset=\"https:\/\/nordichouse.is\/wp-content\/uploads\/2024\/01\/Dansk20flag383594-640x484.jpeg 640w, https:\/\/nordichouse.is\/wp-content\/uploads\/2024\/01\/Dansk20flag383594-768x581.jpeg 768w, https:\/\/nordichouse.is\/wp-content\/uploads\/2024\/01\/Dansk20flag383594.jpeg 800w\" data-sizes=\"(max-width: 417px) 100vw, 417px\" src=\"data:image\/svg+xml;base64,PHN2ZyB3aWR0aD0iMSIgaGVpZ2h0PSIxIiB4bWxucz0iaHR0cDovL3d3dy53My5vcmcvMjAwMC9zdmciPjwvc3ZnPg==\" style=\"--smush-placeholder-width: 417px; --smush-placeholder-aspect-ratio: 417\/315;\" \/><\/p>\n<p><em>Adgangsforhold: Alle toiletter er k\u00f8nsneutrale. Der er adgnag for k\u00f8restolebrugere til b\u00f8rnebiblioteket via husets udstillingshal og bibliotekspersonalet kan hj\u00e6lpe efter behov.<\/em><\/p>\n<p>&nbsp;<\/p>\n","protected":false},"excerpt":{"rendered":"<p>Signe Sofie Larsen vil l\u00e6se h\u00f8jt fra et par af sine favoritb\u00f8rneb\u00f8ger. Signe er 23 \u00e5r, f\u00f8dt og opvokset i Danmark men bor og arbejder pt. i Reykjavik som handikaphj\u00e6lper og medarbejder i en b\u00f8rnehave. Efter opl\u00e6sningen opfordres g\u00e6sterne desuden til at nyde udstillingen \u201cUnder polar-isen\u201d p\u00e5 b\u00f8rnebiblioteket. Kom og lyt! Det bliver helt sikkert [&hellip;]<\/p>\n","protected":false},"featured_media":57705,"template":"","event-categories":[67],"class_list":["post-57704","event","type-event","status-publish","has-post-thumbnail","hentry","event-categories-for-born","has-banner-image"],"acf":[],"_links":{"self":[{"href":"https:\/\/nordichouse.is\/da\/wp-json\/wp\/v2\/event\/57704","targetHints":{"allow":["GET"]}}],"collection":[{"href":"https:\/\/nordichouse.is\/da\/wp-json\/wp\/v2\/event"}],"about":[{"href":"https:\/\/nordichouse.is\/da\/wp-json\/wp\/v2\/types\/event"}],"wp:featuredmedia":[{"embeddable":true,"href":"https:\/\/nordichouse.is\/da\/wp-json\/wp\/v2\/media\/57705"}],"wp:attachment":[{"href":"https:\/\/nordichouse.is\/da\/wp-json\/wp\/v2\/media?parent=57704"}],"wp:term":[{"taxonomy":"event-categories","embeddable":true,"href":"https:\/\/nordichouse.is\/da\/wp-json\/wp\/v2\/event-categories?post=57704"}],"curies":[{"name":"wp","href":"https:\/\/api.w.org\/{rel}","templated":true}]}}

<p>Signe Sofie Larsen vil læse højt fra et par af sine favoritbørnebøger. Signe er 23 år, født og opvokset i Danmark men bor og arbejder pt. i Reykjavik som handikaphjælper og medarbejder i en børnehave.</p>
<p>Efter oplæsningen opfordres gæsterne desuden til at nyde udstillingen “Under polar-isen” på børnebiblioteket.</p>
<p>Kom og lyt! Det bliver helt sikkert hyggeligt!</p>
<p><img decoding="async" class="alignnone  wp-image-57714 lazyload" data-src="https://nordichouse.is/wp-content/uploads/2024/01/Dansk20flag383594-640x484.jpeg" alt="" width="417" height="315" data-srcset="https://nordichouse.is/wp-content/uploads/2024/01/Dansk20flag383594-640x484.jpeg 640w, https://nordichouse.is/wp-content/uploads/2024/01/Dansk20flag383594-768x581.jpeg 768w, https://nordichouse.is/wp-content/uploads/2024/01/Dansk20flag383594.jpeg 800w" data-sizes="(max-width: 417px) 100vw, 417px" src="data:image/svg+xml;base64,PHN2ZyB3aWR0aD0iMSIgaGVpZ2h0PSIxIiB4bWxucz0iaHR0cDovL3d3dy53My5vcmcvMjAwMC9zdmciPjwvc3ZnPg==" style="--smush-placeholder-width: 417px; --smush-placeholder-aspect-ratio: 417/315;" /></p>
<p><em>Adgangsforhold: Alle toiletter er kønsneutrale. Der er adgnag for kørestolebrugere til børnebiblioteket via husets udstillingshal og bibliotekspersonalet kan hjælpe efter behov.</em></p>
<p>&nbsp;</p>

<p>Signe Sofie Larsen vil læse højt fra et par af sine favoritbørnebøger. Signe er 23 år, født og opvokset i Danmark men bor og arbejder pt. i Reykjavik som handikaphjælper og medarbejder i en børnehave. Efter oplæsningen opfordres gæsterne desuden til at nyde udstillingen “Under polar-isen” på børnebiblioteket. Kom og lyt! Det bliver helt sikkert [&hellip;]</p>
