{"id":57117,"date":"2023-10-27T13:33:57","date_gmt":"2023-10-27T13:33:57","guid":{"rendered":"https:\/\/nordichouse.is\/?post_type=event&#038;p=57117"},"modified":"2023-10-27T13:33:57","modified_gmt":"2023-10-27T13:33:57","slug":"brev-fraan-island-konsert-med-johanna-sjunnesson-och-mikael-lind","status":"publish","type":"event","link":"https:\/\/nordichouse.is\/da\/begivenhed\/brev-fraan-island-konsert-med-johanna-sjunnesson-och-mikael-lind\/","title":{"rendered":"Brev fr\u00e5n Island: Konsert med Johanna Sjunnesson och Mikael Lind"},"content":{"rendered":"<h3 style=\"font-weight: 400;\"><strong>Johanna Sjunnesson och Mikael Lind tar oss med p\u00e5 e<\/strong><strong>n musikalisk uppt\u00e4cktsresa i tid och rum med cello och elektroniska instrument i en ambient atmosf\u00e4r.\u00a0<\/strong><\/h3>\n<p>Johannas sm\u00e4ktande cellotoner blandas med Mikaels electro-sound och tillsammans skapar de musik inspirerad av modern svensk popmusik. Under den h\u00e4r konserten f\u00e5r vi ocks\u00e5 en livepremi\u00e4r av den svensk-isl\u00e4ndska duons nya album Wave Cycles som sl\u00e4pps i oktober.<\/p>\n<p style=\"font-weight: 400;\">Konserten tar inspiration fr\u00e5n Linn\u00e9l\u00e4rjungen Daniel Solanders expedition till Island f\u00f6r 250 \u00e5r sedan, som \u00e4r dokumenterad i boken &#8220;Bref&#8221;, d\u00e4r han delade med sig av sina upplevelser av m\u00f6tet med landet och m\u00e4nniskorna d\u00e4r. Musiken \u00e4r komponerad med havet och Islands natur som f\u00f6rebild. Vad h\u00f6rde och upplevde Solander vid landstigningen den g\u00e5ngen?<\/p>\n<p style=\"font-weight: 400;\">Vi f\u00e5r \u00e4ven h\u00f6ra &#8220;Arctic Ice&#8221; med inspiration fr\u00e5n en polarexpedition f\u00f6r 150 \u00e5r sedan.<\/p>\n<p>Konserten ges i samarbete med Svenska Ambassaden i Reykjavik, och detta blir finalen p\u00e5 det svensk-isl\u00e4ndska m\u00e4rkes\u00e5ret Solander250.<\/p>\n<p style=\"font-weight: 400;\">St\u00f6d ges \u00e4ven av Svensk-Isl\u00e4nska och Letterstedtska fonderna.<\/p>\n<p><img decoding=\"async\" class=\"alignnone wp-image-57118 lazyload\" data-src=\"https:\/\/nordichouse.is\/wp-content\/uploads\/2023\/10\/Sveriges-20ambassad.jpg\" alt=\"\" width=\"139\" height=\"63\" src=\"data:image\/svg+xml;base64,PHN2ZyB3aWR0aD0iMSIgaGVpZ2h0PSIxIiB4bWxucz0iaHR0cDovL3d3dy53My5vcmcvMjAwMC9zdmciPjwvc3ZnPg==\" style=\"--smush-placeholder-width: 139px; --smush-placeholder-aspect-ratio: 139\/63;\" \/><img decoding=\"async\" class=\"alignnone wp-image-57121 lazyload\" data-src=\"https:\/\/nordichouse.is\/wp-content\/uploads\/2023\/10\/Svensk-islandska-640x288.png\" alt=\"\" width=\"140\" height=\"63\" data-srcset=\"https:\/\/nordichouse.is\/wp-content\/uploads\/2023\/10\/Svensk-islandska-640x288.png 640w, https:\/\/nordichouse.is\/wp-content\/uploads\/2023\/10\/Svensk-islandska-768x345.png 768w, https:\/\/nordichouse.is\/wp-content\/uploads\/2023\/10\/Svensk-islandska.png 1028w\" data-sizes=\"(max-width: 140px) 100vw, 140px\" src=\"data:image\/svg+xml;base64,PHN2ZyB3aWR0aD0iMSIgaGVpZ2h0PSIxIiB4bWxucz0iaHR0cDovL3d3dy53My5vcmcvMjAwMC9zdmciPjwvc3ZnPg==\" style=\"--smush-placeholder-width: 140px; --smush-placeholder-aspect-ratio: 140\/63;\" \/><\/p>\n<p><img decoding=\"async\" class=\"alignnone wp-image-57124 lazyload\" data-src=\"https:\/\/nordichouse.is\/wp-content\/uploads\/2023\/10\/Screenshot-2022-08-25-160240.png\" alt=\"\" width=\"151\" height=\"42\" src=\"data:image\/svg+xml;base64,PHN2ZyB3aWR0aD0iMSIgaGVpZ2h0PSIxIiB4bWxucz0iaHR0cDovL3d3dy53My5vcmcvMjAwMC9zdmciPjwvc3ZnPg==\" style=\"--smush-placeholder-width: 151px; --smush-placeholder-aspect-ratio: 151\/42;\" \/><\/p>\n","protected":false},"excerpt":{"rendered":"<p>Johanna Sjunnesson och Mikael Lind tar oss med p\u00e5 en musikalisk uppt\u00e4cktsresa i tid och rum med cello och elektroniska instrument i en ambient atmosf\u00e4r.\u00a0 Johannas sm\u00e4ktande cellotoner blandas med Mikaels electro-sound och tillsammans skapar de musik inspirerad av modern svensk popmusik. Under den h\u00e4r konserten f\u00e5r vi ocks\u00e5 en livepremi\u00e4r av den svensk-isl\u00e4ndska duons [&hellip;]<\/p>\n","protected":false},"featured_media":57133,"template":"","event-categories":[72],"class_list":["post-57117","event","type-event","status-publish","has-post-thumbnail","hentry","event-categories-koncerter","no-banner-image"],"acf":[],"_links":{"self":[{"href":"https:\/\/nordichouse.is\/da\/wp-json\/wp\/v2\/event\/57117","targetHints":{"allow":["GET"]}}],"collection":[{"href":"https:\/\/nordichouse.is\/da\/wp-json\/wp\/v2\/event"}],"about":[{"href":"https:\/\/nordichouse.is\/da\/wp-json\/wp\/v2\/types\/event"}],"wp:featuredmedia":[{"embeddable":true,"href":"https:\/\/nordichouse.is\/da\/wp-json\/wp\/v2\/media\/57133"}],"wp:attachment":[{"href":"https:\/\/nordichouse.is\/da\/wp-json\/wp\/v2\/media?parent=57117"}],"wp:term":[{"taxonomy":"event-categories","embeddable":true,"href":"https:\/\/nordichouse.is\/da\/wp-json\/wp\/v2\/event-categories?post=57117"}],"curies":[{"name":"wp","href":"https:\/\/api.w.org\/{rel}","templated":true}]}}

Brev från Island: Konsert med Johanna Sjunnesson och Mikael Lind

<h3 style="font-weight: 400;"><strong>Johanna Sjunnesson och Mikael Lind tar oss med på e</strong><strong>n musikalisk upptäcktsresa i tid och rum med cello och elektroniska instrument i en ambient atmosfär. </strong></h3>
<p>Johannas smäktande cellotoner blandas med Mikaels electro-sound och tillsammans skapar de musik inspirerad av modern svensk popmusik. Under den här konserten får vi också en livepremiär av den svensk-isländska duons nya album Wave Cycles som släpps i oktober.</p>
<p style="font-weight: 400;">Konserten tar inspiration från Linnélärjungen Daniel Solanders expedition till Island för 250 år sedan, som är dokumenterad i boken &#8220;Bref&#8221;, där han delade med sig av sina upplevelser av mötet med landet och människorna där. Musiken är komponerad med havet och Islands natur som förebild. Vad hörde och upplevde Solander vid landstigningen den gången?</p>
<p style="font-weight: 400;">Vi får även höra &#8220;Arctic Ice&#8221; med inspiration från en polarexpedition för 150 år sedan.</p>
<p>Konserten ges i samarbete med Svenska Ambassaden i Reykjavik, och detta blir finalen på det svensk-isländska märkesåret Solander250.</p>
<p style="font-weight: 400;">Stöd ges även av Svensk-Islänska och Letterstedtska fonderna.</p>
<p><img decoding="async" class="alignnone wp-image-57118 lazyload" data-src="https://nordichouse.is/wp-content/uploads/2023/10/Sveriges-20ambassad.jpg" alt="" width="139" height="63" src="data:image/svg+xml;base64,PHN2ZyB3aWR0aD0iMSIgaGVpZ2h0PSIxIiB4bWxucz0iaHR0cDovL3d3dy53My5vcmcvMjAwMC9zdmciPjwvc3ZnPg==" style="--smush-placeholder-width: 139px; --smush-placeholder-aspect-ratio: 139/63;" /><img decoding="async" class="alignnone wp-image-57121 lazyload" data-src="https://nordichouse.is/wp-content/uploads/2023/10/Svensk-islandska-640x288.png" alt="" width="140" height="63" data-srcset="https://nordichouse.is/wp-content/uploads/2023/10/Svensk-islandska-640x288.png 640w, https://nordichouse.is/wp-content/uploads/2023/10/Svensk-islandska-768x345.png 768w, https://nordichouse.is/wp-content/uploads/2023/10/Svensk-islandska.png 1028w" data-sizes="(max-width: 140px) 100vw, 140px" src="data:image/svg+xml;base64,PHN2ZyB3aWR0aD0iMSIgaGVpZ2h0PSIxIiB4bWxucz0iaHR0cDovL3d3dy53My5vcmcvMjAwMC9zdmciPjwvc3ZnPg==" style="--smush-placeholder-width: 140px; --smush-placeholder-aspect-ratio: 140/63;" /></p>
<p><img decoding="async" class="alignnone wp-image-57124 lazyload" data-src="https://nordichouse.is/wp-content/uploads/2023/10/Screenshot-2022-08-25-160240.png" alt="" width="151" height="42" src="data:image/svg+xml;base64,PHN2ZyB3aWR0aD0iMSIgaGVpZ2h0PSIxIiB4bWxucz0iaHR0cDovL3d3dy53My5vcmcvMjAwMC9zdmciPjwvc3ZnPg==" style="--smush-placeholder-width: 151px; --smush-placeholder-aspect-ratio: 151/42;" /></p>

<p>Johanna Sjunnesson och Mikael Lind tar oss med på en musikalisk upptäcktsresa i tid och rum med cello och elektroniska instrument i en ambient atmosfär.  Johannas smäktande cellotoner blandas med Mikaels electro-sound och tillsammans skapar de musik inspirerad av modern svensk popmusik. Under den här konserten får vi också en livepremiär av den svensk-isländska duons [&hellip;]</p>
