{"id":57092,"date":"2023-10-19T16:42:02","date_gmt":"2023-10-19T16:42:02","guid":{"rendered":"https:\/\/nordichouse.is\/?post_type=event&#038;p=57092"},"modified":"2023-10-26T15:48:50","modified_gmt":"2023-10-26T15:48:50","slug":"arctic-waves","status":"publish","type":"event","link":"https:\/\/nordichouse.is\/da\/begivenhed\/arctic-waves\/","title":{"rendered":"ARCTIC WAVES"},"content":{"rendered":"<h3 style=\"font-weight: 400;\"><strong>Opplev Arctic Waves: En Feiring av musikk fra nord!<\/strong><\/h3>\n<p style=\"font-weight: 400;\"><strong>Bli med oss i Nordens Hus Reykjavik p\u00e5 Iceland Airwaves 2023 for Arctic Waves, en feiring av musikk fra den arktiske regionen. Musikere fra Gr\u00f8nland, Canada og S\u00e1pmi forenes og tilbyr en unik mulighet til \u00e5 utforske en fengslende verden av sirkumpolar musikk.<\/strong><\/p>\n<p style=\"font-weight: 400;\">Vi er begeistret over \u00e5 forene noen av de beste musikerne fra den arktiske regionen i denne konsertserien i Nordens Hus, der vi sammen skal nyte tre dager med fantastisk musikk. Arctic Waves er ikke bare en konsertserie; det er en kulturell feiring og en plattform for \u00e5 fremme musikalske forbindelser som overskrider grenser.<\/p>\n<p>Vi presenterer v\u00e5rt utvalg av artister:<\/p>\n<p><strong>Greenland:<\/strong> <span class=\"inline-link\"><a class=\"text__inline-link d-inline-block\" href=\"https:\/\/open.spotify.com\/track\/1i3EsFjIPqIcK6zD1RqP6X?%20si=c5298758ad1643f9\" target=\"_blank\" rel=\"noopener noreffer\">Andachan<\/a><\/span>, <span class=\"inline-link\"><a class=\"text__inline-link d-inline-block\" href=\"https:\/\/open.spotify.com\/artist\/7er1WSG5MmWQwpXuem5XuE?si=Nna525EwQdCUIaqXc8FIRA\" target=\"_blank\" rel=\"noopener noreffer\">NUIJA<\/a><\/span>, <span class=\"inline-link\"><a class=\"text__inline-link d-inline-block\" href=\"https:\/\/open.spotify.com\/artist\/5zYL15iM5TaSfM8uG2ohmT?si=l9oj3tbTS1mUgF0yQtGJOw\" target=\"_blank\" rel=\"noopener noreffer\">Sound of the Damned<\/a>,<\/span> and <span class=\"inline-link\"><a class=\"text__inline-link d-inline-block\" href=\"https:\/\/www.youtube.com\/watch?v=sd-JcV0_NAA\" target=\"_blank\" rel=\"noopener noreffer\">Tarrak<\/a><br \/>\n<\/span><br \/>\n<strong>Canada:<\/strong> <span class=\"inline-link\"><a class=\"text__inline-link d-inline-block\" href=\"https:\/\/www.bonsound.com\/en\/artist\/elisapie\/\" target=\"_blank\" rel=\"noopener noreffer\">Elisapie<\/a><\/span>, <span class=\"inline-link\"><a class=\"text__inline-link d-inline-block\" href=\"https:\/\/open.spotify.com\/artist\/0GQ73ssMzWHgACisuoC7gw?si=gehw2Q08Rr6pJ-FdxTag0w\" target=\"_blank\" rel=\"noopener noreffer\">Silla<\/a>,<\/span> and <span class=\"inline-link\"><a class=\"text__inline-link d-inline-block\" href=\"https:\/\/open.spotify.com\/artist\/1MnrJrblGPojuCBRGDisvK?si=Ehp7z1j5S-mQj6PSgy9ilA\" target=\"_blank\" rel=\"noopener noreffer\">The Trade Offs<\/a><\/span><\/p>\n<p><strong>S\u00e1pmi:<\/strong> <span class=\"inline-link\"><a class=\"text__inline-link d-inline-block\" href=\"https:\/\/open.spotify.com\/artist\/31D7QDe0ioiViRY1JM2Ui6?si=kjPMDRf3Qju8zl0WNzhufQ\" target=\"_blank\" rel=\"noopener noreffer\">Emil K\u00e1rlsen<\/a><\/span>, <span class=\"inline-link\"><a class=\"text__inline-link d-inline-block\" href=\"https:\/\/open.spotify.com\/artist\/1Gsh9KvXlYJYqUuu4q5z8l?si=KoHCK4VXTOWeSRImZwaqFA\" target=\"_blank\" rel=\"noopener noreffer\">Katarina Barruk<\/a>,<\/span> and <span class=\"inline-link\"><a class=\"text__inline-link d-inline-block\" href=\"https:\/\/open.spotify.com\/artist\/1qAHgylFxv2gU6bXAQEM2P?si=jl-3AxNSQgSVt4hAndwMaA\" target=\"_blank\" rel=\"noopener noreffer\">Niilas<\/a><\/span><\/p>\n<p style=\"font-weight: 400;\">Arctic Waves er en del av Islands formannskap for Nordisk Ministerr\u00e5d 2023. Vi er stolte over \u00e5 samarbeide med <a href=\"https:\/\/www.arcticsounds.gl\">Arctic Sounds<\/a> musikkfestivalen fra Sisimiut, Gr\u00f8nland,\u00a0<a href=\"https:\/\/alianait.ca\">Alianait Arts Festival<\/a> i Iqaluit, Nunavut, Canada, og den anerkjente S\u00e1pmi festivalen: <a href=\"https:\/\/riddu.no\/en\">Riddu Ri\u0111\u0111u Festiv\u00e0la<\/a>. Vi er ogs\u00e5 takknemlige for st\u00f8tten fra <a href=\"https:\/\/www.icelandmusic.is\">Iceland Music Export Office<\/a>, <a href=\"https:\/\/www.musikkontoret.no\/nord\">Musikkontoret Nord<\/a>, <a href=\"https:\/\/www.islandsstofa.is\/en\">Business Iceland<\/a>, Nordens Hus Reykjavik, <a title=\"https:\/\/katuaq.gl\/en\/\" contenteditable=\"false\" href=\"https:\/\/katuaq.gl\/en\/\" target=\"_blank\" rel=\"noopener\">Katuaq<\/a>\u00a0i Nuuk og\u00a0<a href=\"https:\/\/icelandairwaves.is\">Iceland\u00a0Airwaves<\/a>.<\/p>\n<p>Arctic Waves er din sjanse til \u00e5 fordype deg i en verden av musikk, kultur og inspirasjon. Bli med oss \u200b\u200bfor denne arktiske opplevelsen p\u00e5 Iceland Airwaves 2023. <a href=\"https:\/\/www.inspiredbyiceland.com\/events\/arctic-waves\">Les mer her.\u00a0<\/a><\/p>\n<p><strong>Billetter koster 2000 ISK per kveld, de med Iceland Airwaves armb\u00e5nd g\u00e5r gratis.<\/strong><\/p>\n<p><a href=\"https:\/\/nordichouse.is\/en\/event\/arctic-waves-day-one\/\">SE LINEUP OG KJ\u00d8P BILLETTER TIL DAG EN<\/a><\/p>\n<p><a href=\"https:\/\/nordichouse.is\/en\/event\/arctic-waves-day-two\/\">SE LINEUP OG KJ\u00d8P BILLETTER TIL DAG TO<\/a><\/p>\n<p><a href=\"https:\/\/nordichouse.is\/en\/event\/arctic-waves-day-three\/\">SE LINEUP OG KJ\u00d8P BILLETTER TIL DAG TRE<\/a><\/p>\n<p><i>Tilgjengelighet: Alle toaletter i bygget er kj\u00f8nnsn\u00f8ytrale. Barnebiblioteket er tilgjengelig med rullestol gjennom utstillingslokalet Hvelfing og bibliotekspersonalet er tilgjengelige for assistanse.<span class=\"Apple-converted-space\">\u00a0<\/span><\/i><a href=\"https:\/\/nordichouse.is\/wp-content\/uploads\/2023\/10\/logosupa-640x514.png\"><img decoding=\"async\" class=\"aligncenter size-medium wp-image-57160 lazyload\" data-src=\"https:\/\/nordichouse.is\/wp-content\/uploads\/2023\/10\/logosupa-640x514.png\" alt=\"\" width=\"640\" height=\"514\" data-srcset=\"https:\/\/nordichouse.is\/wp-content\/uploads\/2023\/10\/logosupa-640x514.png 640w, https:\/\/nordichouse.is\/wp-content\/uploads\/2023\/10\/logosupa-768x617.png 768w, https:\/\/nordichouse.is\/wp-content\/uploads\/2023\/10\/logosupa.png 840w\" data-sizes=\"(max-width: 640px) 100vw, 640px\" src=\"data:image\/svg+xml;base64,PHN2ZyB3aWR0aD0iMSIgaGVpZ2h0PSIxIiB4bWxucz0iaHR0cDovL3d3dy53My5vcmcvMjAwMC9zdmciPjwvc3ZnPg==\" style=\"--smush-placeholder-width: 640px; --smush-placeholder-aspect-ratio: 640\/514;\" \/><\/a><\/p>\n","protected":false},"excerpt":{"rendered":"<p>Opplev Arctic Waves: En Feiring av musikk fra nord! Bli med oss i Nordens Hus Reykjavik p\u00e5 Iceland Airwaves 2023 for Arctic Waves, en feiring av musikk fra den arktiske regionen. Musikere fra Gr\u00f8nland, Canada og S\u00e1pmi forenes og tilbyr en unik mulighet til \u00e5 utforske en fengslende verden av sirkumpolar musikk. Vi er begeistret [&hellip;]<\/p>\n","protected":false},"featured_media":57100,"template":"","event-categories":[66,461,72,73],"class_list":["post-57092","event","type-event","status-publish","has-post-thumbnail","hentry","event-categories-alle-begivenheder","event-categories-festivaler","event-categories-koncerter","event-categories-udstillinger","no-banner-image"],"acf":[],"_links":{"self":[{"href":"https:\/\/nordichouse.is\/da\/wp-json\/wp\/v2\/event\/57092","targetHints":{"allow":["GET"]}}],"collection":[{"href":"https:\/\/nordichouse.is\/da\/wp-json\/wp\/v2\/event"}],"about":[{"href":"https:\/\/nordichouse.is\/da\/wp-json\/wp\/v2\/types\/event"}],"wp:featuredmedia":[{"embeddable":true,"href":"https:\/\/nordichouse.is\/da\/wp-json\/wp\/v2\/media\/57100"}],"wp:attachment":[{"href":"https:\/\/nordichouse.is\/da\/wp-json\/wp\/v2\/media?parent=57092"}],"wp:term":[{"taxonomy":"event-categories","embeddable":true,"href":"https:\/\/nordichouse.is\/da\/wp-json\/wp\/v2\/event-categories?post=57092"}],"curies":[{"name":"wp","href":"https:\/\/api.w.org\/{rel}","templated":true}]}}

<h3 style="font-weight: 400;"><strong>Opplev Arctic Waves: En Feiring av musikk fra nord!</strong></h3>
<p style="font-weight: 400;"><strong>Bli med oss i Nordens Hus Reykjavik på Iceland Airwaves 2023 for Arctic Waves, en feiring av musikk fra den arktiske regionen. Musikere fra Grønland, Canada og Sápmi forenes og tilbyr en unik mulighet til å utforske en fengslende verden av sirkumpolar musikk.</strong></p>
<p style="font-weight: 400;">Vi er begeistret over å forene noen av de beste musikerne fra den arktiske regionen i denne konsertserien i Nordens Hus, der vi sammen skal nyte tre dager med fantastisk musikk. Arctic Waves er ikke bare en konsertserie; det er en kulturell feiring og en plattform for å fremme musikalske forbindelser som overskrider grenser.</p>
<p>Vi presenterer vårt utvalg av artister:</p>
<p><strong>Greenland:</strong> <span class="inline-link"><a class="text__inline-link d-inline-block" href="https://open.spotify.com/track/1i3EsFjIPqIcK6zD1RqP6X?%20si=c5298758ad1643f9" target="_blank" rel="noopener noreffer">Andachan</a></span>, <span class="inline-link"><a class="text__inline-link d-inline-block" href="https://open.spotify.com/artist/7er1WSG5MmWQwpXuem5XuE?si=Nna525EwQdCUIaqXc8FIRA" target="_blank" rel="noopener noreffer">NUIJA</a></span>, <span class="inline-link"><a class="text__inline-link d-inline-block" href="https://open.spotify.com/artist/5zYL15iM5TaSfM8uG2ohmT?si=l9oj3tbTS1mUgF0yQtGJOw" target="_blank" rel="noopener noreffer">Sound of the Damned</a>,</span> and <span class="inline-link"><a class="text__inline-link d-inline-block" href="https://www.youtube.com/watch?v=sd-JcV0_NAA" target="_blank" rel="noopener noreffer">Tarrak</a><br />
</span><br />
<strong>Canada:</strong> <span class="inline-link"><a class="text__inline-link d-inline-block" href="https://www.bonsound.com/en/artist/elisapie/" target="_blank" rel="noopener noreffer">Elisapie</a></span>, <span class="inline-link"><a class="text__inline-link d-inline-block" href="https://open.spotify.com/artist/0GQ73ssMzWHgACisuoC7gw?si=gehw2Q08Rr6pJ-FdxTag0w" target="_blank" rel="noopener noreffer">Silla</a>,</span> and <span class="inline-link"><a class="text__inline-link d-inline-block" href="https://open.spotify.com/artist/1MnrJrblGPojuCBRGDisvK?si=Ehp7z1j5S-mQj6PSgy9ilA" target="_blank" rel="noopener noreffer">The Trade Offs</a></span></p>
<p><strong>Sápmi:</strong> <span class="inline-link"><a class="text__inline-link d-inline-block" href="https://open.spotify.com/artist/31D7QDe0ioiViRY1JM2Ui6?si=kjPMDRf3Qju8zl0WNzhufQ" target="_blank" rel="noopener noreffer">Emil Kárlsen</a></span>, <span class="inline-link"><a class="text__inline-link d-inline-block" href="https://open.spotify.com/artist/1Gsh9KvXlYJYqUuu4q5z8l?si=KoHCK4VXTOWeSRImZwaqFA" target="_blank" rel="noopener noreffer">Katarina Barruk</a>,</span> and <span class="inline-link"><a class="text__inline-link d-inline-block" href="https://open.spotify.com/artist/1qAHgylFxv2gU6bXAQEM2P?si=jl-3AxNSQgSVt4hAndwMaA" target="_blank" rel="noopener noreffer">Niilas</a></span></p>
<p style="font-weight: 400;">Arctic Waves er en del av Islands formannskap for Nordisk Ministerråd 2023. Vi er stolte over å samarbeide med <a href="https://www.arcticsounds.gl">Arctic Sounds</a> musikkfestivalen fra Sisimiut, Grønland, <a href="https://alianait.ca">Alianait Arts Festival</a> i Iqaluit, Nunavut, Canada, og den anerkjente Sápmi festivalen: <a href="https://riddu.no/en">Riddu Riđđu Festivàla</a>. Vi er også takknemlige for støtten fra <a href="https://www.icelandmusic.is">Iceland Music Export Office</a>, <a href="https://www.musikkontoret.no/nord">Musikkontoret Nord</a>, <a href="https://www.islandsstofa.is/en">Business Iceland</a>, Nordens Hus Reykjavik, <a title="https://katuaq.gl/en/" contenteditable="false" href="https://katuaq.gl/en/" target="_blank" rel="noopener">Katuaq</a> i Nuuk og <a href="https://icelandairwaves.is">Iceland Airwaves</a>.</p>
<p>Arctic Waves er din sjanse til å fordype deg i en verden av musikk, kultur og inspirasjon. Bli med oss ​​for denne arktiske opplevelsen på Iceland Airwaves 2023. <a href="https://www.inspiredbyiceland.com/events/arctic-waves">Les mer her. </a></p>
<p><strong>Billetter koster 2000 ISK per kveld, de med Iceland Airwaves armbånd går gratis.</strong></p>
<p><a href="https://nordichouse.is/en/event/arctic-waves-day-one/">SE LINEUP OG KJØP BILLETTER TIL DAG EN</a></p>
<p><a href="https://nordichouse.is/en/event/arctic-waves-day-two/">SE LINEUP OG KJØP BILLETTER TIL DAG TO</a></p>
<p><a href="https://nordichouse.is/en/event/arctic-waves-day-three/">SE LINEUP OG KJØP BILLETTER TIL DAG TRE</a></p>
<p><i>Tilgjengelighet: Alle toaletter i bygget er kjønnsnøytrale. Barnebiblioteket er tilgjengelig med rullestol gjennom utstillingslokalet Hvelfing og bibliotekspersonalet er tilgjengelige for assistanse.<span class="Apple-converted-space"> </span></i><a href="https://nordichouse.is/wp-content/uploads/2023/10/logosupa-640x514.png"><img decoding="async" class="aligncenter size-medium wp-image-57160 lazyload" data-src="https://nordichouse.is/wp-content/uploads/2023/10/logosupa-640x514.png" alt="" width="640" height="514" data-srcset="https://nordichouse.is/wp-content/uploads/2023/10/logosupa-640x514.png 640w, https://nordichouse.is/wp-content/uploads/2023/10/logosupa-768x617.png 768w, https://nordichouse.is/wp-content/uploads/2023/10/logosupa.png 840w" data-sizes="(max-width: 640px) 100vw, 640px" src="data:image/svg+xml;base64,PHN2ZyB3aWR0aD0iMSIgaGVpZ2h0PSIxIiB4bWxucz0iaHR0cDovL3d3dy53My5vcmcvMjAwMC9zdmciPjwvc3ZnPg==" style="--smush-placeholder-width: 640px; --smush-placeholder-aspect-ratio: 640/514;" /></a></p>

<p>Opplev Arctic Waves: En Feiring av musikk fra nord! Bli med oss i Nordens Hus Reykjavik på Iceland Airwaves 2023 for Arctic Waves, en feiring av musikk fra den arktiske regionen. Musikere fra Grønland, Canada og Sápmi forenes og tilbyr en unik mulighet til å utforske en fengslende verden av sirkumpolar musikk. Vi er begeistret [&hellip;]</p>
