{"id":56789,"date":"2023-09-21T10:27:51","date_gmt":"2023-09-21T10:27:51","guid":{"rendered":"https:\/\/nordichouse.is\/?post_type=event&#038;p=56789"},"modified":"2023-09-21T10:31:36","modified_gmt":"2023-09-21T10:31:36","slug":"56789","status":"publish","type":"event","link":"https:\/\/nordichouse.is\/da\/begivenhed\/56789\/","title":{"rendered":"V\u00e4stnordens dag: Modersm\u00e5lets tillst\u00e5nd och danskans inflytande"},"content":{"rendered":"<p><em>Ved seminaret bliver forholdet mellem islandsk, f\u00e6r\u00f8sk, gr\u00f8nlandsk, norsk p\u00e5 den ene side og dansk og engelsk p\u00e5 den anden side diskuteret og sprogenes aktuelle tilstand bliver belyst. Ved denne lejlighed bliver en nyudgivet fagbog om sprog og kultur i Vestnorden med titlen Sprog- og kulturkontakt i Vestnorden. Om det f\u00e6r\u00f8ske, gr\u00f8nlandske, islandske og norske sprogs m\u00f8de med dansk pr\u00e6senteret. Endvidere kan man stifte bekendtskab med ny forskning om sprogrelationer og udvikling af sprog i Vestnorden.<\/em><\/p>\n<p>Seminariet h\u00e5lles p\u00e5 dansk.<\/p>\n<p><strong>Program:\u00a0<\/strong><\/p>\n<p><strong><em>Lag p\u00e5 lag i byen: fra latin til multietnolekt<\/em><\/strong><em>. <\/em>Agnete Nesse pr\u00f3fessor vi\u00f0 H\u00e1sk\u00f3lann \u00ed Bergen.\u00a0<a href=\"https:\/\/vigdis.hi.is\/events\/vestnorraeni-dagurinn-4\/sprog-og-kulturkontakt-i-vestnorden\/\" rel=\"attachment wp-att-16375\"><img decoding=\"async\" class=\"wp-image-16375 alignright lazyload\" data-src=\"https:\/\/vigdis.hi.is\/wp-content\/uploads\/2023\/08\/sprog-og-kulturkontakt-i-vestnorden.jpg\" alt=\"\" width=\"200\" height=\"200\" src=\"data:image\/svg+xml;base64,PHN2ZyB3aWR0aD0iMSIgaGVpZ2h0PSIxIiB4bWxucz0iaHR0cDovL3d3dy53My5vcmcvMjAwMC9zdmciPjwvc3ZnPg==\" style=\"--smush-placeholder-width: 200px; --smush-placeholder-aspect-ratio: 200\/200;\" \/><\/a><\/p>\n<p><strong><em>\u00c1 ranguni (\u00e1 r\u00f6ngunni)\/p\u00e5 vrangen, inside\/out. <\/em><\/strong><strong><em>\u00c6ndringer i forholdet mellem det f\u00e6r\u00f8ske, danske og engelske sprogs status og funktion i det f\u00e6r\u00f8ske uddannelsessystem og samfund, herunder i ny f\u00e6r\u00f8sk litteratur, i det 21. \u00e5rhundrede<\/em><\/strong>. Bergur D. Hansen lektor og deildarforseti vi\u00f0 Fr\u00f3\u00f0skaparsetur F\u00e6reyja.<\/p>\n<p><strong><em>Sproglige forhold i Island med henblik p\u00e5 modersm\u00e5l og fremmedsprog.<\/em><\/strong> \u00de\u00f3rhildur Oddsd\u00f3ttir a\u00f0j\u00fankt emeritus vi\u00f0 H\u00e1sk\u00f3la \u00cdslands.<\/p>\n<p><strong><em>Gr\u00f8nlandsk, dansk og engelsk inden for skolesystemet og andre uddannelser i Gr\u00f8nland, set fra de unges perspektiv.<\/em><\/strong> Nitta Lyberth-M\u00f8rch, a\u00f0j\u00fankt vi\u00f0 H\u00e1sk\u00f3la Gr\u00e6nlands.<\/p>\n<p>Bo\u00f0i\u00f0 ver\u00f0ur upp \u00e1 l\u00e9ttar veitingar \u00ed Norr\u00e6na h\u00fasinu kl 18.00. Haldi\u00f0 ver\u00f0ur stutt \u00e1varp og \u00deorger\u00f0ur \u00c1sa A\u00f0alsteinsd\u00f3ttir flytur nokkur norr\u00e6n l\u00f6g.<\/p>\n<p><strong>Moderator: G\u00edsli Magn\u00fasson pr\u00f3fessor<\/strong><\/p>\n<p>&nbsp;<\/p>\n<p><a href=\"https:\/\/vigdis.hi.is\/events\/vestnorraeni-dagurinn-4\/var\/ri-0.l-L2\/\">Les mer.\u00a0<\/a><\/p>\n","protected":false},"excerpt":{"rendered":"<p>Ved seminaret bliver forholdet mellem islandsk, f\u00e6r\u00f8sk, gr\u00f8nlandsk, norsk p\u00e5 den ene side og dansk og engelsk p\u00e5 den anden side diskuteret og sprogenes aktuelle tilstand bliver belyst. Ved denne lejlighed bliver en nyudgivet fagbog om sprog og kultur i Vestnorden med titlen Sprog- og kulturkontakt i Vestnorden. Om det f\u00e6r\u00f8ske, gr\u00f8nlandske, islandske og norske [&hellip;]<\/p>\n","protected":false},"featured_media":56781,"template":"","event-categories":[69],"class_list":["post-56789","event","type-event","status-publish","has-post-thumbnail","hentry","event-categories-konferencer","no-banner-image"],"acf":[],"_links":{"self":[{"href":"https:\/\/nordichouse.is\/da\/wp-json\/wp\/v2\/event\/56789","targetHints":{"allow":["GET"]}}],"collection":[{"href":"https:\/\/nordichouse.is\/da\/wp-json\/wp\/v2\/event"}],"about":[{"href":"https:\/\/nordichouse.is\/da\/wp-json\/wp\/v2\/types\/event"}],"wp:featuredmedia":[{"embeddable":true,"href":"https:\/\/nordichouse.is\/da\/wp-json\/wp\/v2\/media\/56781"}],"wp:attachment":[{"href":"https:\/\/nordichouse.is\/da\/wp-json\/wp\/v2\/media?parent=56789"}],"wp:term":[{"taxonomy":"event-categories","embeddable":true,"href":"https:\/\/nordichouse.is\/da\/wp-json\/wp\/v2\/event-categories?post=56789"}],"curies":[{"name":"wp","href":"https:\/\/api.w.org\/{rel}","templated":true}]}}

Västnordens dag: Modersmålets tillstånd och danskans inflytande

<p><em>Ved seminaret bliver forholdet mellem islandsk, færøsk, grønlandsk, norsk på den ene side og dansk og engelsk på den anden side diskuteret og sprogenes aktuelle tilstand bliver belyst. Ved denne lejlighed bliver en nyudgivet fagbog om sprog og kultur i Vestnorden med titlen Sprog- og kulturkontakt i Vestnorden. Om det færøske, grønlandske, islandske og norske sprogs møde med dansk præsenteret. Endvidere kan man stifte bekendtskab med ny forskning om sprogrelationer og udvikling af sprog i Vestnorden.</em></p>
<p>Seminariet hålles på dansk.</p>
<p><strong>Program: </strong></p>
<p><strong><em>Lag på lag i byen: fra latin til multietnolekt</em></strong><em>. </em>Agnete Nesse prófessor við Háskólann í Bergen. <a href="https://vigdis.hi.is/events/vestnorraeni-dagurinn-4/sprog-og-kulturkontakt-i-vestnorden/" rel="attachment wp-att-16375"><img decoding="async" class="wp-image-16375 alignright lazyload" data-src="https://vigdis.hi.is/wp-content/uploads/2023/08/sprog-og-kulturkontakt-i-vestnorden.jpg" alt="" width="200" height="200" src="data:image/svg+xml;base64,PHN2ZyB3aWR0aD0iMSIgaGVpZ2h0PSIxIiB4bWxucz0iaHR0cDovL3d3dy53My5vcmcvMjAwMC9zdmciPjwvc3ZnPg==" style="--smush-placeholder-width: 200px; --smush-placeholder-aspect-ratio: 200/200;" /></a></p>
<p><strong><em>Á ranguni (á röngunni)/på vrangen, inside/out. </em></strong><strong><em>Ændringer i forholdet mellem det færøske, danske og engelske sprogs status og funktion i det færøske uddannelsessystem og samfund, herunder i ny færøsk litteratur, i det 21. århundrede</em></strong>. Bergur D. Hansen lektor og deildarforseti við Fróðskaparsetur Færeyja.</p>
<p><strong><em>Sproglige forhold i Island med henblik på modersmål og fremmedsprog.</em></strong> Þórhildur Oddsdóttir aðjúnkt emeritus við Háskóla Íslands.</p>
<p><strong><em>Grønlandsk, dansk og engelsk inden for skolesystemet og andre uddannelser i Grønland, set fra de unges perspektiv.</em></strong> Nitta Lyberth-Mørch, aðjúnkt við Háskóla Grænlands.</p>
<p>Boðið verður upp á léttar veitingar í Norræna húsinu kl 18.00. Haldið verður stutt ávarp og Þorgerður Ása Aðalsteinsdóttir flytur nokkur norræn lög.</p>
<p><strong>Moderator: Gísli Magnússon prófessor</strong></p>
<p>&nbsp;</p>
<p><a href="https://vigdis.hi.is/events/vestnorraeni-dagurinn-4/var/ri-0.l-L2/">Les mer. </a></p>

<p>Ved seminaret bliver forholdet mellem islandsk, færøsk, grønlandsk, norsk på den ene side og dansk og engelsk på den anden side diskuteret og sprogenes aktuelle tilstand bliver belyst. Ved denne lejlighed bliver en nyudgivet fagbog om sprog og kultur i Vestnorden med titlen Sprog- og kulturkontakt i Vestnorden. Om det færøske, grønlandske, islandske og norske [&hellip;]</p>
