{"id":51203,"date":"2022-04-11T13:45:45","date_gmt":"2022-04-11T13:45:45","guid":{"rendered":"https:\/\/nordichouse.is\/?post_type=event&#038;p=51203"},"modified":"2022-05-16T09:46:53","modified_gmt":"2022-05-16T09:46:53","slug":"tilraun-aedarraekt","status":"publish","type":"event","link":"https:\/\/nordichouse.is\/da\/begivenhed\/tilraun-aedarraekt\/","title":{"rendered":"Experiment \u2013 Ejder och farmare"},"content":{"rendered":"<div class=\"summary\" data-v-71f6b8fd=\"\"><\/div>\n<div class=\"description\" data-v-71f6b8fd=\"\">\n<p><a href=\"https:\/\/exhibitions.nordichouse.is\" target=\"_blank\" rel=\"noopener\" class=\"button\">\u00c5bn udstillingskataloget<\/a><\/p>\n<p><strong><i>Experiment \u2013 Ejder och farmare<\/i> \u00e4r ett konstn\u00e4rligt forskningsprojekt som startade \u00e5r 2019. Utst\u00e4llningens konstn\u00e4rer kommer fr\u00e5n Danmark, Island och Norge och har varierande bakgrund inom design, arkitektur, bildkonst, musik, hantverk, mode och scenkonst.<\/strong><\/p>\n<p><span style=\"font-weight: 400;\">Ejdern och farm\u00e4garen st\u00e5r i ett \u00f6msesidigt beroendef\u00f6rh\u00e5llande till varandra. Farmaren skyddar ejdern under h\u00e4ckningen och samlar i geng\u00e4ld ihop kvarblivande dun fr\u00e5n boet. Det v\u00e4rdefulla ejderdunet, som p\u00e5st\u00e5s vara v\u00e4rldens b\u00e4sta isoleringsmaterial, \u00e4r en produkt ejdern l\u00e4mnar efter sig. Ejdern \u00e5terv\u00e4nder varje \u00e5r till samma farm och ett livsl\u00e5ngt symbiotiskt f\u00f6rh\u00e5llande formar sig mellan f\u00e5gel och m\u00e4nniska. Med utg\u00e5ngspunkt i detta h\u00e5llbara men gradvis avtagande nordiska arv ger projektet upphov till produktionen av nya konstverk.\u00a0\u00a0<\/span><\/p>\n<p><span style=\"font-weight: 400;\">Ah-hoo, Ah-hoo!! Vi hoppas att detta projekt blir till en inspirationsk\u00e4lla. M\u00e5 du uppleva m\u00e5nga AH-HOO-\u00f6gonblick i s\u00e5v\u00e4l utst\u00e4llningen som n\u00e4sta g\u00e5ng du m\u00f6ter en ejder.<\/span><\/p>\n<p><strong>Utst\u00e4llningen \u00f6ppnar den 7. mai kl: 17:00\u00a0<\/strong><\/p>\n<\/div>\n<p><em>Curators: Hildur Stein\u00fe\u00f3rsd\u00f3ttir &amp; R\u00fana Thors<\/em><\/p>\n<p><em><span style=\"font-size: 1rem;\">Artists:<br \/>\n<em style=\"font-size: 1rem;\">Anne Lass, Lisbeth Burian &amp; Rikke Houd<br \/>\n<\/em><em style=\"font-size: 1rem;\">Arnhildur P\u00e1lmad\u00f3ttir &amp; Samuel T. Rees<br \/>\n<\/em><em style=\"font-size: 1rem;\">Au\u00f0ur \u00d6sp Gu\u00f0mundsd\u00f3ttir &amp; Hanna J\u00f3nsd\u00f3ttir<br \/>\n<\/em><em style=\"font-size: 1rem;\">Baldur Bj\u00f6rnsson &amp; \u00de\u00f3rey Bj\u00f6rk Halld\u00f3rsd\u00f3ttir<br \/>\n<\/em><em style=\"font-size: 1rem;\">Bjarki Bragason<br \/>\n<\/em><em style=\"font-size: 1rem;\">Brynhildur P\u00e1lsd\u00f3ttir &amp; \u00d3l\u00f6f Erla Bjarnad\u00f3ttir<br \/>\n<\/em><em style=\"font-size: 1rem;\">Eygl\u00f3 Har\u00f0ard\u00f3ttir<br \/>\n<\/em><em style=\"font-size: 1rem;\">Fri\u00f0geir Einarsson &amp; Sigr\u00fan Hl\u00edn Sigur\u00f0ard\u00f3ttir<br \/>\n<\/em><em style=\"font-size: 1rem;\">Gabriel Johann Kvendseth<br \/>\n<\/em><em style=\"font-size: 1rem;\">Hilda Gunnarsd\u00f3ttir &amp; Loji H\u00f6skuldsson<br \/>\n<\/em><em style=\"font-size: 1rem;\">\u00cdris Indri\u00f0ad\u00f3ttir &amp; Sign\u00fd J\u00f3nsd\u00f3ttir<br \/>\n<\/em><em style=\"font-size: 1rem;\">Kristbj\u00f6rg Mar\u00eda Gu\u00f0mundsd\u00f3ttir, Ragna Margr\u00e9t Gu\u00f0mundsd\u00f3ttir &amp; Vilborg Gu\u00f0j\u00f3nsd\u00f3ttir<br \/>\n<\/em><em style=\"font-size: 1rem;\">Margr\u00e9t H. Bl\u00f6ndal<br \/>\n<\/em><em style=\"font-size: 1rem;\">Tanja Lev\u00fd &amp; Vald\u00eds Steinarsd\u00f3ttir<\/em><br \/>\n<\/span><\/em><\/p>\n<p><strong>Utst\u00e4llningen arrangeras f\u00f6r DesignMarch och sponsas av Nordiska ministerr\u00e5det, Icelandic design fund och Nordisk kulturfond.<\/strong><\/p>\n<p>&nbsp;<\/p>\n<p><img decoding=\"async\" class=\"alignnone wp-image-51361 lazyload\" data-src=\"https:\/\/nordichouse.is\/wp-content\/uploads\/2022\/04\/nordiskkulturfond_logo.jpg\" alt=\"\" width=\"268\" height=\"73\" src=\"data:image\/svg+xml;base64,PHN2ZyB3aWR0aD0iMSIgaGVpZ2h0PSIxIiB4bWxucz0iaHR0cDovL3d3dy53My5vcmcvMjAwMC9zdmciPjwvc3ZnPg==\" style=\"--smush-placeholder-width: 268px; --smush-placeholder-aspect-ratio: 268\/73;\" \/><br \/>\n<img decoding=\"async\" class=\"alignnone wp-image-51367 lazyload\" data-src=\"https:\/\/nordichouse.is\/wp-content\/uploads\/2022\/04\/cooperationLOGO.jpg\" alt=\"\" width=\"273\" height=\"74\" src=\"data:image\/svg+xml;base64,PHN2ZyB3aWR0aD0iMSIgaGVpZ2h0PSIxIiB4bWxucz0iaHR0cDovL3d3dy53My5vcmcvMjAwMC9zdmciPjwvc3ZnPg==\" style=\"--smush-placeholder-width: 273px; --smush-placeholder-aspect-ratio: 273\/74;\" \/> <img decoding=\"async\" class=\"alignnone wp-image-51364 lazyload\" data-src=\"https:\/\/nordichouse.is\/wp-content\/uploads\/2022\/04\/HonnunarMars_20222-1-640x452.png\" alt=\"\" width=\"287\" height=\"203\" data-srcset=\"https:\/\/nordichouse.is\/wp-content\/uploads\/2022\/04\/HonnunarMars_20222-1-640x452.png 640w, https:\/\/nordichouse.is\/wp-content\/uploads\/2022\/04\/HonnunarMars_20222-1-1220x862.png 1220w, https:\/\/nordichouse.is\/wp-content\/uploads\/2022\/04\/HonnunarMars_20222-1-768x543.png 768w, https:\/\/nordichouse.is\/wp-content\/uploads\/2022\/04\/HonnunarMars_20222-1-1536x1086.png 1536w, https:\/\/nordichouse.is\/wp-content\/uploads\/2022\/04\/HonnunarMars_20222-1-900x640.png 900w, https:\/\/nordichouse.is\/wp-content\/uploads\/2022\/04\/HonnunarMars_20222-1.png 1754w\" data-sizes=\"(max-width: 287px) 100vw, 287px\" src=\"data:image\/svg+xml;base64,PHN2ZyB3aWR0aD0iMSIgaGVpZ2h0PSIxIiB4bWxucz0iaHR0cDovL3d3dy53My5vcmcvMjAwMC9zdmciPjwvc3ZnPg==\" style=\"--smush-placeholder-width: 287px; --smush-placeholder-aspect-ratio: 287\/203;\" \/><img decoding=\"async\" class=\"alignnone wp-image-51376 lazyload\" data-src=\"https:\/\/nordichouse.is\/wp-content\/uploads\/2022\/04\/Honnunarsjodur_merki_svart-640x160.jpg\" alt=\"\" width=\"332\" height=\"83\" data-srcset=\"https:\/\/nordichouse.is\/wp-content\/uploads\/2022\/04\/Honnunarsjodur_merki_svart-640x160.jpg 640w, https:\/\/nordichouse.is\/wp-content\/uploads\/2022\/04\/Honnunarsjodur_merki_svart-768x192.jpg 768w, https:\/\/nordichouse.is\/wp-content\/uploads\/2022\/04\/Honnunarsjodur_merki_svart.jpg 1133w\" data-sizes=\"(max-width: 332px) 100vw, 332px\" src=\"data:image\/svg+xml;base64,PHN2ZyB3aWR0aD0iMSIgaGVpZ2h0PSIxIiB4bWxucz0iaHR0cDovL3d3dy53My5vcmcvMjAwMC9zdmciPjwvc3ZnPg==\" style=\"--smush-placeholder-width: 332px; --smush-placeholder-aspect-ratio: 332\/83;\" \/><\/p>\n","protected":false},"excerpt":{"rendered":"<p>\u00c5bn udstillingskataloget Experiment \u2013 Ejder och farmare \u00e4r ett konstn\u00e4rligt forskningsprojekt som startade \u00e5r 2019. Utst\u00e4llningens konstn\u00e4rer kommer fr\u00e5n Danmark, Island och Norge och har varierande bakgrund inom design, arkitektur, bildkonst, musik, hantverk, mode och scenkonst. Ejdern och farm\u00e4garen st\u00e5r i ett \u00f6msesidigt beroendef\u00f6rh\u00e5llande till varandra. Farmaren skyddar ejdern under h\u00e4ckningen och samlar i geng\u00e4ld [&hellip;]<\/p>\n","protected":false},"featured_media":50839,"template":"","event-categories":[73],"class_list":["post-51203","event","type-event","status-publish","has-post-thumbnail","hentry","event-categories-udstillinger","no-banner-image"],"acf":[],"_links":{"self":[{"href":"https:\/\/nordichouse.is\/da\/wp-json\/wp\/v2\/event\/51203","targetHints":{"allow":["GET"]}}],"collection":[{"href":"https:\/\/nordichouse.is\/da\/wp-json\/wp\/v2\/event"}],"about":[{"href":"https:\/\/nordichouse.is\/da\/wp-json\/wp\/v2\/types\/event"}],"wp:featuredmedia":[{"embeddable":true,"href":"https:\/\/nordichouse.is\/da\/wp-json\/wp\/v2\/media\/50839"}],"wp:attachment":[{"href":"https:\/\/nordichouse.is\/da\/wp-json\/wp\/v2\/media?parent=51203"}],"wp:term":[{"taxonomy":"event-categories","embeddable":true,"href":"https:\/\/nordichouse.is\/da\/wp-json\/wp\/v2\/event-categories?post=51203"}],"curies":[{"name":"wp","href":"https:\/\/api.w.org\/{rel}","templated":true}]}}

<div class="summary" data-v-71f6b8fd=""></div>
<div class="description" data-v-71f6b8fd="">
<p><a href="https://exhibitions.nordichouse.is" target="_blank" rel="noopener" class="button">Åbn udstillingskataloget</a></p>
<p><strong><i>Experiment – Ejder och farmare</i> är ett konstnärligt forskningsprojekt som startade år 2019. Utställningens konstnärer kommer från Danmark, Island och Norge och har varierande bakgrund inom design, arkitektur, bildkonst, musik, hantverk, mode och scenkonst.</strong></p>
<p><span style="font-weight: 400;">Ejdern och farmägaren står i ett ömsesidigt beroendeförhållande till varandra. Farmaren skyddar ejdern under häckningen och samlar i gengäld ihop kvarblivande dun från boet. Det värdefulla ejderdunet, som påstås vara världens bästa isoleringsmaterial, är en produkt ejdern lämnar efter sig. Ejdern återvänder varje år till samma farm och ett livslångt symbiotiskt förhållande formar sig mellan fågel och människa. Med utgångspunkt i detta hållbara men gradvis avtagande nordiska arv ger projektet upphov till produktionen av nya konstverk.  </span></p>
<p><span style="font-weight: 400;">Ah-hoo, Ah-hoo!! Vi hoppas att detta projekt blir till en inspirationskälla. Må du uppleva många AH-HOO-ögonblick i såväl utställningen som nästa gång du möter en ejder.</span></p>
<p><strong>Utställningen öppnar den 7. mai kl: 17:00 </strong></p>
</div>
<p><em>Curators: Hildur Steinþórsdóttir &amp; Rúna Thors</em></p>
<p><em><span style="font-size: 1rem;">Artists:<br />
<em style="font-size: 1rem;">Anne Lass, Lisbeth Burian &amp; Rikke Houd<br />
</em><em style="font-size: 1rem;">Arnhildur Pálmadóttir &amp; Samuel T. Rees<br />
</em><em style="font-size: 1rem;">Auður Ösp Guðmundsdóttir &amp; Hanna Jónsdóttir<br />
</em><em style="font-size: 1rem;">Baldur Björnsson &amp; Þórey Björk Halldórsdóttir<br />
</em><em style="font-size: 1rem;">Bjarki Bragason<br />
</em><em style="font-size: 1rem;">Brynhildur Pálsdóttir &amp; Ólöf Erla Bjarnadóttir<br />
</em><em style="font-size: 1rem;">Eygló Harðardóttir<br />
</em><em style="font-size: 1rem;">Friðgeir Einarsson &amp; Sigrún Hlín Sigurðardóttir<br />
</em><em style="font-size: 1rem;">Gabriel Johann Kvendseth<br />
</em><em style="font-size: 1rem;">Hilda Gunnarsdóttir &amp; Loji Höskuldsson<br />
</em><em style="font-size: 1rem;">Íris Indriðadóttir &amp; Signý Jónsdóttir<br />
</em><em style="font-size: 1rem;">Kristbjörg María Guðmundsdóttir, Ragna Margrét Guðmundsdóttir &amp; Vilborg Guðjónsdóttir<br />
</em><em style="font-size: 1rem;">Margrét H. Blöndal<br />
</em><em style="font-size: 1rem;">Tanja Levý &amp; Valdís Steinarsdóttir</em><br />
</span></em></p>
<p><strong>Utställningen arrangeras för DesignMarch och sponsas av Nordiska ministerrådet, Icelandic design fund och Nordisk kulturfond.</strong></p>
<p>&nbsp;</p>
<p><img decoding="async" class="alignnone wp-image-51361 lazyload" data-src="https://nordichouse.is/wp-content/uploads/2022/04/nordiskkulturfond_logo.jpg" alt="" width="268" height="73" src="data:image/svg+xml;base64,PHN2ZyB3aWR0aD0iMSIgaGVpZ2h0PSIxIiB4bWxucz0iaHR0cDovL3d3dy53My5vcmcvMjAwMC9zdmciPjwvc3ZnPg==" style="--smush-placeholder-width: 268px; --smush-placeholder-aspect-ratio: 268/73;" /><br />
<img decoding="async" class="alignnone wp-image-51367 lazyload" data-src="https://nordichouse.is/wp-content/uploads/2022/04/cooperationLOGO.jpg" alt="" width="273" height="74" src="data:image/svg+xml;base64,PHN2ZyB3aWR0aD0iMSIgaGVpZ2h0PSIxIiB4bWxucz0iaHR0cDovL3d3dy53My5vcmcvMjAwMC9zdmciPjwvc3ZnPg==" style="--smush-placeholder-width: 273px; --smush-placeholder-aspect-ratio: 273/74;" /> <img decoding="async" class="alignnone wp-image-51364 lazyload" data-src="https://nordichouse.is/wp-content/uploads/2022/04/HonnunarMars_20222-1-640x452.png" alt="" width="287" height="203" data-srcset="https://nordichouse.is/wp-content/uploads/2022/04/HonnunarMars_20222-1-640x452.png 640w, https://nordichouse.is/wp-content/uploads/2022/04/HonnunarMars_20222-1-1220x862.png 1220w, https://nordichouse.is/wp-content/uploads/2022/04/HonnunarMars_20222-1-768x543.png 768w, https://nordichouse.is/wp-content/uploads/2022/04/HonnunarMars_20222-1-1536x1086.png 1536w, https://nordichouse.is/wp-content/uploads/2022/04/HonnunarMars_20222-1-900x640.png 900w, https://nordichouse.is/wp-content/uploads/2022/04/HonnunarMars_20222-1.png 1754w" data-sizes="(max-width: 287px) 100vw, 287px" src="data:image/svg+xml;base64,PHN2ZyB3aWR0aD0iMSIgaGVpZ2h0PSIxIiB4bWxucz0iaHR0cDovL3d3dy53My5vcmcvMjAwMC9zdmciPjwvc3ZnPg==" style="--smush-placeholder-width: 287px; --smush-placeholder-aspect-ratio: 287/203;" /><img decoding="async" class="alignnone wp-image-51376 lazyload" data-src="https://nordichouse.is/wp-content/uploads/2022/04/Honnunarsjodur_merki_svart-640x160.jpg" alt="" width="332" height="83" data-srcset="https://nordichouse.is/wp-content/uploads/2022/04/Honnunarsjodur_merki_svart-640x160.jpg 640w, https://nordichouse.is/wp-content/uploads/2022/04/Honnunarsjodur_merki_svart-768x192.jpg 768w, https://nordichouse.is/wp-content/uploads/2022/04/Honnunarsjodur_merki_svart.jpg 1133w" data-sizes="(max-width: 332px) 100vw, 332px" src="data:image/svg+xml;base64,PHN2ZyB3aWR0aD0iMSIgaGVpZ2h0PSIxIiB4bWxucz0iaHR0cDovL3d3dy53My5vcmcvMjAwMC9zdmciPjwvc3ZnPg==" style="--smush-placeholder-width: 332px; --smush-placeholder-aspect-ratio: 332/83;" /></p>

<p>Åbn udstillingskataloget Experiment – Ejder och farmare är ett konstnärligt forskningsprojekt som startade år 2019. Utställningens konstnärer kommer från Danmark, Island och Norge och har varierande bakgrund inom design, arkitektur, bildkonst, musik, hantverk, mode och scenkonst. Ejdern och farmägaren står i ett ömsesidigt beroendeförhållande till varandra. Farmaren skyddar ejdern under häckningen och samlar i gengäld [&hellip;]</p>
