{"id":50295,"date":"2022-03-15T14:45:44","date_gmt":"2022-03-15T14:45:44","guid":{"rendered":"https:\/\/nordichouse.is\/?post_type=event&#038;p=50295"},"modified":"2022-03-15T14:49:36","modified_gmt":"2022-03-15T14:49:36","slug":"nordens-dag-2","status":"publish","type":"event","link":"https:\/\/nordichouse.is\/da\/begivenhed\/nordens-dag-2\/","title":{"rendered":"NORDENS DAG"},"content":{"rendered":"<div class=\"cxmmr5t8 oygrvhab hcukyx3x c1et5uql o9v6fnle\">I anledning af Nordens dag, den 23. marts 2022, og Foreningen Norden Island 100-\u00e5rs jubil\u00e6um inviterer Foreningen Norden og Nordens hus til nordisk g\u00e6stebud den 23. marts i \u00e5r kl. 16.30. Der inviteres p\u00e5 lette forfriskninger.<\/div>\n<div class=\"cxmmr5t8 oygrvhab hcukyx3x c1et5uql o9v6fnle\">Konferencier Ragnhei\u00f0ur Helga \u00de\u00f3rarinsd\u00f3ttir<\/div>\n<div class=\"cxmmr5t8 oygrvhab hcukyx3x c1et5uql o9v6fnle\"><\/div>\n<div class=\"cxmmr5t8 oygrvhab hcukyx3x c1et5uql o9v6fnle\">Dagens tema:<br \/>\nFred, frihed, demokrati<\/div>\n<div class=\"cxmmr5t8 oygrvhab hcukyx3x c1et5uql o9v6fnle\"><\/div>\n<div class=\"cxmmr5t8 oygrvhab hcukyx3x c1et5uql o9v6fnle\">Program:<\/div>\n<div class=\"cxmmr5t8 oygrvhab hcukyx3x c1et5uql o9v6fnle\">1. Hrannar B. Arnarsson, formand for Foreningen Norden<\/div>\n<div class=\"cxmmr5t8 oygrvhab hcukyx3x c1et5uql o9v6fnle\">2. Sabina Westerholm, dirket\u00f8r for Nordens hus<\/div>\n<div class=\"cxmmr5t8 oygrvhab hcukyx3x c1et5uql o9v6fnle\">3. Fru Vigd\u00eds Finnbogad\u00f3ttir, forhenv\u00e6rende Islands pr\u00e6sident<\/div>\n<div class=\"cxmmr5t8 oygrvhab hcukyx3x c1et5uql o9v6fnle\">4. Musik<\/div>\n<div class=\"cxmmr5t8 oygrvhab hcukyx3x c1et5uql o9v6fnle\">5. Norden og krigen i Ukraine. Bogi \u00c1g\u00fastsson forhenv\u00e6rende formand for Foreningen Norden<\/div>\n<div class=\"cxmmr5t8 oygrvhab hcukyx3x c1et5uql o9v6fnle\">6. Ann-Sofie Stade, Finlands ambassad\u00f8r i Island<\/div>\n<div class=\"cxmmr5t8 oygrvhab hcukyx3x c1et5uql o9v6fnle\">7. Steinunn \u00de\u00f3ra \u00c1rnad\u00f3ttir, formand for Islandsafdelingen af Vestnordisk r\u00e5d<\/div>\n<div class=\"cxmmr5t8 oygrvhab hcukyx3x c1et5uql o9v6fnle\">8. \u00c5bning af Nationalmuseets sp\u00f8rgeliste om nordiske forhold i Island<\/div>\n<div class=\"cxmmr5t8 oygrvhab hcukyx3x c1et5uql o9v6fnle\">9. Allsang under ledelse af \u00deorvaldur S. \u00deorvaldsson \u00e6resmedlem i Foreningen Norden<\/div>\n<div class=\"cxmmr5t8 oygrvhab hcukyx3x c1et5uql o9v6fnle\">10. Nordisk g\u00e6stebud<\/div>\n","protected":false},"excerpt":{"rendered":"<p>I anledning af Nordens dag, den 23. marts 2022, og Foreningen Norden Island 100-\u00e5rs jubil\u00e6um inviterer Foreningen Norden og Nordens hus til nordisk g\u00e6stebud den 23. marts i \u00e5r kl. 16.30. Der inviteres p\u00e5 lette forfriskninger. Konferencier Ragnhei\u00f0ur Helga \u00de\u00f3rarinsd\u00f3ttir Dagens tema: Fred, frihed, demokrati Program: 1. Hrannar B. Arnarsson, formand for Foreningen Norden 2. [&hellip;]<\/p>\n","protected":false},"featured_media":17322,"template":"","event-categories":[66,69,98],"class_list":["post-50295","event","type-event","status-publish","has-post-thumbnail","hentry","event-categories-alle-begivenheder","event-categories-konferencer","event-categories-norden-i-fokus","event_tags-nordensdag-da","no-banner-image"],"acf":[],"_links":{"self":[{"href":"https:\/\/nordichouse.is\/da\/wp-json\/wp\/v2\/event\/50295","targetHints":{"allow":["GET"]}}],"collection":[{"href":"https:\/\/nordichouse.is\/da\/wp-json\/wp\/v2\/event"}],"about":[{"href":"https:\/\/nordichouse.is\/da\/wp-json\/wp\/v2\/types\/event"}],"wp:featuredmedia":[{"embeddable":true,"href":"https:\/\/nordichouse.is\/da\/wp-json\/wp\/v2\/media\/17322"}],"wp:attachment":[{"href":"https:\/\/nordichouse.is\/da\/wp-json\/wp\/v2\/media?parent=50295"}],"wp:term":[{"taxonomy":"event-categories","embeddable":true,"href":"https:\/\/nordichouse.is\/da\/wp-json\/wp\/v2\/event-categories?post=50295"}],"curies":[{"name":"wp","href":"https:\/\/api.w.org\/{rel}","templated":true}]}}

<div class="cxmmr5t8 oygrvhab hcukyx3x c1et5uql o9v6fnle">I anledning af Nordens dag, den 23. marts 2022, og Foreningen Norden Island 100-års jubilæum inviterer Foreningen Norden og Nordens hus til nordisk gæstebud den 23. marts i år kl. 16.30. Der inviteres på lette forfriskninger.</div>
<div class="cxmmr5t8 oygrvhab hcukyx3x c1et5uql o9v6fnle">Konferencier Ragnheiður Helga Þórarinsdóttir</div>
<div class="cxmmr5t8 oygrvhab hcukyx3x c1et5uql o9v6fnle"></div>
<div class="cxmmr5t8 oygrvhab hcukyx3x c1et5uql o9v6fnle">Dagens tema:<br />
Fred, frihed, demokrati</div>
<div class="cxmmr5t8 oygrvhab hcukyx3x c1et5uql o9v6fnle"></div>
<div class="cxmmr5t8 oygrvhab hcukyx3x c1et5uql o9v6fnle">Program:</div>
<div class="cxmmr5t8 oygrvhab hcukyx3x c1et5uql o9v6fnle">1. Hrannar B. Arnarsson, formand for Foreningen Norden</div>
<div class="cxmmr5t8 oygrvhab hcukyx3x c1et5uql o9v6fnle">2. Sabina Westerholm, dirketør for Nordens hus</div>
<div class="cxmmr5t8 oygrvhab hcukyx3x c1et5uql o9v6fnle">3. Fru Vigdís Finnbogadóttir, forhenværende Islands præsident</div>
<div class="cxmmr5t8 oygrvhab hcukyx3x c1et5uql o9v6fnle">4. Musik</div>
<div class="cxmmr5t8 oygrvhab hcukyx3x c1et5uql o9v6fnle">5. Norden og krigen i Ukraine. Bogi Ágústsson forhenværende formand for Foreningen Norden</div>
<div class="cxmmr5t8 oygrvhab hcukyx3x c1et5uql o9v6fnle">6. Ann-Sofie Stade, Finlands ambassadør i Island</div>
<div class="cxmmr5t8 oygrvhab hcukyx3x c1et5uql o9v6fnle">7. Steinunn Þóra Árnadóttir, formand for Islandsafdelingen af Vestnordisk råd</div>
<div class="cxmmr5t8 oygrvhab hcukyx3x c1et5uql o9v6fnle">8. Åbning af Nationalmuseets spørgeliste om nordiske forhold i Island</div>
<div class="cxmmr5t8 oygrvhab hcukyx3x c1et5uql o9v6fnle">9. Allsang under ledelse af Þorvaldur S. Þorvaldsson æresmedlem i Foreningen Norden</div>
<div class="cxmmr5t8 oygrvhab hcukyx3x c1et5uql o9v6fnle">10. Nordisk gæstebud</div>

<p>I anledning af Nordens dag, den 23. marts 2022, og Foreningen Norden Island 100-års jubilæum inviterer Foreningen Norden og Nordens hus til nordisk gæstebud den 23. marts i år kl. 16.30. Der inviteres på lette forfriskninger. Konferencier Ragnheiður Helga Þórarinsdóttir Dagens tema: Fred, frihed, demokrati Program: 1. Hrannar B. Arnarsson, formand for Foreningen Norden 2. [&hellip;]</p>
