{"id":49007,"date":"2022-01-25T12:18:12","date_gmt":"2022-01-25T12:18:12","guid":{"rendered":"https:\/\/nordichouse.is\/?post_type=event&#038;p=49007"},"modified":"2022-01-31T10:19:08","modified_gmt":"2022-01-31T10:19:08","slug":"film-fokus-i-nordens-hus-paa-den-samiske-nasjonaldagen","status":"publish","type":"event","link":"https:\/\/nordichouse.is\/da\/begivenhed\/film-fokus-i-nordens-hus-paa-den-samiske-nasjonaldagen\/","title":{"rendered":"Film fokus i Nordens hus p\u00e5 den samiske nasjonaldagen"},"content":{"rendered":"<p><a href=\"https:\/\/tix.is\/en\/nordichouse\/event\/12631\/indigenous-film-focus-on-sami-national-day-\/\" rel=\"\">P\u00e5melding her:<\/a><\/p>\n<p>I \u00e5rets film program har Nordens hus i samarbeid med den Internasjonale Sami Film Instituttet laget et utvalg av filmer av regiss\u00f8rer fra urfolksgrupper i S\u00e1pmi og Canada.<\/p>\n<p>Filmene vil bli vist i Nordens Hus p\u00e5 den samiske nasjonaldagen, s\u00f8ndag 6. februar.<\/p>\n<p><strong>16:00- <em>On Solid Ground<\/em>: Kortfilmer fra S\u00e1pmi og Canada.<\/strong><\/p>\n<p>Kuratert av Anne-Lajla Utsi og Sunna Nousuniemi fra International S\u00e1mi Film Institute og Jason Ryle fra imagineNATIVE.<\/p>\n<p>Landet er et sentralt element for urbefolknings kultur verden over. I denne samlingen av kortfilmer laget av filmskapere fra urfolksgrupper i Canada og S\u00e1pmi, utforskes territorienes mange komplekse sider. Enten om det er det relasjonelle, spirituelle eller metafysiske. Landet f\u00f8rer sammen, n\u00e5tiden, fortiden og framtiden og er r\u00f8ttene til v\u00e5r styrke og identitet.<\/p>\n<h4><strong>Kortfilm program:<\/strong><\/h4>\n<p><strong>Gumpe<\/strong><\/p>\n<p>Regissert av Ken Are Bongo (S\u00e1mi), Finland | 2018 | 5min | Drama<\/p>\n<p><strong>S\u00e1miin leat rievttit\u00a0<\/strong><\/p>\n<p>Regissert av Elle M\u00e1rj\u00e1 Eira (S\u00e1mi) &amp; Mai-Lis Eira (S\u00e1mi), Norge| 2019| 11min<\/p>\n<p>Dokumentar<\/p>\n<p><strong>Eatnanvulo\u0161 lottit \u2013 Maan sis\u00e4ll\u00e4 linnut<\/strong><\/p>\n<p>Regissert av Marja Helander (S\u00e1mi), Finland | 2019| 11min | Eksperimentell<\/p>\n<p><strong>Morit Elena Morit<\/strong><\/p>\n<p>Regissert av Anders Sunna (S\u00e1mi) &amp; Inga Wiktoria P\u00e5ve (S\u00e1mi), Finland | 2017 | 5 min<\/p>\n<p>Animasjon<\/p>\n<p><strong>Bihtto\u0161<\/strong><\/p>\n<p>Regissert av Elle-M\u00e1ij\u00e1 Tailfeathers (S\u00e1mi\/Blackfoot), Canada | 2016| 14min | Drama<\/p>\n<p><strong>Lelum\u2019<\/strong><\/p>\n<p>Regissert av Asia Youngman (Cree, Iroquois, Carrier, M\u00e9tis), Canada | 2017 | 9min<\/p>\n<p>Dokumentar<\/p>\n<p><strong>Onyota\u2019a:ka khale Tsi\u2019tkal\u00f9:to<\/strong><\/p>\n<p>Regissert av Judith Kanatahawi Schuyler (Onyota\u2019a:ka), Canada | 2018 | 5 min<\/p>\n<p>Eksperimentell<\/p>\n<p><strong>Three Thousand<\/strong><\/p>\n<p>Regissert av Asinnajaq (Inuk), Canada | 2017 | 14 min | Dokumentar<\/p>\n<p>&nbsp;<\/p>\n<p><strong>18:00 -Eatnameamet- Our Silent Struggle<\/strong><\/p>\n<p>Regissert av Siv West, Finland, 2021 |74 min | Dokumentar<\/p>\n<p>Eatnameamet &#8211; Our Silent Struggle er en politisk dokumentar som offentliggj\u00f8r den finske regjeringens kolonialiserings- og assimilerings<span class=\"Y2IQFc\" lang=\"no\">politikk <\/span>overfor det samiske folk.<\/p>\n<p>Filmen sentrerer seg rundt samenes kamp for \u00e5 overleve og deres usikre fremtid i forhold til Finlands politiske planer og handlinger. Samene, som det eneste urbefolkningen i EU, har oppigjennom historien blitt urettferdig behandlet. Den finske regjeringen behandling av det samiske folk har st\u00e5tt i strid med internasjonale lover, landets egne lover og sivile rettigheter.<\/p>\n<p>Eatnameam &#8211; Our Silent Struggl<em>e<\/em> gir seeren et unikt innblikk i situasjonen til samene i Finland og hvordan deres livsstil er truet, fremfor alt av rettighetssp\u00f8rsm\u00e5l ang\u00e5ende land og naturressurser. Dokumentaren skildrer politiske situasjoner og diskusjoner bak kulissene, blandet med intime intervjuer, arkivmateriale og naturbilder.<\/p>\n<p><em>Filmvisningen er gratis med p\u00e5melding og overholder de nasjonale retningslinjene for covid. Maske er p\u00e5budt.\u00a0<\/em><\/p>\n","protected":false},"excerpt":{"rendered":"<p>P\u00e5melding her: I \u00e5rets film program har Nordens hus i samarbeid med den Internasjonale Sami Film Instituttet laget et utvalg av filmer av regiss\u00f8rer fra urfolksgrupper i S\u00e1pmi og Canada. Filmene vil bli vist i Nordens Hus p\u00e5 den samiske nasjonaldagen, s\u00f8ndag 6. februar. 16:00- On Solid Ground: Kortfilmer fra S\u00e1pmi og Canada. Kuratert av [&hellip;]<\/p>\n","protected":false},"featured_media":49001,"template":"","event-categories":[85],"class_list":["post-49007","event","type-event","status-publish","has-post-thumbnail","hentry","event-categories-film","has-banner-image"],"acf":[],"_links":{"self":[{"href":"https:\/\/nordichouse.is\/da\/wp-json\/wp\/v2\/event\/49007","targetHints":{"allow":["GET"]}}],"collection":[{"href":"https:\/\/nordichouse.is\/da\/wp-json\/wp\/v2\/event"}],"about":[{"href":"https:\/\/nordichouse.is\/da\/wp-json\/wp\/v2\/types\/event"}],"wp:featuredmedia":[{"embeddable":true,"href":"https:\/\/nordichouse.is\/da\/wp-json\/wp\/v2\/media\/49001"}],"wp:attachment":[{"href":"https:\/\/nordichouse.is\/da\/wp-json\/wp\/v2\/media?parent=49007"}],"wp:term":[{"taxonomy":"event-categories","embeddable":true,"href":"https:\/\/nordichouse.is\/da\/wp-json\/wp\/v2\/event-categories?post=49007"}],"curies":[{"name":"wp","href":"https:\/\/api.w.org\/{rel}","templated":true}]}}

Film fokus i Nordens hus på den samiske nasjonaldagen

<p><a href="https://tix.is/en/nordichouse/event/12631/indigenous-film-focus-on-sami-national-day-/" rel="">Påmelding her:</a></p>
<p>I årets film program har Nordens hus i samarbeid med den Internasjonale Sami Film Instituttet laget et utvalg av filmer av regissører fra urfolksgrupper i Sápmi og Canada.</p>
<p>Filmene vil bli vist i Nordens Hus på den samiske nasjonaldagen, søndag 6. februar.</p>
<p><strong>16:00- <em>On Solid Ground</em>: Kortfilmer fra Sápmi og Canada.</strong></p>
<p>Kuratert av Anne-Lajla Utsi og Sunna Nousuniemi fra International Sámi Film Institute og Jason Ryle fra imagineNATIVE.</p>
<p>Landet er et sentralt element for urbefolknings kultur verden over. I denne samlingen av kortfilmer laget av filmskapere fra urfolksgrupper i Canada og Sápmi, utforskes territorienes mange komplekse sider. Enten om det er det relasjonelle, spirituelle eller metafysiske. Landet fører sammen, nåtiden, fortiden og framtiden og er røttene til vår styrke og identitet.</p>
<h4><strong>Kortfilm program:</strong></h4>
<p><strong>Gumpe</strong></p>
<p>Regissert av Ken Are Bongo (Sámi), Finland | 2018 | 5min | Drama</p>
<p><strong>Sámiin leat rievttit </strong></p>
<p>Regissert av Elle Márjá Eira (Sámi) &amp; Mai-Lis Eira (Sámi), Norge| 2019| 11min</p>
<p>Dokumentar</p>
<p><strong>Eatnanvuloš lottit – Maan sisällä linnut</strong></p>
<p>Regissert av Marja Helander (Sámi), Finland | 2019| 11min | Eksperimentell</p>
<p><strong>Morit Elena Morit</strong></p>
<p>Regissert av Anders Sunna (Sámi) &amp; Inga Wiktoria Påve (Sámi), Finland | 2017 | 5 min</p>
<p>Animasjon</p>
<p><strong>Bihttoš</strong></p>
<p>Regissert av Elle-Máijá Tailfeathers (Sámi/Blackfoot), Canada | 2016| 14min | Drama</p>
<p><strong>Lelum’</strong></p>
<p>Regissert av Asia Youngman (Cree, Iroquois, Carrier, Métis), Canada | 2017 | 9min</p>
<p>Dokumentar</p>
<p><strong>Onyota’a:ka khale Tsi’tkalù:to</strong></p>
<p>Regissert av Judith Kanatahawi Schuyler (Onyota’a:ka), Canada | 2018 | 5 min</p>
<p>Eksperimentell</p>
<p><strong>Three Thousand</strong></p>
<p>Regissert av Asinnajaq (Inuk), Canada | 2017 | 14 min | Dokumentar</p>
<p>&nbsp;</p>
<p><strong>18:00 -Eatnameamet- Our Silent Struggle</strong></p>
<p>Regissert av Siv West, Finland, 2021 |74 min | Dokumentar</p>
<p>Eatnameamet &#8211; Our Silent Struggle er en politisk dokumentar som offentliggjør den finske regjeringens kolonialiserings- og assimilerings<span class="Y2IQFc" lang="no">politikk </span>overfor det samiske folk.</p>
<p>Filmen sentrerer seg rundt samenes kamp for å overleve og deres usikre fremtid i forhold til Finlands politiske planer og handlinger. Samene, som det eneste urbefolkningen i EU, har oppigjennom historien blitt urettferdig behandlet. Den finske regjeringen behandling av det samiske folk har stått i strid med internasjonale lover, landets egne lover og sivile rettigheter.</p>
<p>Eatnameam &#8211; Our Silent Struggl<em>e</em> gir seeren et unikt innblikk i situasjonen til samene i Finland og hvordan deres livsstil er truet, fremfor alt av rettighetsspørsmål angående land og naturressurser. Dokumentaren skildrer politiske situasjoner og diskusjoner bak kulissene, blandet med intime intervjuer, arkivmateriale og naturbilder.</p>
<p><em>Filmvisningen er gratis med påmelding og overholder de nasjonale retningslinjene for covid. Maske er påbudt. </em></p>

<p>Påmelding her: I årets film program har Nordens hus i samarbeid med den Internasjonale Sami Film Instituttet laget et utvalg av filmer av regissører fra urfolksgrupper i Sápmi og Canada. Filmene vil bli vist i Nordens Hus på den samiske nasjonaldagen, søndag 6. februar. 16:00- On Solid Ground: Kortfilmer fra Sápmi og Canada. Kuratert av [&hellip;]</p>
