{"id":4601,"date":"2016-06-21T15:44:42","date_gmt":"2016-06-21T15:44:42","guid":{"rendered":"https:\/\/nordichouse.is\/event\/adgerdir-gegn-skattaundanskotum-opinn-fundur-med-torsten-fensby-2\/"},"modified":"2016-09-13T16:44:44","modified_gmt":"2016-09-13T16:44:44","slug":"adgerdir-gegn-skattaundanskotum-opinn-fundur-med-torsten-fensby","status":"publish","type":"event","link":"https:\/\/nordichouse.is\/da\/begivenhed\/adgerdir-gegn-skattaundanskotum-opinn-fundur-med-torsten-fensby\/","title":{"rendered":"Bek\u00e4mpning av skatteflykt: \u00d6ppet seminarium med Torsten Fensby- Livestream"},"content":{"rendered":"<h2>Bek\u00e4mpning av skatteflykt: \u00d6ppet seminarium med Torsten Fensby<\/h2>\n<p>&nbsp;<\/p>\n<p>Livestream:<\/p>\n<p><iframe id=\"ls_embed_1466523795\" data-src=\"\/\/livestream.com\/accounts\/14889744\/events\/5652198\/player?width=560&amp;height=315&amp;autoPlay=true&amp;mute=false\" width=\"560\" height=\"315\" frameborder=\"0\" scrolling=\"no\" src=\"data:image\/svg+xml;base64,PHN2ZyB3aWR0aD0iMSIgaGVpZ2h0PSIxIiB4bWxucz0iaHR0cDovL3d3dy53My5vcmcvMjAwMC9zdmciPjwvc3ZnPg==\" class=\"lazyload\" data-load-mode=\"1\"><\/iframe><br \/>\n<script src=\"\/\/livestream.com\/assets\/plugins\/referrer_tracking.js\" type=\"text\/javascript\" data-embed_id=\"ls_embed_1466523795\"><\/script><\/p>\n<p>Under seminariet kommer Torsten Fensby, specialist p\u00e5 skattefr\u00e5gor och utsedd av Nordiska ministerr\u00e5det, att diskutera sin kamp mot skatteflykt i ljuset av de avsl\u00f6janden som nyligen gjorts i samband med Panamadokumenten.<br \/>\nFensby har genom \u00e5ren varit en v\u00e4lk\u00e4nd r\u00f6st i kampen mot skatteflykt och han ledde nyligen ett nordiskt projekt d\u00e4r man ingick avtal r\u00f6rande informationsutbyten inom skatterelaterad verksamhet utomlands.<\/p>\n<p><strong>Paneldiskussion:<\/strong><br \/>\nBrynd\u00eds Kristj\u00e1nsdottir, generaldirekt\u00f6r f\u00f6r Ekobrottsmyndigheten<br \/>\nBrynjar N\u00edelsson, parlamentsledamot och f\u00f6rsta vice ordf\u00f6rande f\u00f6r ekonomiutskottet<br \/>\nIndri\u00f0i H. \u00deorl\u00e1ksson, tidigare direkt\u00f6r p\u00e5 Skatteverket<\/p>\n<p>Ordf\u00f6rande: <strong>\u00de\u00f3r\u00f0ur Sn\u00e6r J\u00fal\u00edusson<\/strong>, redakt\u00f6r p\u00e5 Kjarninn<\/p>\n<p><strong>Seminariet h\u00e5lls p\u00e5 engelska och \u00e4r \u00f6ppet f\u00f6r alla.<\/strong><\/p>\n","protected":false},"excerpt":{"rendered":"<p>Bek\u00e4mpning av skatteflykt: \u00d6ppet seminarium med Torsten Fensby &nbsp; Livestream: Under seminariet kommer Torsten Fensby, specialist p\u00e5 skattefr\u00e5gor och utsedd av Nordiska ministerr\u00e5det, att diskutera sin kamp mot skatteflykt i ljuset av de avsl\u00f6janden som nyligen gjorts i samband med Panamadokumenten. Fensby har genom \u00e5ren varit en v\u00e4lk\u00e4nd r\u00f6st i kampen mot skatteflykt och han [&hellip;]<\/p>\n","protected":false},"featured_media":4600,"template":"","event-categories":[69,91],"class_list":["post-4601","event","type-event","status-publish","has-post-thumbnail","hentry","event-categories-konferencer","event-categories-livestream-dk","has-banner-image"],"acf":[],"_links":{"self":[{"href":"https:\/\/nordichouse.is\/da\/wp-json\/wp\/v2\/event\/4601","targetHints":{"allow":["GET"]}}],"collection":[{"href":"https:\/\/nordichouse.is\/da\/wp-json\/wp\/v2\/event"}],"about":[{"href":"https:\/\/nordichouse.is\/da\/wp-json\/wp\/v2\/types\/event"}],"wp:featuredmedia":[{"embeddable":true,"href":"https:\/\/nordichouse.is\/da\/wp-json\/wp\/v2\/media\/4600"}],"wp:attachment":[{"href":"https:\/\/nordichouse.is\/da\/wp-json\/wp\/v2\/media?parent=4601"}],"wp:term":[{"taxonomy":"event-categories","embeddable":true,"href":"https:\/\/nordichouse.is\/da\/wp-json\/wp\/v2\/event-categories?post=4601"}],"curies":[{"name":"wp","href":"https:\/\/api.w.org\/{rel}","templated":true}]}}

Bekämpning av skatteflykt: Öppet seminarium med Torsten Fensby- Livestream

<h2>Bekämpning av skatteflykt: Öppet seminarium med Torsten Fensby</h2>
<p>&nbsp;</p>
<p>Livestream:</p>
<p><iframe id="ls_embed_1466523795" data-src="//livestream.com/accounts/14889744/events/5652198/player?width=560&amp;height=315&amp;autoPlay=true&amp;mute=false" width="560" height="315" frameborder="0" scrolling="no" src="data:image/svg+xml;base64,PHN2ZyB3aWR0aD0iMSIgaGVpZ2h0PSIxIiB4bWxucz0iaHR0cDovL3d3dy53My5vcmcvMjAwMC9zdmciPjwvc3ZnPg==" class="lazyload" data-load-mode="1"></iframe><br />
<script src="//livestream.com/assets/plugins/referrer_tracking.js" type="text/javascript" data-embed_id="ls_embed_1466523795"></script></p>
<p>Under seminariet kommer Torsten Fensby, specialist på skattefrågor och utsedd av Nordiska ministerrådet, att diskutera sin kamp mot skatteflykt i ljuset av de avslöjanden som nyligen gjorts i samband med Panamadokumenten.<br />
Fensby har genom åren varit en välkänd röst i kampen mot skatteflykt och han ledde nyligen ett nordiskt projekt där man ingick avtal rörande informationsutbyten inom skatterelaterad verksamhet utomlands.</p>
<p><strong>Paneldiskussion:</strong><br />
Bryndís Kristjánsdottir, generaldirektör för Ekobrottsmyndigheten<br />
Brynjar Níelsson, parlamentsledamot och första vice ordförande för ekonomiutskottet<br />
Indriði H. Þorláksson, tidigare direktör på Skatteverket</p>
<p>Ordförande: <strong>Þórður Snær Júlíusson</strong>, redaktör på Kjarninn</p>
<p><strong>Seminariet hålls på engelska och är öppet för alla.</strong></p>

<p>Bekämpning av skatteflykt: Öppet seminarium med Torsten Fensby &nbsp; Livestream: Under seminariet kommer Torsten Fensby, specialist på skattefrågor och utsedd av Nordiska ministerrådet, att diskutera sin kamp mot skatteflykt i ljuset av de avslöjanden som nyligen gjorts i samband med Panamadokumenten. Fensby har genom åren varit en välkänd röst i kampen mot skatteflykt och han [&hellip;]</p>
