{"id":25539,"date":"2020-08-28T18:14:17","date_gmt":"2020-08-28T18:14:17","guid":{"rendered":"https:\/\/nordichouse.is\/event\/uppskeruhatid-barnanna-saum-sjaum-og-smokkum\/"},"modified":"2020-09-02T14:26:13","modified_gmt":"2020-09-02T14:26:13","slug":"uppskeruhatid-barnanna-saum-sjaum-og-smokkum","status":"publish","type":"event","link":"https:\/\/nordichouse.is\/da\/begivenhed\/uppskeruhatid-barnanna-saum-sjaum-og-smokkum\/","title":{"rendered":"Barnas h\u00f8stfestival &#8211; S\u00e5, se og smak"},"content":{"rendered":"<p>Barnas h\u00f8stfestival blir holdt s\u00f8ndag 6. september kl 12-16 ved Nordens hus.<\/p>\n<h4>Har du sett og smakt en agurk som ser mer ut som squash? Visste du at smaken av blomsten Anisisop ligner p\u00e5 lakris?<\/h4>\n<p>Utenfor Nordens hus driver vi n\u00e5 med innh\u00f8sting til prosjektet \u00abS\u00e5, se og smak\u00bb. Barn oppfordres til \u00e5 komme, se og smake p\u00e5 resultatet av fr\u00f8ene som ble s\u00e5dd p\u00e5 forsommeren. Barn som har deltatt i prosjektet vil fortelle og gi en smakebit av innh\u00f8stingen sammen med Bestemor Natur, gartneren som ledet dyrkingen.<\/p>\n<p>Representanter fra Reykjav\u00edks botaniske hage tilbyr leken \u00ab<em>let etter levende vesener (organismer) i Vatnsm\u00fdrin<\/em>\u00bb.<\/p>\n<p>Hvis v\u00e6ret er v\u00e5tt, kan du s\u00f8ke ly i drivhuset og inne i Nordens hus. Samtidig vil det v\u00e6re mulig \u00e5 g\u00e5 p\u00e5 skattejakt i barnebiblioteket v\u00e5rt for \u00e5 lete etter Herr Niels i forbindelse med en utstilling til \u00e6re for Pippi Langstr\u00f8mpes 75 \u00e5rs jubileum. Premietrekningen inkluderer en tomatplante og b\u00f8ker om Pippi.<\/p>\n<p>Inne i Nordens hus kaf\u00e9, <a href=\"https:\/\/nordichouse.is\/da\/matr\/\" target=\"_blank\" rel=\"noopener noreferrer\">MATR<\/a>, vil det v\u00e6re mulig \u00e5 nyte god mat fra innh\u00f8stingen, f.eks. h\u00f8stesuppe i en kopp og br\u00f8d med til 990 kr.<\/p>\n<p>&nbsp;<\/p>\n<p><strong>Vi sees i og ved Nordens hus!<\/strong><\/p>\n<div>\n<div id='gallery-1' class='gallery galleryid-25539 gallery-columns-3 gallery-size-thumbnail'><figure class='gallery-item'>\n\t\t\t<div class='gallery-icon landscape'>\n\t\t\t\t<a href='https:\/\/nordichouse.is\/da\/begivenhed\/uppskeruhatid-barnanna-saum-sjaum-og-smokkum\/img_0989-2\/'><img decoding=\"async\" width=\"400\" height=\"400\" data-src=\"https:\/\/nordichouse.is\/wp-content\/uploads\/2020\/08\/img_0989-400x400.jpeg\" class=\"attachment-thumbnail size-thumbnail lazyload\" alt=\"\" data-srcset=\"https:\/\/nordichouse.is\/wp-content\/uploads\/2020\/08\/img_0989-400x400.jpeg 400w, https:\/\/nordichouse.is\/wp-content\/uploads\/2020\/08\/img_0989-800x800.jpeg 800w\" data-sizes=\"(max-width: 400px) 100vw, 400px\" src=\"data:image\/svg+xml;base64,PHN2ZyB3aWR0aD0iMSIgaGVpZ2h0PSIxIiB4bWxucz0iaHR0cDovL3d3dy53My5vcmcvMjAwMC9zdmciPjwvc3ZnPg==\" style=\"--smush-placeholder-width: 400px; --smush-placeholder-aspect-ratio: 400\/400;\" \/><\/a>\n\t\t\t<\/div><\/figure><figure class='gallery-item'>\n\t\t\t<div class='gallery-icon landscape'>\n\t\t\t\t<a href='https:\/\/nordichouse.is\/da\/begivenhed\/uppskeruhatid-barnanna-saum-sjaum-og-smokkum\/thumbnail_img_0539-2\/'><img decoding=\"async\" width=\"400\" height=\"400\" data-src=\"https:\/\/nordichouse.is\/wp-content\/uploads\/2020\/08\/thumbnail_img_0539-400x400.jpg\" class=\"attachment-thumbnail size-thumbnail lazyload\" alt=\"\" data-srcset=\"https:\/\/nordichouse.is\/wp-content\/uploads\/2020\/08\/thumbnail_img_0539-400x400.jpg 400w, https:\/\/nordichouse.is\/wp-content\/uploads\/2020\/08\/thumbnail_img_0539-800x800.jpg 800w\" data-sizes=\"(max-width: 400px) 100vw, 400px\" src=\"data:image\/svg+xml;base64,PHN2ZyB3aWR0aD0iMSIgaGVpZ2h0PSIxIiB4bWxucz0iaHR0cDovL3d3dy53My5vcmcvMjAwMC9zdmciPjwvc3ZnPg==\" style=\"--smush-placeholder-width: 400px; --smush-placeholder-aspect-ratio: 400\/400;\" \/><\/a>\n\t\t\t<\/div><\/figure><figure class='gallery-item'>\n\t\t\t<div class='gallery-icon landscape'>\n\t\t\t\t<a href='https:\/\/nordichouse.is\/da\/saum-sjaum-og-smokkum-graenn-voxtur-a-nordurlondum\/thor-4-2\/'><img decoding=\"async\" width=\"400\" height=\"400\" data-src=\"https:\/\/nordichouse.is\/wp-content\/uploads\/2020\/07\/thor-400x400.png\" class=\"attachment-thumbnail size-thumbnail lazyload\" alt=\"\" src=\"data:image\/svg+xml;base64,PHN2ZyB3aWR0aD0iMSIgaGVpZ2h0PSIxIiB4bWxucz0iaHR0cDovL3d3dy53My5vcmcvMjAwMC9zdmciPjwvc3ZnPg==\" style=\"--smush-placeholder-width: 400px; --smush-placeholder-aspect-ratio: 400\/400;\" \/><\/a>\n\t\t\t<\/div><\/figure><figure class='gallery-item'>\n\t\t\t<div class='gallery-icon landscape'>\n\t\t\t\t<a href='https:\/\/nordichouse.is\/da\/ad-raekta-gardinn-sinn-leid-til-ad-njota-lifsins%e2%80%af\/img_1069-2\/'><img decoding=\"async\" width=\"400\" height=\"400\" data-src=\"https:\/\/nordichouse.is\/wp-content\/uploads\/2020\/06\/img_1069-400x400.jpeg\" class=\"attachment-thumbnail size-thumbnail lazyload\" alt=\"\" data-srcset=\"https:\/\/nordichouse.is\/wp-content\/uploads\/2020\/06\/img_1069-400x400.jpeg 400w, https:\/\/nordichouse.is\/wp-content\/uploads\/2020\/06\/img_1069-800x800.jpeg 800w\" data-sizes=\"(max-width: 400px) 100vw, 400px\" src=\"data:image\/svg+xml;base64,PHN2ZyB3aWR0aD0iMSIgaGVpZ2h0PSIxIiB4bWxucz0iaHR0cDovL3d3dy53My5vcmcvMjAwMC9zdmciPjwvc3ZnPg==\" style=\"--smush-placeholder-width: 400px; --smush-placeholder-aspect-ratio: 400\/400;\" \/><\/a>\n\t\t\t<\/div><\/figure><figure class='gallery-item'>\n\t\t\t<div class='gallery-icon landscape'>\n\t\t\t\t<a href='https:\/\/nordichouse.is\/da\/begivenhed\/uppskeruhatid-barnanna-saum-sjaum-og-smokkum\/2020_0827_19525900-2-2\/'><img decoding=\"async\" width=\"400\" height=\"400\" data-src=\"https:\/\/nordichouse.is\/wp-content\/uploads\/2020\/08\/2020_0827_19525900-1-400x400.jpg\" class=\"attachment-thumbnail size-thumbnail lazyload\" alt=\"\" data-srcset=\"https:\/\/nordichouse.is\/wp-content\/uploads\/2020\/08\/2020_0827_19525900-1-400x400.jpg 400w, https:\/\/nordichouse.is\/wp-content\/uploads\/2020\/08\/2020_0827_19525900-1-800x800.jpg 800w\" data-sizes=\"(max-width: 400px) 100vw, 400px\" src=\"data:image\/svg+xml;base64,PHN2ZyB3aWR0aD0iMSIgaGVpZ2h0PSIxIiB4bWxucz0iaHR0cDovL3d3dy53My5vcmcvMjAwMC9zdmciPjwvc3ZnPg==\" style=\"--smush-placeholder-width: 400px; --smush-placeholder-aspect-ratio: 400\/400;\" \/><\/a>\n\t\t\t<\/div><\/figure><figure class='gallery-item'>\n\t\t\t<div class='gallery-icon landscape'>\n\t\t\t\t<a href='https:\/\/nordichouse.is\/da\/begivenhed\/uppskeruhatid-barnanna-saum-sjaum-og-smokkum\/dsc04319-2\/'><img decoding=\"async\" width=\"400\" height=\"400\" data-src=\"https:\/\/nordichouse.is\/wp-content\/uploads\/2020\/08\/dsc04319-400x400.jpg\" class=\"attachment-thumbnail size-thumbnail lazyload\" alt=\"\" data-srcset=\"https:\/\/nordichouse.is\/wp-content\/uploads\/2020\/08\/dsc04319-400x400.jpg 400w, https:\/\/nordichouse.is\/wp-content\/uploads\/2020\/08\/dsc04319-800x800.jpg 800w\" data-sizes=\"(max-width: 400px) 100vw, 400px\" src=\"data:image\/svg+xml;base64,PHN2ZyB3aWR0aD0iMSIgaGVpZ2h0PSIxIiB4bWxucz0iaHR0cDovL3d3dy53My5vcmcvMjAwMC9zdmciPjwvc3ZnPg==\" style=\"--smush-placeholder-width: 400px; --smush-placeholder-aspect-ratio: 400\/400;\" \/><\/a>\n\t\t\t<\/div><\/figure>\n\t\t<\/div>\n\n<\/div>\n<div class=\"o9v6fnle cxmmr5t8 oygrvhab hcukyx3x c1et5uql\">\n<p>H\u00f8stingen ved Nordens hus er for det meste innh\u00f8sting av fr\u00f8 fra <a href=\"https:\/\/www.nordgen.org\/en\/\" target=\"_blank\" rel=\"noopener noreferrer\">NordGen<\/a>, en samnordisk genbank som bevarer fr\u00f8ene til over 33 000 arter av planter som trives i Norden. Ved \u00e5 bevare fr\u00f8ene og bruke dem, ivaretar vi biologisk mangfold og fremmer samtidig tiltak mot klimaendringer.<\/p>\n<p>Mer informasjon om prosjektet <a href=\"https:\/\/nordichouse.is\/da\/saum-sjaum-og-smokkum-graenn-voxtur-a-nordurlondum\/\" target=\"_blank\" rel=\"noopener noreferrer\">S\u00e5, se og smake finner du her<\/a><\/p>\n<\/div>\n<div><\/div>\n<div><\/div>\n","protected":false},"excerpt":{"rendered":"<p>Barnas h\u00f8stfestival blir holdt s\u00f8ndag 6. september kl 12-16 ved Nordens hus. Har du sett og smakt en agurk som ser mer ut som squash? Visste du at smaken av blomsten Anisisop ligner p\u00e5 lakris? Utenfor Nordens hus driver vi n\u00e5 med innh\u00f8sting til prosjektet \u00abS\u00e5, se og smak\u00bb. Barn oppfordres til \u00e5 komme, se [&hellip;]<\/p>\n","protected":false},"featured_media":25521,"template":"","event-categories":[461,85,67],"class_list":["post-25539","event","type-event","status-publish","has-post-thumbnail","hentry","event-categories-festivaler","event-categories-film","event-categories-for-born","event_tags-saum-sjaum-og-smokkum-da","has-banner-image"],"acf":[],"_links":{"self":[{"href":"https:\/\/nordichouse.is\/da\/wp-json\/wp\/v2\/event\/25539","targetHints":{"allow":["GET"]}}],"collection":[{"href":"https:\/\/nordichouse.is\/da\/wp-json\/wp\/v2\/event"}],"about":[{"href":"https:\/\/nordichouse.is\/da\/wp-json\/wp\/v2\/types\/event"}],"wp:featuredmedia":[{"embeddable":true,"href":"https:\/\/nordichouse.is\/da\/wp-json\/wp\/v2\/media\/25521"}],"wp:attachment":[{"href":"https:\/\/nordichouse.is\/da\/wp-json\/wp\/v2\/media?parent=25539"}],"wp:term":[{"taxonomy":"event-categories","embeddable":true,"href":"https:\/\/nordichouse.is\/da\/wp-json\/wp\/v2\/event-categories?post=25539"}],"curies":[{"name":"wp","href":"https:\/\/api.w.org\/{rel}","templated":true}]}}

Barnas høstfestival &#8211; Så, se og smak

<p>Barnas høstfestival blir holdt søndag 6. september kl 12-16 ved Nordens hus.</p>
<h4>Har du sett og smakt en agurk som ser mer ut som squash? Visste du at smaken av blomsten Anisisop ligner på lakris?</h4>
<p>Utenfor Nordens hus driver vi nå med innhøsting til prosjektet «Så, se og smak». Barn oppfordres til å komme, se og smake på resultatet av frøene som ble sådd på forsommeren. Barn som har deltatt i prosjektet vil fortelle og gi en smakebit av innhøstingen sammen med Bestemor Natur, gartneren som ledet dyrkingen.</p>
<p>Representanter fra Reykjavíks botaniske hage tilbyr leken «<em>let etter levende vesener (organismer) i Vatnsmýrin</em>».</p>
<p>Hvis været er vått, kan du søke ly i drivhuset og inne i Nordens hus. Samtidig vil det være mulig å gå på skattejakt i barnebiblioteket vårt for å lete etter Herr Niels i forbindelse med en utstilling til ære for Pippi Langstrømpes 75 års jubileum. Premietrekningen inkluderer en tomatplante og bøker om Pippi.</p>
<p>Inne i Nordens hus kafé, <a href="https://nordichouse.is/da/matr/" target="_blank" rel="noopener noreferrer">MATR</a>, vil det være mulig å nyte god mat fra innhøstingen, f.eks. høstesuppe i en kopp og brød med til 990 kr.</p>
<p>&nbsp;</p>
<p><strong>Vi sees i og ved Nordens hus!</strong></p>
<div>
<div id='gallery-1' class='gallery galleryid-25539 gallery-columns-3 gallery-size-thumbnail'><figure class='gallery-item'>
			<div class='gallery-icon landscape'>
				<a href='https://nordichouse.is/da/begivenhed/uppskeruhatid-barnanna-saum-sjaum-og-smokkum/img_0989-2/'><img decoding="async" width="400" height="400" data-src="https://nordichouse.is/wp-content/uploads/2020/08/img_0989-400x400.jpeg" class="attachment-thumbnail size-thumbnail lazyload" alt="" data-srcset="https://nordichouse.is/wp-content/uploads/2020/08/img_0989-400x400.jpeg 400w, https://nordichouse.is/wp-content/uploads/2020/08/img_0989-800x800.jpeg 800w" data-sizes="(max-width: 400px) 100vw, 400px" src="data:image/svg+xml;base64,PHN2ZyB3aWR0aD0iMSIgaGVpZ2h0PSIxIiB4bWxucz0iaHR0cDovL3d3dy53My5vcmcvMjAwMC9zdmciPjwvc3ZnPg==" style="--smush-placeholder-width: 400px; --smush-placeholder-aspect-ratio: 400/400;" /></a>
			</div></figure><figure class='gallery-item'>
			<div class='gallery-icon landscape'>
				<a href='https://nordichouse.is/da/begivenhed/uppskeruhatid-barnanna-saum-sjaum-og-smokkum/thumbnail_img_0539-2/'><img decoding="async" width="400" height="400" data-src="https://nordichouse.is/wp-content/uploads/2020/08/thumbnail_img_0539-400x400.jpg" class="attachment-thumbnail size-thumbnail lazyload" alt="" data-srcset="https://nordichouse.is/wp-content/uploads/2020/08/thumbnail_img_0539-400x400.jpg 400w, https://nordichouse.is/wp-content/uploads/2020/08/thumbnail_img_0539-800x800.jpg 800w" data-sizes="(max-width: 400px) 100vw, 400px" src="data:image/svg+xml;base64,PHN2ZyB3aWR0aD0iMSIgaGVpZ2h0PSIxIiB4bWxucz0iaHR0cDovL3d3dy53My5vcmcvMjAwMC9zdmciPjwvc3ZnPg==" style="--smush-placeholder-width: 400px; --smush-placeholder-aspect-ratio: 400/400;" /></a>
			</div></figure><figure class='gallery-item'>
			<div class='gallery-icon landscape'>
				<a href='https://nordichouse.is/da/saum-sjaum-og-smokkum-graenn-voxtur-a-nordurlondum/thor-4-2/'><img decoding="async" width="400" height="400" data-src="https://nordichouse.is/wp-content/uploads/2020/07/thor-400x400.png" class="attachment-thumbnail size-thumbnail lazyload" alt="" src="data:image/svg+xml;base64,PHN2ZyB3aWR0aD0iMSIgaGVpZ2h0PSIxIiB4bWxucz0iaHR0cDovL3d3dy53My5vcmcvMjAwMC9zdmciPjwvc3ZnPg==" style="--smush-placeholder-width: 400px; --smush-placeholder-aspect-ratio: 400/400;" /></a>
			</div></figure><figure class='gallery-item'>
			<div class='gallery-icon landscape'>
				<a href='https://nordichouse.is/da/ad-raekta-gardinn-sinn-leid-til-ad-njota-lifsins%e2%80%af/img_1069-2/'><img decoding="async" width="400" height="400" data-src="https://nordichouse.is/wp-content/uploads/2020/06/img_1069-400x400.jpeg" class="attachment-thumbnail size-thumbnail lazyload" alt="" data-srcset="https://nordichouse.is/wp-content/uploads/2020/06/img_1069-400x400.jpeg 400w, https://nordichouse.is/wp-content/uploads/2020/06/img_1069-800x800.jpeg 800w" data-sizes="(max-width: 400px) 100vw, 400px" src="data:image/svg+xml;base64,PHN2ZyB3aWR0aD0iMSIgaGVpZ2h0PSIxIiB4bWxucz0iaHR0cDovL3d3dy53My5vcmcvMjAwMC9zdmciPjwvc3ZnPg==" style="--smush-placeholder-width: 400px; --smush-placeholder-aspect-ratio: 400/400;" /></a>
			</div></figure><figure class='gallery-item'>
			<div class='gallery-icon landscape'>
				<a href='https://nordichouse.is/da/begivenhed/uppskeruhatid-barnanna-saum-sjaum-og-smokkum/2020_0827_19525900-2-2/'><img decoding="async" width="400" height="400" data-src="https://nordichouse.is/wp-content/uploads/2020/08/2020_0827_19525900-1-400x400.jpg" class="attachment-thumbnail size-thumbnail lazyload" alt="" data-srcset="https://nordichouse.is/wp-content/uploads/2020/08/2020_0827_19525900-1-400x400.jpg 400w, https://nordichouse.is/wp-content/uploads/2020/08/2020_0827_19525900-1-800x800.jpg 800w" data-sizes="(max-width: 400px) 100vw, 400px" src="data:image/svg+xml;base64,PHN2ZyB3aWR0aD0iMSIgaGVpZ2h0PSIxIiB4bWxucz0iaHR0cDovL3d3dy53My5vcmcvMjAwMC9zdmciPjwvc3ZnPg==" style="--smush-placeholder-width: 400px; --smush-placeholder-aspect-ratio: 400/400;" /></a>
			</div></figure><figure class='gallery-item'>
			<div class='gallery-icon landscape'>
				<a href='https://nordichouse.is/da/begivenhed/uppskeruhatid-barnanna-saum-sjaum-og-smokkum/dsc04319-2/'><img decoding="async" width="400" height="400" data-src="https://nordichouse.is/wp-content/uploads/2020/08/dsc04319-400x400.jpg" class="attachment-thumbnail size-thumbnail lazyload" alt="" data-srcset="https://nordichouse.is/wp-content/uploads/2020/08/dsc04319-400x400.jpg 400w, https://nordichouse.is/wp-content/uploads/2020/08/dsc04319-800x800.jpg 800w" data-sizes="(max-width: 400px) 100vw, 400px" src="data:image/svg+xml;base64,PHN2ZyB3aWR0aD0iMSIgaGVpZ2h0PSIxIiB4bWxucz0iaHR0cDovL3d3dy53My5vcmcvMjAwMC9zdmciPjwvc3ZnPg==" style="--smush-placeholder-width: 400px; --smush-placeholder-aspect-ratio: 400/400;" /></a>
			</div></figure>
		</div>

</div>
<div class="o9v6fnle cxmmr5t8 oygrvhab hcukyx3x c1et5uql">
<p>Høstingen ved Nordens hus er for det meste innhøsting av frø fra <a href="https://www.nordgen.org/en/" target="_blank" rel="noopener noreferrer">NordGen</a>, en samnordisk genbank som bevarer frøene til over 33 000 arter av planter som trives i Norden. Ved å bevare frøene og bruke dem, ivaretar vi biologisk mangfold og fremmer samtidig tiltak mot klimaendringer.</p>
<p>Mer informasjon om prosjektet <a href="https://nordichouse.is/da/saum-sjaum-og-smokkum-graenn-voxtur-a-nordurlondum/" target="_blank" rel="noopener noreferrer">Så, se og smake finner du her</a></p>
</div>
<div></div>
<div></div>

<p>Barnas høstfestival blir holdt søndag 6. september kl 12-16 ved Nordens hus. Har du sett og smakt en agurk som ser mer ut som squash? Visste du at smaken av blomsten Anisisop ligner på lakris? Utenfor Nordens hus driver vi nå med innhøsting til prosjektet «Så, se og smak». Barn oppfordres til å komme, se [&hellip;]</p>
