{"id":20731,"date":"2019-09-17T15:58:03","date_gmt":"2019-09-17T15:58:03","guid":{"rendered":"https:\/\/nordichouse.is\/event\/the-last-tour-panel\/"},"modified":"2019-09-27T10:51:03","modified_gmt":"2019-09-27T10:51:03","slug":"the-last-tour-panel","status":"publish","type":"event","link":"https:\/\/nordichouse.is\/da\/begivenhed\/the-last-tour-panel\/","title":{"rendered":"The Last Tour + Panel"},"content":{"rendered":"<p>The documentary The Last Tour by \u00d3lafur Sveinsson which is part of RIFF Icelandic Panorama (premiered at B\u00ed\u00f3 Parad\u00eds 28. September) will be screened at the Nordic House 30. september at 17:00. Following that \u00d3lafur and Landvernd will have an open panel discussion on the subject of the film<\/p>\n<p><img decoding=\"async\" class=\"alignnone size-medium wp-image-20970 lazyload\" data-src=\"https:\/\/nordichouse.is\/wp-content\/uploads\/2019\/09\/the-last-tour-640x350.png\" alt=\"\" width=\"640\" height=\"350\" data-srcset=\"https:\/\/nordichouse.is\/wp-content\/uploads\/2019\/09\/the-last-tour-640x350.png 640w, https:\/\/nordichouse.is\/wp-content\/uploads\/2019\/09\/the-last-tour-768x421.png 768w, https:\/\/nordichouse.is\/wp-content\/uploads\/2019\/09\/the-last-tour.png 955w\" data-sizes=\"(max-width: 640px) 100vw, 640px\" src=\"data:image\/svg+xml;base64,PHN2ZyB3aWR0aD0iMSIgaGVpZ2h0PSIxIiB4bWxucz0iaHR0cDovL3d3dy53My5vcmcvMjAwMC9zdmciPjwvc3ZnPg==\" style=\"--smush-placeholder-width: 640px; --smush-placeholder-aspect-ratio: 640\/350;\" \/><\/p>\n<p>We follow a group of travelers on a five-day hiking trip in 2006 around landscape soon to be flooded for the power plant K\u00e1rahnj\u00fakar. We also follow the construction of the power plant. A unique collection of scenes from landscape that used to be the biggest untouched vastness in Europe with magnificent scenery, fertile vegetation, and diverse animal life. In The Nordic House and at L\u00e6kjartorg there will be a photographic exhibition connected to the theme of the film.<\/p>\n<p>The event is free but registration is needed through the link below:<\/p>\n<p><a class=\"button\" href=\"https:\/\/riff.is\/dagskra\/?lang=en\">Tickets<\/a><\/p>\n","protected":false},"excerpt":{"rendered":"<p>The documentary The Last Tour by \u00d3lafur Sveinsson which is part of RIFF Icelandic Panorama (premiered at B\u00ed\u00f3 Parad\u00eds 28. September) will be screened at the Nordic House 30. september at 17:00. Following that \u00d3lafur and Landvernd will have an open panel discussion on the subject of the film We follow a group of travelers [&hellip;]<\/p>\n","protected":false},"featured_media":20686,"template":"","event-categories":[461,85],"class_list":["post-20731","event","type-event","status-publish","has-post-thumbnail","hentry","event-categories-festivaler","event-categories-film","has-banner-image"],"acf":[],"_links":{"self":[{"href":"https:\/\/nordichouse.is\/da\/wp-json\/wp\/v2\/event\/20731","targetHints":{"allow":["GET"]}}],"collection":[{"href":"https:\/\/nordichouse.is\/da\/wp-json\/wp\/v2\/event"}],"about":[{"href":"https:\/\/nordichouse.is\/da\/wp-json\/wp\/v2\/types\/event"}],"wp:featuredmedia":[{"embeddable":true,"href":"https:\/\/nordichouse.is\/da\/wp-json\/wp\/v2\/media\/20686"}],"wp:attachment":[{"href":"https:\/\/nordichouse.is\/da\/wp-json\/wp\/v2\/media?parent=20731"}],"wp:term":[{"taxonomy":"event-categories","embeddable":true,"href":"https:\/\/nordichouse.is\/da\/wp-json\/wp\/v2\/event-categories?post=20731"}],"curies":[{"name":"wp","href":"https:\/\/api.w.org\/{rel}","templated":true}]}}

<p>The documentary The Last Tour by Ólafur Sveinsson which is part of RIFF Icelandic Panorama (premiered at Bíó Paradís 28. September) will be screened at the Nordic House 30. september at 17:00. Following that Ólafur and Landvernd will have an open panel discussion on the subject of the film</p>
<p><img decoding="async" class="alignnone size-medium wp-image-20970 lazyload" data-src="https://nordichouse.is/wp-content/uploads/2019/09/the-last-tour-640x350.png" alt="" width="640" height="350" data-srcset="https://nordichouse.is/wp-content/uploads/2019/09/the-last-tour-640x350.png 640w, https://nordichouse.is/wp-content/uploads/2019/09/the-last-tour-768x421.png 768w, https://nordichouse.is/wp-content/uploads/2019/09/the-last-tour.png 955w" data-sizes="(max-width: 640px) 100vw, 640px" src="data:image/svg+xml;base64,PHN2ZyB3aWR0aD0iMSIgaGVpZ2h0PSIxIiB4bWxucz0iaHR0cDovL3d3dy53My5vcmcvMjAwMC9zdmciPjwvc3ZnPg==" style="--smush-placeholder-width: 640px; --smush-placeholder-aspect-ratio: 640/350;" /></p>
<p>We follow a group of travelers on a five-day hiking trip in 2006 around landscape soon to be flooded for the power plant Kárahnjúkar. We also follow the construction of the power plant. A unique collection of scenes from landscape that used to be the biggest untouched vastness in Europe with magnificent scenery, fertile vegetation, and diverse animal life. In The Nordic House and at Lækjartorg there will be a photographic exhibition connected to the theme of the film.</p>
<p>The event is free but registration is needed through the link below:</p>
<p><a class="button" href="https://riff.is/dagskra/?lang=en">Tickets</a></p>

<p>The documentary The Last Tour by Ólafur Sveinsson which is part of RIFF Icelandic Panorama (premiered at Bíó Paradís 28. September) will be screened at the Nordic House 30. september at 17:00. Following that Ólafur and Landvernd will have an open panel discussion on the subject of the film We follow a group of travelers [&hellip;]</p>
