{"id":19340,"date":"2019-05-13T15:59:02","date_gmt":"2019-05-13T15:59:02","guid":{"rendered":"https:\/\/nordichouse.is\/event\/the-nordic-house-picnic-concerts\/"},"modified":"2019-05-15T16:28:55","modified_gmt":"2019-05-15T16:28:55","slug":"the-nordic-house-picnic-concerts","status":"publish","type":"event","link":"https:\/\/nordichouse.is\/da\/begivenhed\/the-nordic-house-picnic-concerts\/","title":{"rendered":"Nordens Hus Picnic-koncerter"},"content":{"rendered":"<p>Nordens Hus sl\u00e5r glasd\u00f8rene op og inviterer til koncerter under den lysende islandske himmel hver s\u00f8ndag eftermiddag hen over sommeren i det smukke drivhus. Vi pr\u00e6senterer\u00a0 islandske og nordiske kunstnere med musik som b\u00e5de lader sig inspirere af traditioner og eksperimenterer med de nyeste genrer og tendenser.<\/p>\n<p><strong>Alle koncerterne er gratis.\u00a0<\/strong><\/p>\n<h3>Program<strong>\u00a02019<\/strong><\/h3>\n<p><strong>16 juni<\/strong>\u00a0<a href=\"https:\/\/nordichouse.is\/da\/event\/kristian-anttila-pikknikk-tonleikar\/\" target=\"_blank\" rel=\"noopener noreferrer\">Kristian Anttila<\/a> (SE)<br \/>\n<strong>23 juni<\/strong>\u00a0<a href=\"https:\/\/nordichouse.is\/da\/event\/a-band-on-stage-pikknikk-tonleikar\/\" target=\"_blank\" rel=\"noopener noreferrer\">A Band on Stage<\/a><br \/>\n<strong>30 juni<\/strong>\u00a0<a href=\"https:\/\/nordichouse.is\/da\/event\/palsson-hirv-duettinn-pikknikk-tonleikar\/\" target=\"_blank\" rel=\"noopener noreferrer\">P\u00e1lsson Hirv D\u00faettinn<\/a><br \/>\n<strong>7 juli<\/strong>\u00a0<a href=\"https:\/\/nordichouse.is\/da\/event\/myrra-ros-pikknikk-tonleikar\/\" target=\"_blank\" rel=\"noopener noreferrer\">Myrra R\u00f3s<\/a><br \/>\n<strong>14 juli\u00a0<\/strong><a href=\"https:\/\/nordichouse.is\/da\/event\/arni-vilhjalmsson-pikknikk-tonleikar\/\" target=\"_blank\" rel=\"noopener noreferrer\">\u00c1rni Vil<\/a><br \/>\n<strong>21 juli<\/strong>\u00a0<a href=\"https:\/\/nordichouse.is\/da\/event\/omotrack-pikknikk-tonleikar\/\" target=\"_blank\" rel=\"noopener noreferrer\">Omotrack<\/a><br \/>\n<strong>28 juli<\/strong>\u00a0<a href=\"https:\/\/nordichouse.is\/da\/event\/bagdad-brothers-pikknikk-tonleikar\/\" target=\"_blank\" rel=\"noopener noreferrer\">Bagdad Brothers<\/a><br \/>\n<strong>4 augusti<\/strong>\u00a0<a href=\"https:\/\/nordichouse.is\/da\/event\/mill-pikknikk-tonleikar\/\" target=\"_blank\" rel=\"noopener noreferrer\">Mill<\/a> (IS\/SE)<br \/>\n<strong>11 augusti<\/strong>\u00a0<a href=\"https:\/\/nordichouse.is\/da\/event\/elin-harpa-pikknikk-tonleikar\/\" target=\"_blank\" rel=\"noopener noreferrer\">El\u00edn Harpa<\/a><\/p>\n<p><a href=\"https:\/\/nordichouse.is\/wp-content\/uploads\/2018\/02\/image00013.jpg\"><img decoding=\"async\" class=\"alignnone size-medium wp-image-13955 lazyload\" data-src=\"https:\/\/nordichouse.is\/wp-content\/uploads\/2018\/02\/image00013-640x478.jpg\" data-sizes=\"(max-width: 640px) 100vw, 640px\" data-srcset=\"https:\/\/nordichouse.is\/wp-content\/uploads\/2018\/02\/image00013-640x478.jpg 640x, https:\/\/nordichouse.is\/wp-content\/uploads\/2018\/02\/image00013-768x574.jpg 768x, https:\/\/nordichouse.is\/wp-content\/uploads\/2018\/02\/image00013-1220x911.jpg 1220x\" alt=\"\" width=\"640\" height=\"478\" src=\"data:image\/svg+xml;base64,PHN2ZyB3aWR0aD0iMSIgaGVpZ2h0PSIxIiB4bWxucz0iaHR0cDovL3d3dy53My5vcmcvMjAwMC9zdmciPjwvc3ZnPg==\" style=\"--smush-placeholder-width: 640px; --smush-placeholder-aspect-ratio: 640\/478;\" \/><\/a><\/p>\n","protected":false},"excerpt":{"rendered":"<p>Nordens Hus sl\u00e5r glasd\u00f8rene op og inviterer til koncerter under den lysende islandske himmel hver s\u00f8ndag eftermiddag hen over sommeren i det smukke drivhus. Vi pr\u00e6senterer\u00a0 islandske og nordiske kunstnere med musik som b\u00e5de lader sig inspirere af traditioner og eksperimenterer med de nyeste genrer og tendenser. Alle koncerterne er gratis.\u00a0 Program\u00a02019 16 juni\u00a0Kristian Anttila [&hellip;]<\/p>\n","protected":false},"featured_media":19360,"template":"","event-categories":[72],"class_list":["post-19340","event","type-event","status-publish","has-post-thumbnail","hentry","event-categories-koncerter","has-banner-image"],"acf":[],"_links":{"self":[{"href":"https:\/\/nordichouse.is\/da\/wp-json\/wp\/v2\/event\/19340","targetHints":{"allow":["GET"]}}],"collection":[{"href":"https:\/\/nordichouse.is\/da\/wp-json\/wp\/v2\/event"}],"about":[{"href":"https:\/\/nordichouse.is\/da\/wp-json\/wp\/v2\/types\/event"}],"wp:featuredmedia":[{"embeddable":true,"href":"https:\/\/nordichouse.is\/da\/wp-json\/wp\/v2\/media\/19360"}],"wp:attachment":[{"href":"https:\/\/nordichouse.is\/da\/wp-json\/wp\/v2\/media?parent=19340"}],"wp:term":[{"taxonomy":"event-categories","embeddable":true,"href":"https:\/\/nordichouse.is\/da\/wp-json\/wp\/v2\/event-categories?post=19340"}],"curies":[{"name":"wp","href":"https:\/\/api.w.org\/{rel}","templated":true}]}}

<p>Nordens Hus slår glasdørene op og inviterer til koncerter under den lysende islandske himmel hver søndag eftermiddag hen over sommeren i det smukke drivhus. Vi præsenterer  islandske og nordiske kunstnere med musik som både lader sig inspirere af traditioner og eksperimenterer med de nyeste genrer og tendenser.</p>
<p><strong>Alle koncerterne er gratis. </strong></p>
<h3>Program<strong> 2019</strong></h3>
<p><strong>16 juni</strong> <a href="https://nordichouse.is/da/event/kristian-anttila-pikknikk-tonleikar/" target="_blank" rel="noopener noreferrer">Kristian Anttila</a> (SE)<br />
<strong>23 juni</strong> <a href="https://nordichouse.is/da/event/a-band-on-stage-pikknikk-tonleikar/" target="_blank" rel="noopener noreferrer">A Band on Stage</a><br />
<strong>30 juni</strong> <a href="https://nordichouse.is/da/event/palsson-hirv-duettinn-pikknikk-tonleikar/" target="_blank" rel="noopener noreferrer">Pálsson Hirv Dúettinn</a><br />
<strong>7 juli</strong> <a href="https://nordichouse.is/da/event/myrra-ros-pikknikk-tonleikar/" target="_blank" rel="noopener noreferrer">Myrra Rós</a><br />
<strong>14 juli </strong><a href="https://nordichouse.is/da/event/arni-vilhjalmsson-pikknikk-tonleikar/" target="_blank" rel="noopener noreferrer">Árni Vil</a><br />
<strong>21 juli</strong> <a href="https://nordichouse.is/da/event/omotrack-pikknikk-tonleikar/" target="_blank" rel="noopener noreferrer">Omotrack</a><br />
<strong>28 juli</strong> <a href="https://nordichouse.is/da/event/bagdad-brothers-pikknikk-tonleikar/" target="_blank" rel="noopener noreferrer">Bagdad Brothers</a><br />
<strong>4 augusti</strong> <a href="https://nordichouse.is/da/event/mill-pikknikk-tonleikar/" target="_blank" rel="noopener noreferrer">Mill</a> (IS/SE)<br />
<strong>11 augusti</strong> <a href="https://nordichouse.is/da/event/elin-harpa-pikknikk-tonleikar/" target="_blank" rel="noopener noreferrer">Elín Harpa</a></p>
<p><a href="https://nordichouse.is/wp-content/uploads/2018/02/image00013.jpg"><img decoding="async" class="alignnone size-medium wp-image-13955 lazyload" data-src="https://nordichouse.is/wp-content/uploads/2018/02/image00013-640x478.jpg" data-sizes="(max-width: 640px) 100vw, 640px" data-srcset="https://nordichouse.is/wp-content/uploads/2018/02/image00013-640x478.jpg 640x, https://nordichouse.is/wp-content/uploads/2018/02/image00013-768x574.jpg 768x, https://nordichouse.is/wp-content/uploads/2018/02/image00013-1220x911.jpg 1220x" alt="" width="640" height="478" src="data:image/svg+xml;base64,PHN2ZyB3aWR0aD0iMSIgaGVpZ2h0PSIxIiB4bWxucz0iaHR0cDovL3d3dy53My5vcmcvMjAwMC9zdmciPjwvc3ZnPg==" style="--smush-placeholder-width: 640px; --smush-placeholder-aspect-ratio: 640/478;" /></a></p>

<p>Nordens Hus slår glasdørene op og inviterer til koncerter under den lysende islandske himmel hver søndag eftermiddag hen over sommeren i det smukke drivhus. Vi præsenterer  islandske og nordiske kunstnere med musik som både lader sig inspirere af traditioner og eksperimenterer med de nyeste genrer og tendenser. Alle koncerterne er gratis.  Program 2019 16 juni Kristian Anttila [&hellip;]</p>
