{"id":13139,"date":"2017-12-06T11:45:38","date_gmt":"2017-12-06T11:45:38","guid":{"rendered":"https:\/\/nordichouse.is\/event\/jolamynd-jol-furufirdi\/"},"modified":"2017-12-15T10:36:09","modified_gmt":"2017-12-15T10:36:09","slug":"jolamynd-jol-furufirdi","status":"publish","type":"event","link":"https:\/\/nordichouse.is\/da\/begivenhed\/jolamynd-jol-furufirdi\/","title":{"rendered":"Julefilm Jul i Fl\u00e5klypa"},"content":{"rendered":"<h2>V\u00e4lkomna till visningen av\u00a0\u00abJul i Fl\u00e5klypa\u00bb l\u00f6rdagen den 16 desember!<\/h2>\n<p><strong>\u00abJul i Fl\u00e5klypa\u00bb \u00e4r en norsk film som visas med isl\u00e4ndskt tal. Den islandske tittelen er \u00abJ\u00f3l \u00ed Furufir\u00f0i\u00bb, og den har blitt dubbet til islandsk av kjente islandske stemmer. Alle barn og voksne er velkomne og reservasjon er ikke n\u00f8dvendig, det er \u00e5pen for alle s\u00e5 lenge huset rommer.<\/strong><\/p>\n<p>Det n\u00e6rmer seg jul, og Fl\u00e5klypa Tidene-redakt\u00f8r Frimand Pl\u00f8sen har lovet bygda sn\u00f8. N\u00e5r Ludvig \u00f8nsker seg det samme, s\u00e5 er ikke oppfinner Reodor Felgen vanskelig \u00e5 overtale til \u00e5 bygge verdens kraftigste sn\u00f8maskin. Men s\u00e5 forsvinner Reodor, og s\u00e5 forsvinner sn\u00f8maskinen, og da m\u00e5 Solan og Ludvig stelle i stand til jul alene. Hvis de rekker det, etter \u00e5 ha reddet Fl\u00e5klypa fra verdens verste sn\u00f8storm.<br \/>\nFor \u00e5 tukle med naturen. Det er farlig det.<\/p>\n<p>Varighet: 1 t. 16 min \/ Aldersgrense: Tillatt for alle \/ Egnethet: Familie<\/p>\n<p>Velkommen!<\/p>\n<figure id=\"attachment_7711\" aria-describedby=\"caption-attachment-7711\" style=\"width: 448px\" class=\"wp-caption alignnone\"><img decoding=\"async\" class=\"size-full wp-image-7711 lazyload\" data-src=\"https:\/\/nordichouse.is\/wp-content\/uploads\/2016\/11\/Jul_i_Fl\u00e5klypa.jpg\" alt=\"\" width=\"448\" height=\"269\" src=\"data:image\/svg+xml;base64,PHN2ZyB3aWR0aD0iMSIgaGVpZ2h0PSIxIiB4bWxucz0iaHR0cDovL3d3dy53My5vcmcvMjAwMC9zdmciPjwvc3ZnPg==\" style=\"--smush-placeholder-width: 448px; --smush-placeholder-aspect-ratio: 448\/269;\" \/><figcaption id=\"caption-attachment-7711\" class=\"wp-caption-text\"><span style=\"font-size: 16px;\">J\u00f3l \u00ed Furufir\u00f0i &#8211; Lengd: 76 min.<\/span><\/figcaption><\/figure>\n<p>Filmen var en gave fra Oslo til Reykjav\u00edk i 2016.<\/p>\n<p>Fortellerstemme \u2013 Gu\u00f0mundur \u00d3lafsson<br \/>\nS\u00f3lon Gunnarsson \/ Solan \u2013 Hanna Mar\u00eda Karlsd\u00f3ttir<br \/>\nL\u00fa\u00f0v\u00edk (Ludvig) \u2013 Steinn \u00c1rmann Magn\u00fasson<br \/>\nRe\u00f3d\u00f3r Felgan (Reodor Felgen) \u2013 Sigur\u00f0ur Sigurj\u00f3nsson<br \/>\nFr\u00edmann P\u00e1lsson (Frimand Pl\u00f8sen) \u2013 Orri Huginn \u00c1g\u00fastsson<br \/>\nBj\u00f6rgvin Sn\u00e6varr (Melvin Snerken) \u2013 \u00de\u00f3rhallur Sigur\u00f0sson (Laddi)<br \/>\nEldri ma\u00f0ur (eldre mann) \u2013 Gu\u00f0mundur \u00d3lafsson<br \/>\nFr\u00e9ttav\u00e9lmenni (Presserobot) \u2013 Stef\u00e1n Benedikt Vilhelmsson<\/p>\n<p><em>Ekstra:<\/em><br \/>\nSigr\u00ed\u00f0ur Eyr\u00fan Fri\u00f0riksd\u00f3ttir<br \/>\nR\u00f3sa Gu\u00f0n\u00fd \u00de\u00f3rsd\u00f3ttir<br \/>\nStef\u00e1n Benedikt Vilhelmsson<\/p>\n<p><em>Oversetter:<\/em><br \/>\nSteinunn Soff\u00eda Skjenstad<\/p>\n<p><em>Grafiker:<br \/>\n<\/em>\u00cdvar Baldvin J\u00fal\u00edusson<\/p>\n<p><em>Regiss\u00f8r:<\/em><br \/>\nR\u00f3sa Gu\u00f0n\u00fd \u00de\u00f3rsd\u00f3ttir<\/p>\n<p><strong><a href=\"https:\/\/nordichouse.is\/da\/event\/jolahatid-barnanna\/\">H\u00e4r<\/a>\u00a0hittar du hela programmet f\u00f6r Barnens juldag den 16 december, som \u00e4r en del av\u00a0<a href=\"https:\/\/nordichouse.is\/da\/event\/joladagskra-norraena-hussins\/\">Nordens hus julprogram<\/a>\u00a01\/12 \u2013 20\/12.<\/strong><\/p>\n","protected":false},"excerpt":{"rendered":"<p>V\u00e4lkomna till visningen av\u00a0\u00abJul i Fl\u00e5klypa\u00bb l\u00f6rdagen den 16 desember! \u00abJul i Fl\u00e5klypa\u00bb \u00e4r en norsk film som visas med isl\u00e4ndskt tal. Den islandske tittelen er \u00abJ\u00f3l \u00ed Furufir\u00f0i\u00bb, og den har blitt dubbet til islandsk av kjente islandske stemmer. Alle barn og voksne er velkomne og reservasjon er ikke n\u00f8dvendig, det er \u00e5pen for [&hellip;]<\/p>\n","protected":false},"featured_media":8043,"template":"","event-categories":[85,67],"class_list":["post-13139","event","type-event","status-publish","has-post-thumbnail","hentry","event-categories-film","event-categories-for-born","no-banner-image"],"acf":[],"_links":{"self":[{"href":"https:\/\/nordichouse.is\/da\/wp-json\/wp\/v2\/event\/13139","targetHints":{"allow":["GET"]}}],"collection":[{"href":"https:\/\/nordichouse.is\/da\/wp-json\/wp\/v2\/event"}],"about":[{"href":"https:\/\/nordichouse.is\/da\/wp-json\/wp\/v2\/types\/event"}],"wp:featuredmedia":[{"embeddable":true,"href":"https:\/\/nordichouse.is\/da\/wp-json\/wp\/v2\/media\/8043"}],"wp:attachment":[{"href":"https:\/\/nordichouse.is\/da\/wp-json\/wp\/v2\/media?parent=13139"}],"wp:term":[{"taxonomy":"event-categories","embeddable":true,"href":"https:\/\/nordichouse.is\/da\/wp-json\/wp\/v2\/event-categories?post=13139"}],"curies":[{"name":"wp","href":"https:\/\/api.w.org\/{rel}","templated":true}]}}

Julefilm Jul i Flåklypa

<h2>Välkomna till visningen av «Jul i Flåklypa» lördagen den 16 desember!</h2>
<p><strong>«Jul i Flåklypa» är en norsk film som visas med isländskt tal. Den islandske tittelen er «Jól í Furufirði», og den har blitt dubbet til islandsk av kjente islandske stemmer. Alle barn og voksne er velkomne og reservasjon er ikke nødvendig, det er åpen for alle så lenge huset rommer.</strong></p>
<p>Det nærmer seg jul, og Flåklypa Tidene-redaktør Frimand Pløsen har lovet bygda snø. Når Ludvig ønsker seg det samme, så er ikke oppfinner Reodor Felgen vanskelig å overtale til å bygge verdens kraftigste snømaskin. Men så forsvinner Reodor, og så forsvinner snømaskinen, og da må Solan og Ludvig stelle i stand til jul alene. Hvis de rekker det, etter å ha reddet Flåklypa fra verdens verste snøstorm.<br />
For å tukle med naturen. Det er farlig det.</p>
<p>Varighet: 1 t. 16 min / Aldersgrense: Tillatt for alle / Egnethet: Familie</p>
<p>Velkommen!</p>
<figure id="attachment_7711" aria-describedby="caption-attachment-7711" style="width: 448px" class="wp-caption alignnone"><img decoding="async" class="size-full wp-image-7711 lazyload" data-src="https://nordichouse.is/wp-content/uploads/2016/11/Jul_i_Flåklypa.jpg" alt="" width="448" height="269" src="data:image/svg+xml;base64,PHN2ZyB3aWR0aD0iMSIgaGVpZ2h0PSIxIiB4bWxucz0iaHR0cDovL3d3dy53My5vcmcvMjAwMC9zdmciPjwvc3ZnPg==" style="--smush-placeholder-width: 448px; --smush-placeholder-aspect-ratio: 448/269;" /><figcaption id="caption-attachment-7711" class="wp-caption-text"><span style="font-size: 16px;">Jól í Furufirði &#8211; Lengd: 76 min.</span></figcaption></figure>
<p>Filmen var en gave fra Oslo til Reykjavík i 2016.</p>
<p>Fortellerstemme – Guðmundur Ólafsson<br />
Sólon Gunnarsson / Solan – Hanna María Karlsdóttir<br />
Lúðvík (Ludvig) – Steinn Ármann Magnússon<br />
Reódór Felgan (Reodor Felgen) – Sigurður Sigurjónsson<br />
Frímann Pálsson (Frimand Pløsen) – Orri Huginn Ágústsson<br />
Björgvin Snævarr (Melvin Snerken) – Þórhallur Sigurðsson (Laddi)<br />
Eldri maður (eldre mann) – Guðmundur Ólafsson<br />
Fréttavélmenni (Presserobot) – Stefán Benedikt Vilhelmsson</p>
<p><em>Ekstra:</em><br />
Sigríður Eyrún Friðriksdóttir<br />
Rósa Guðný Þórsdóttir<br />
Stefán Benedikt Vilhelmsson</p>
<p><em>Oversetter:</em><br />
Steinunn Soffía Skjenstad</p>
<p><em>Grafiker:<br />
</em>Ívar Baldvin Júlíusson</p>
<p><em>Regissør:</em><br />
Rósa Guðný Þórsdóttir</p>
<p><strong><a href="https://nordichouse.is/da/event/jolahatid-barnanna/">Här</a> hittar du hela programmet för Barnens juldag den 16 december, som är en del av <a href="https://nordichouse.is/da/event/joladagskra-norraena-hussins/">Nordens hus julprogram</a> 1/12 – 20/12.</strong></p>

<p>Välkomna till visningen av «Jul i Flåklypa» lördagen den 16 desember! «Jul i Flåklypa» är en norsk film som visas med isländskt tal. Den islandske tittelen er «Jól í Furufirði», og den har blitt dubbet til islandsk av kjente islandske stemmer. Alle barn og voksne er velkomne og reservasjon er ikke nødvendig, det er åpen for [&hellip;]</p>
