{"id":12847,"date":"2017-11-27T10:33:12","date_gmt":"2017-11-27T10:33:12","guid":{"rendered":"https:\/\/nordichouse.is\/?post_type=event&#038;p=12847"},"modified":"2017-11-29T11:59:33","modified_gmt":"2017-11-29T11:59:33","slug":"vegansk-hoeytidsmat","status":"publish","type":"event","link":"https:\/\/nordichouse.is\/da\/begivenhed\/vegansk-hoeytidsmat\/","title":{"rendered":"Vegansk h\u00f8ytidsmat!"},"content":{"rendered":"<h1>Vegansk h\u00f8ytidsmat!<\/h1>\n<h2>Bli inspirert og f\u00e5 gode tips hvordan du kan lage vegansk jule \u2013 og nytt\u00e5rsmat!\u00a0<span data-ccp-props=\"{&quot;201341983&quot;:0,&quot;335559739&quot;:0,&quot;335559740&quot;:240}\">\u00a0<\/span><\/h2>\n<h3><span data-ccp-props=\"{&quot;201341983&quot;:0,&quot;335559739&quot;:0,&quot;335559740&quot;:240}\">Kveldens vertinne er Gu\u00f0r\u00fan S\u00f3l\u00adey Gests\u00add\u00f3tt\u00adir og matworkshopen blir holdt av Sveinn Kjartansson (AALTO Bistro). En meditation vil bli ledet av Thelma Bjarkar og Systrasamlagi\u00f0. <\/span><\/h3>\n<p>I l\u00f8pet av kvelden vil du f\u00e5 ideer og inspirasjon til retter som kan v\u00e6re en del av en buffe, serveres som tapas eller velkomst rett.\u00a0 Det vil bli b\u00e5de salt og s\u00f8te retter. Selvsagt vil vi ogs\u00e5\u00a0f\u00e5\u00a0smake litt underveis, og du f\u00e5r med deg kveldens oppskrifter hjem.\u00a0<span data-ccp-props=\"{&quot;201341983&quot;:0,&quot;335559739&quot;:0,&quot;335559740&quot;:240}\">\u00a0<\/span><\/p>\n<p>Vi \u00f8nsker alle som er intressert i \u00e5 lage alternativ juleh\u00f8ytids mat og l\u00e6re mer om veganske produkter velkommen!\u00a0<span data-ccp-props=\"{&quot;201341983&quot;:0,&quot;335559739&quot;:0,&quot;335559740&quot;:240}\">\u00a0<\/span><\/p>\n<p>Ingen forkunnskap n\u00f8dvendig og ingen krav om \u00e5 v\u00e6re veganer.\u00a0<span data-ccp-props=\"{&quot;201341983&quot;:0,&quot;335559739&quot;:0,&quot;335559740&quot;:240}\">\u00a0<\/span><\/p>\n<p><span data-ccp-props=\"{&quot;201341983&quot;:0,&quot;335559739&quot;:0,&quot;335559740&quot;:240}\">\u00a0<\/span><strong>Aftens spr\u00e5k blir islandsk.\u00a0\u00a0<\/strong><\/p>\n<p><strong>Registeringsavgift 2000 ISK og <\/strong><a href=\"https:\/\/tix.is\/en\/event\/5371\/vegan-holiday-food-\/\"><strong>booking via TIX<\/strong><\/a><strong>, begrenset med plasser.\u00a0\u00a0<\/strong><\/p>\n<p><a href=\"https:\/\/nordichouse.is\/da\/event\/joladagskra-norraena-hussins\/\"><strong>H\u00e4r<\/strong><\/a> hittar du hela <strong>julprogrammet i Nordens hus<\/strong> den 1 &#8211; 20 december 2017. V\u00e4lkomna!<\/p>\n<p>&nbsp;<\/p>\n<p><img decoding=\"async\" class=\"alignnone size-full wp-image-12855 lazyload\" data-src=\"https:\/\/nordichouse.is\/wp-content\/uploads\/2017\/11\/10-11-12veganlogo-systrasamlagid.jpg\" alt=\"\" width=\"268\" height=\"254\" src=\"data:image\/svg+xml;base64,PHN2ZyB3aWR0aD0iMSIgaGVpZ2h0PSIxIiB4bWxucz0iaHR0cDovL3d3dy53My5vcmcvMjAwMC9zdmciPjwvc3ZnPg==\" style=\"--smush-placeholder-width: 268px; --smush-placeholder-aspect-ratio: 268\/254;\" \/> <img decoding=\"async\" class=\"alignnone size-full wp-image-12858 lazyload\" data-src=\"https:\/\/nordichouse.is\/wp-content\/uploads\/2017\/11\/10-11-12veganlogo1.jpg\" alt=\"\" width=\"588\" height=\"201\" src=\"data:image\/svg+xml;base64,PHN2ZyB3aWR0aD0iMSIgaGVpZ2h0PSIxIiB4bWxucz0iaHR0cDovL3d3dy53My5vcmcvMjAwMC9zdmciPjwvc3ZnPg==\" style=\"--smush-placeholder-width: 588px; --smush-placeholder-aspect-ratio: 588\/201;\" \/> <img decoding=\"async\" class=\"alignnone wp-image-12861 lazyload\" data-src=\"https:\/\/nordichouse.is\/wp-content\/uploads\/2017\/11\/aalto-bistro.png\" alt=\"\" width=\"390\" height=\"211\" src=\"data:image\/svg+xml;base64,PHN2ZyB3aWR0aD0iMSIgaGVpZ2h0PSIxIiB4bWxucz0iaHR0cDovL3d3dy53My5vcmcvMjAwMC9zdmciPjwvc3ZnPg==\" style=\"--smush-placeholder-width: 390px; --smush-placeholder-aspect-ratio: 390\/211;\" \/><\/p>\n","protected":false},"excerpt":{"rendered":"<p>Vegansk h\u00f8ytidsmat! Bli inspirert og f\u00e5 gode tips hvordan du kan lage vegansk jule \u2013 og nytt\u00e5rsmat!\u00a0\u00a0 Kveldens vertinne er Gu\u00f0r\u00fan S\u00f3l\u00adey Gests\u00add\u00f3tt\u00adir og matworkshopen blir holdt av Sveinn Kjartansson (AALTO Bistro). En meditation vil bli ledet av Thelma Bjarkar og Systrasamlagi\u00f0. I l\u00f8pet av kvelden vil du f\u00e5 ideer og inspirasjon til retter som [&hellip;]<\/p>\n","protected":false},"featured_media":12848,"template":"","event-categories":[69],"class_list":["post-12847","event","type-event","status-publish","has-post-thumbnail","hentry","event-categories-konferencer","has-banner-image"],"acf":[],"_links":{"self":[{"href":"https:\/\/nordichouse.is\/da\/wp-json\/wp\/v2\/event\/12847","targetHints":{"allow":["GET"]}}],"collection":[{"href":"https:\/\/nordichouse.is\/da\/wp-json\/wp\/v2\/event"}],"about":[{"href":"https:\/\/nordichouse.is\/da\/wp-json\/wp\/v2\/types\/event"}],"wp:featuredmedia":[{"embeddable":true,"href":"https:\/\/nordichouse.is\/da\/wp-json\/wp\/v2\/media\/12848"}],"wp:attachment":[{"href":"https:\/\/nordichouse.is\/da\/wp-json\/wp\/v2\/media?parent=12847"}],"wp:term":[{"taxonomy":"event-categories","embeddable":true,"href":"https:\/\/nordichouse.is\/da\/wp-json\/wp\/v2\/event-categories?post=12847"}],"curies":[{"name":"wp","href":"https:\/\/api.w.org\/{rel}","templated":true}]}}

Vegansk høytidsmat!

<h1>Vegansk høytidsmat!</h1>
<h2>Bli inspirert og få gode tips hvordan du kan lage vegansk jule – og nyttårsmat! <span data-ccp-props="{&quot;201341983&quot;:0,&quot;335559739&quot;:0,&quot;335559740&quot;:240}"> </span></h2>
<h3><span data-ccp-props="{&quot;201341983&quot;:0,&quot;335559739&quot;:0,&quot;335559740&quot;:240}">Kveldens vertinne er Guðrún Sól­ey Gests­dótt­ir og matworkshopen blir holdt av Sveinn Kjartansson (AALTO Bistro). En meditation vil bli ledet av Thelma Bjarkar og Systrasamlagið. </span></h3>
<p>I løpet av kvelden vil du få ideer og inspirasjon til retter som kan være en del av en buffe, serveres som tapas eller velkomst rett.  Det vil bli både salt og søte retter. Selvsagt vil vi også få smake litt underveis, og du får med deg kveldens oppskrifter hjem. <span data-ccp-props="{&quot;201341983&quot;:0,&quot;335559739&quot;:0,&quot;335559740&quot;:240}"> </span></p>
<p>Vi ønsker alle som er intressert i å lage alternativ julehøytids mat og lære mer om veganske produkter velkommen! <span data-ccp-props="{&quot;201341983&quot;:0,&quot;335559739&quot;:0,&quot;335559740&quot;:240}"> </span></p>
<p>Ingen forkunnskap nødvendig og ingen krav om å være veganer. <span data-ccp-props="{&quot;201341983&quot;:0,&quot;335559739&quot;:0,&quot;335559740&quot;:240}"> </span></p>
<p><span data-ccp-props="{&quot;201341983&quot;:0,&quot;335559739&quot;:0,&quot;335559740&quot;:240}"> </span><strong>Aftens språk blir islandsk.  </strong></p>
<p><strong>Registeringsavgift 2000 ISK og </strong><a href="https://tix.is/en/event/5371/vegan-holiday-food-/"><strong>booking via TIX</strong></a><strong>, begrenset med plasser.  </strong></p>
<p><a href="https://nordichouse.is/da/event/joladagskra-norraena-hussins/"><strong>Här</strong></a> hittar du hela <strong>julprogrammet i Nordens hus</strong> den 1 &#8211; 20 december 2017. Välkomna!</p>
<p>&nbsp;</p>
<p><img decoding="async" class="alignnone size-full wp-image-12855 lazyload" data-src="https://nordichouse.is/wp-content/uploads/2017/11/10-11-12veganlogo-systrasamlagid.jpg" alt="" width="268" height="254" src="data:image/svg+xml;base64,PHN2ZyB3aWR0aD0iMSIgaGVpZ2h0PSIxIiB4bWxucz0iaHR0cDovL3d3dy53My5vcmcvMjAwMC9zdmciPjwvc3ZnPg==" style="--smush-placeholder-width: 268px; --smush-placeholder-aspect-ratio: 268/254;" /> <img decoding="async" class="alignnone size-full wp-image-12858 lazyload" data-src="https://nordichouse.is/wp-content/uploads/2017/11/10-11-12veganlogo1.jpg" alt="" width="588" height="201" src="data:image/svg+xml;base64,PHN2ZyB3aWR0aD0iMSIgaGVpZ2h0PSIxIiB4bWxucz0iaHR0cDovL3d3dy53My5vcmcvMjAwMC9zdmciPjwvc3ZnPg==" style="--smush-placeholder-width: 588px; --smush-placeholder-aspect-ratio: 588/201;" /> <img decoding="async" class="alignnone wp-image-12861 lazyload" data-src="https://nordichouse.is/wp-content/uploads/2017/11/aalto-bistro.png" alt="" width="390" height="211" src="data:image/svg+xml;base64,PHN2ZyB3aWR0aD0iMSIgaGVpZ2h0PSIxIiB4bWxucz0iaHR0cDovL3d3dy53My5vcmcvMjAwMC9zdmciPjwvc3ZnPg==" style="--smush-placeholder-width: 390px; --smush-placeholder-aspect-ratio: 390/211;" /></p>

<p>Vegansk høytidsmat! Bli inspirert og få gode tips hvordan du kan lage vegansk jule – og nyttårsmat!   Kveldens vertinne er Guðrún Sól­ey Gests­dótt­ir og matworkshopen blir holdt av Sveinn Kjartansson (AALTO Bistro). En meditation vil bli ledet av Thelma Bjarkar og Systrasamlagið. I løpet av kvelden vil du få ideer og inspirasjon til retter som [&hellip;]</p>
